{"id":546,"date":"2024-04-03T23:39:58","date_gmt":"2024-04-03T20:39:58","guid":{"rendered":"https:\/\/sisu.ut.ee\/ewod\/peeterjakobson\/"},"modified":"2024-04-04T00:09:47","modified_gmt":"2024-04-03T21:09:47","slug":"peeterjakobson","status":"publish","type":"page","link":"https:\/\/sisu.ut.ee\/ewod\/j\/peeterjakobson\/","title":{"rendered":"Peeter Jakobson"},"content":{"rendered":"<p>\n\t<a href=\"https:\/\/sisu.ut.ee\/ewod\/j\/peeterjakobson\/poems\"><strong><span style=\"font-family: verdana, geneva;font-size: medium\">Poems<\/span><\/strong><\/a><strong><span style=\"font-family: verdana, geneva;font-size: medium\"> <a href=\"https:\/\/sisu.ut.ee\/wp-content\/uploads\/sites\/108\/peeter_jakobson.jpg\" target=\"_self\" rel=\"noopener\"><img decoding=\"async\" alt=\"Peeter Jakobson\" src=\"https:\/\/sisu.ut.ee\/wp-content\/uploads\/sites\/108\/peeter_jakobson.jpg\" style=\"float: right;width: 200px;height: 321px\"><\/a><\/span><\/strong>\n<\/p>\n<p>\u00a0\n<\/p>\n<p>\n\t<br><span style=\"color:#000000\"><span style=\"font-size:13px\"><span style=\"font-family:Verdana,Geneva,sans-serif\">Peeter Jakobson (27\/15 December 1854 \u2013 23\/11 July 1899) was a poet and playwright.<\/span><\/span><\/span>\n<\/p>\n<p>\n\t<span style=\"color:#000000\"><span style=\"font-size:13px\"><span style=\"font-family:Verdana,Geneva,sans-serif\">Jakobson was born in Rakvere as the son of a shoemaker. He attended the Russian church school and the school for the poor. From 1875\u20131879, Jakobson served in the Russian army, from 1877, as a non-commissioned officer in the Russian-Turkish War on the Balkan Peninsula. In 1879, he was released from service because of illness and started working as a shoemaker in Rakvere, from 1884 at V\u00e4ike-Maarja where he later founded a bookshop. Thereafter, he worked as a parish clerk at P\u00f5drangu and Koonu-\u00c4rina and in the 1890s as a photographer at V\u00e4ike-Maarja.<\/span><\/span><\/span>\n<\/p>\n<p>\n\t<span style=\"color:#000000\"><span style=\"font-size:13px\"><span style=\"font-family:Verdana,Geneva,sans-serif\">Along with Kaarel Krimm and Jakob Liiv, Peeter Jakobson was a member of the \u201cV\u00e4ike-Maarja Literary Parnassus\u201d and participated in the activities of cultural societies. He published three volumes of poetry in Estonian and a selection in German, <em>Die Hirtenfl\u00f6te aus dem estnischen Blumenthal<\/em> (\u2018The Shepherd Flute from the Estonian Valley of Flowers\u2019, 1895) which contains his translations of his own and his contemporaries\u2019 poetry into German. In 1886\u20131899, he published nearly 300 poems in the newspapers <em>Postimees, Valgus, Virulane<\/em> and <em>Sakala<\/em>.<\/span><\/span><\/span>\n<\/p>\n<p>\n\t<span style=\"color:#000000\"><span style=\"font-size:13px\"><span style=\"font-family:Verdana,Geneva,sans-serif\">The themes of Jakobson\u2019s poems are unpretentious, and the manner of presentation is simple and sincere. The author has put his war experiences into poetry. Along with romantic tones, his later poetry includes realist elements. Jakobson has written a few poems for children, the best-known of them is <em>Vastla laul<\/em> (\u2018Shrove Tuesday Song\u2019).<\/span><\/span><\/span>\n<\/p>\n<p>\n\t<span style=\"color:#000000\"><span style=\"font-size:13px\"><span style=\"font-family:Verdana,Geneva,sans-serif\">Peeter Jakobson has written two sentimental plays with pseudomythological characters: <em>Koit ja H\u00e4marik<\/em> (\u2018Dawn and Sunset\u2019) and <em>Udum\u00e4e kuningas ehk kroonitud woorus<\/em> (\u2018Fog Hill King or Crowned Virtue\u2019). These plays achieved popularity on stage and had an impact on Estonian literature. Jakobson also wrote village comedies on temperance themes <em>Kustas kosib Mihklit<\/em> (\u2018Kustas is Wooing Mihkel\u2019) and <em>Kihlakaart ehk suured sekeldused<\/em> (\u2018Engagement Card or Great Confusion\u2019), the psychological drama <em>Pettuse ohvrid<\/em> (\u2018Victims of Deceit\u2019) and a few short plays.<\/span><\/span><\/span>\n<\/p>\n<p>\n\t<span style=\"color:#000000\"><span style=\"font-size:13px\"><span style=\"font-family:Verdana,Geneva,sans-serif\">He has published short prose about the Balkan countries and everyday scenes about life in the homeland. Peeter Jakobson\u2019s memoirs <em>Minu s\u00f5jam\u00e4lestused<\/em> (\u2018My War Memories\u2019) appeared posthumously in 1901.<\/span><\/span><\/span>\n<\/p>\n<p>\n\t<span style=\"color:#000000\"><span style=\"font-size:13px\"><span style=\"font-family:Verdana,Geneva,sans-serif\">Jakobson has compiled a history book for schools, <em>Ajalugu Eesti alamatele koolidele<\/em> (\u2018History for Lower Estonian Schools\u2019) and manuals of manners for young people. He has translated German literature into Estonian, including Friedrich Schiller\u2019s play <em>Salakavalus ja armastus<\/em> (\u2018Intrigue and Love\u2019, Ger <em>Kabale und Liebe<\/em>).<\/span><\/span><\/span>\n<\/p>\n<p>\n\t<em><span style=\"color:#000000\"><span style=\"font-size:13px\"><span style=\"font-family:Verdana,Geneva,sans-serif\">L. P. (Translated by I. A.)<\/span><\/span><\/span><\/em><\/p>\n<p>\u00a0\n<\/p>\n<p>\n\t<strong><span style=\"font-size:16px\"><span style=\"color:#000000\"><span style=\"font-family:Verdana,Geneva,sans-serif\">Books in Estonian<\/span><\/span><\/span><\/strong>\n<\/p>\n<p>\n\t<span style=\"color:#000000\"><span style=\"font-size:13px\"><span style=\"font-family:Verdana,Geneva,sans-serif\"><strong><em>Poetry<\/em><\/strong><br><strong>\u00d5ilme nupukesed: Laulud noore rahwalle<\/strong>. Rakvere: G. Kuhs, 1881. 48 lk.<br><strong>P. Jakobson\u2019i Luuletused. Esimene anne<\/strong>. Rakwere: G. Kuhs, 1884. 46 lk.<br><strong>P. Jakobson\u2019i Luuletused. Teine anne<\/strong>. Rakwere: G. Kuhs, 1885. 63 lk.<\/span><\/span><\/span>\n<\/p>\n<p>\n\t<span style=\"color:#000000\"><span style=\"font-size:13px\"><span style=\"font-family:Verdana,Geneva,sans-serif\"><strong><em>Plays<\/em><\/strong><br><strong>Koit ja H\u00e4marik<\/strong>: Rahwaluulelik n\u00e4item\u00e4ng kahes pildis. Rakvere: G. Kuhs, 1884. 16 lk.<br><strong>Udum\u00e4e kuningas ehk kroonitud woorus<\/strong>: N\u00e4itelaul neljas j\u00e4rgus. Tartu: Eesti Kirjameeste Selts, 1888. 113 lk.<br><strong>Kustas kosib Mihklit<\/strong>: Naljam\u00e4ng kolmes j\u00e4rgus. Viljandi: A. Peet, 1895. 31 lk.<br><strong>Pettuse ohwrid<\/strong>: Kurbm\u00e4ng neljas j\u00e4rgus. Jurjev: K. A. Hermann, 1897. 99 lk.<br><strong>Kihlakaart, ehk, Suured sekeldused<\/strong>: Naljam\u00e4ng kahes j\u00e4rgus. Jurjew: M. Vares, 1899. 43 lk.<br><strong>Karuk\u00fctt<\/strong>: N\u00e4item\u00e4ng \u00fches j\u00e4rgus, kahes muutuses. Jurjew: E. J. \u00d5unapuu, 1900. 30 lk.<\/span><\/span><\/span>\n<\/p>\n<p>\n\t<span style=\"color:#000000\"><span style=\"font-size:13px\"><span style=\"font-family:Verdana,Geneva,sans-serif\"><strong><em>Stories<\/em><\/strong><br><strong>\u00d6\u00f6wahi t\u00fctar<\/strong>. Tallinn: A. E. Brandt, 1882. 88 lk.<br><strong>Ta on tulnud!<\/strong>. Jurjev: Uus Aeg, 1899. 56 lk.<\/span><\/span><\/span>\n<\/p>\n<p>\n\t<span style=\"color:#000000\"><span style=\"font-size:13px\"><span style=\"font-family:Verdana,Geneva,sans-serif\"><strong><em>Memoirs<\/em><\/strong><br><strong>Minu s\u00f5jam\u00e4lestused<\/strong>. Tallinn: G. Pihlaka rmtkpl., 1901. 44 lk. [Vene-T\u00fcrgi s\u00f5jast 1877\u20131878.]<\/span><\/span><\/span>\n<\/p>\n<p>\n\t<span style=\"color:#000000\"><span style=\"font-size:13px\"><span style=\"font-family:Verdana,Geneva,sans-serif\"><strong><em>Miscellaneous<\/em><\/strong><br><strong>Kirjakirjutaja ehk juhatus, kuidawiisi tuleb mitmesugusi kirjasi, kontrahtisi, kwitungisi, w\u00f5la- ja wolikirjasi, testamentisi, wekslisi ja rehnungisi kirjutada<\/strong>. Rakvere: G. Kuhs, 1883. 123 lk. \u00a0<br><strong>M\u00f5istlik seltsiline: Noore rahwalle \u00f5petlikuks ajawiiteks ja juhatuseks seltsilikus elus<\/strong>. Rakvere: G. Kuhs, 1883. 63 lk.<br><strong>Mitmesugused armastuse kirjad ja wastused: Juhatus noore rahwalle armastuse ja kosja asjus<\/strong>. Rakvere: G. Kuhs, 1884. 44 lk.<br><strong>Ajalugu Eesti alamatele koolidelle<\/strong>. Rakvere: G. Kuhs, 1885. 126 lk.<\/span><\/span><\/span><br>\u00a0\n<\/p>\n<p>\n\t<strong><span style=\"font-size:16px\"><span style=\"color:#000000\"><span style=\"font-family:Verdana,Geneva,sans-serif\">Books in German<\/span><\/span><\/span><\/strong>\n<\/p>\n<p>\n\t<span style=\"color:#000000\"><span style=\"font-size:13px\"><span style=\"font-family:Verdana,Geneva,sans-serif\"><strong><em>Poetry<\/em><\/strong><br><strong>Die Hirtenfl\u00f6te aus dem estnischen Blumenthal<\/strong>: Gedichte: Aus dem Estnischen \u00fcbersetzt P. Jakobson. Wesenberg, 1895. 95 lk.<\/span><\/span><\/span>\n<\/p>\n<p>\n\t\u00a0<\/p>\n","protected":false},"excerpt":{"rendered":"<p>Poems \u00a0 Peeter Jakobson (27\/15 December 1854 \u2013 23\/11 July 1899) was a poet and playwright. Jakobson was born in Rakvere as the son of a shoemaker. He attended the Russian church school and the school for the poor. From &#8230;<\/p>\n","protected":false},"author":43,"featured_media":0,"parent":620,"menu_order":0,"comment_status":"closed","ping_status":"closed","template":"","meta":{"_acf_changed":false,"inline_featured_image":false,"footnotes":""},"class_list":["post-546","page","type-page","status-publish","hentry"],"acf":[],"_links":{"self":[{"href":"https:\/\/sisu.ut.ee\/ewod\/wp-json\/wp\/v2\/pages\/546","targetHints":{"allow":["GET"]}}],"collection":[{"href":"https:\/\/sisu.ut.ee\/ewod\/wp-json\/wp\/v2\/pages"}],"about":[{"href":"https:\/\/sisu.ut.ee\/ewod\/wp-json\/wp\/v2\/types\/page"}],"author":[{"embeddable":true,"href":"https:\/\/sisu.ut.ee\/ewod\/wp-json\/wp\/v2\/users\/43"}],"replies":[{"embeddable":true,"href":"https:\/\/sisu.ut.ee\/ewod\/wp-json\/wp\/v2\/comments?post=546"}],"version-history":[{"count":1,"href":"https:\/\/sisu.ut.ee\/ewod\/wp-json\/wp\/v2\/pages\/546\/revisions"}],"predecessor-version":[{"id":4539,"href":"https:\/\/sisu.ut.ee\/ewod\/wp-json\/wp\/v2\/pages\/546\/revisions\/4539"}],"up":[{"embeddable":true,"href":"https:\/\/sisu.ut.ee\/ewod\/wp-json\/wp\/v2\/pages\/620"}],"wp:attachment":[{"href":"https:\/\/sisu.ut.ee\/ewod\/wp-json\/wp\/v2\/media?parent=546"}],"curies":[{"name":"wp","href":"https:\/\/api.w.org\/{rel}","templated":true}]}}