{"id":481,"date":"2024-04-03T23:39:53","date_gmt":"2024-04-03T20:39:53","guid":{"rendered":"https:\/\/sisu.ut.ee\/ewod\/nippernaati3\/"},"modified":"2024-04-04T00:09:56","modified_gmt":"2024-04-03T21:09:56","slug":"nippernaati3","status":"publish","type":"page","link":"https:\/\/sisu.ut.ee\/ewod\/anthologies\/finnish\/nippernaati3\/","title":{"rendered":"Nippernaati 3"},"content":{"rendered":"<p><strong><span style=\"font-family: verdana, geneva\" data-mce-mark=\"1\">Nippernaati: virolaisen kirjallisuuden antologia, no 3. P\u00e4\u00e4toimittaja Sanna Immanen. Helsinki: Viro-instituutti, 2017, 152 pp.<\/span><\/strong><\/p>\n<p><span style=\"font-family: verdana, geneva\" data-mce-mark=\"1\"><strong>Contents<\/strong>:<\/span><\/p>\n<p><span style=\"font-family: verdana, geneva\">Olavi Ruitlane, <strong>Katkelma romaanista Vee peal<\/strong>. Suomentanut Arja Korhonen. [Excerpt from the novel \u2018Vee peal\u2019.]<br>Piret Jaaks, <strong>Koolibrin lento<\/strong>. Suomentanut Annamari Typp\u00f6. [\u2018Koolibri lend\u2019.]<br>Piret Jaaks, <strong>Ripitt\u00e4ytyminen<\/strong>. <span style=\"font-family: verdana, geneva\">Suomentanut Annamari Typp\u00f6. <\/span>[\u2018Pihtimus\u2019.]<br><\/span><span style=\"font-family: verdana, geneva\">Mihkel Mutt, <strong>Katkelma romaanista Eesti \u00fcmberl\u00f5ikaja<\/strong>. Suomentanut Raija H\u00e4m\u00e4l\u00e4inen. <span style=\"font-family: verdana, geneva\">[Excerpt from the novel \u2018<span style=\"font-family: verdana, geneva\">Eesti \u00fcmberl\u00f5ikaja<\/span>\u2018.]<\/span><br>Mart Kangur, <strong>Runoja<\/strong>. Suomentanut Heidi Iivari.<br>Veronika Kivisilla, <strong>Runoja<\/strong>. <span style=\"font-family: verdana, geneva\">Suomentanut Raija H\u00e4m\u00e4l\u00e4inen.<\/span><br>Jaan Pehk, <strong>Runoja<\/strong>. Suomentanut Merja Aho.<br>Eda Ahi, <strong>Runoja<\/strong>. Suomentanut Anna Kyr\u00f6.<br>Tiina Laanem, <strong>Katkelma romaanista Pildilt kukkujad<\/strong>. Suomentanut Varja Arola. [Excerpt from the novel \u2018Pildilt kukkujad\u2019.]<br>Sven Vabar, <strong>Katutaiteilijat<\/strong>. Suomentanut Anniina Ljokkoi. [\u2018T\u00e4navakunstnikud\u2019.]<br>Valdur Mikita, <strong>Katkelma teoksesta Lindvistika<\/strong>. Suomentanut Hanna Pippuri. [Excerpt from the book \u2018Lindvistika\u2019.]<\/span><\/p>\n","protected":false},"excerpt":{"rendered":"<p>Nippernaati: virolaisen kirjallisuuden antologia, no 3. P\u00e4\u00e4toimittaja Sanna Immanen. Helsinki: Viro-instituutti, 2017, 152 pp. Contents: Olavi Ruitlane, Katkelma romaanista Vee peal. Suomentanut Arja Korhonen. [Excerpt from the novel \u2018Vee peal\u2019.]Piret Jaaks, Koolibrin lento. Suomentanut Annamari Typp\u00f6. [\u2018Koolibri lend\u2019.]Piret Jaaks, Ripitt\u00e4ytyminen. &#8230;<\/p>\n","protected":false},"author":43,"featured_media":0,"parent":924,"menu_order":0,"comment_status":"closed","ping_status":"closed","template":"","meta":{"_acf_changed":false,"inline_featured_image":false,"footnotes":""},"class_list":["post-481","page","type-page","status-publish","hentry"],"acf":[],"_links":{"self":[{"href":"https:\/\/sisu.ut.ee\/ewod\/wp-json\/wp\/v2\/pages\/481","targetHints":{"allow":["GET"]}}],"collection":[{"href":"https:\/\/sisu.ut.ee\/ewod\/wp-json\/wp\/v2\/pages"}],"about":[{"href":"https:\/\/sisu.ut.ee\/ewod\/wp-json\/wp\/v2\/types\/page"}],"author":[{"embeddable":true,"href":"https:\/\/sisu.ut.ee\/ewod\/wp-json\/wp\/v2\/users\/43"}],"replies":[{"embeddable":true,"href":"https:\/\/sisu.ut.ee\/ewod\/wp-json\/wp\/v2\/comments?post=481"}],"version-history":[{"count":1,"href":"https:\/\/sisu.ut.ee\/ewod\/wp-json\/wp\/v2\/pages\/481\/revisions"}],"predecessor-version":[{"id":4594,"href":"https:\/\/sisu.ut.ee\/ewod\/wp-json\/wp\/v2\/pages\/481\/revisions\/4594"}],"up":[{"embeddable":true,"href":"https:\/\/sisu.ut.ee\/ewod\/wp-json\/wp\/v2\/pages\/924"}],"wp:attachment":[{"href":"https:\/\/sisu.ut.ee\/ewod\/wp-json\/wp\/v2\/media?parent=481"}],"curies":[{"name":"wp","href":"https:\/\/api.w.org\/{rel}","templated":true}]}}