{"id":465,"date":"2024-04-03T23:39:52","date_gmt":"2024-04-03T20:39:52","guid":{"rendered":"https:\/\/sisu.ut.ee\/ewod\/about-et-51\/"},"modified":"2024-04-04T00:09:57","modified_gmt":"2024-04-03T21:09:57","slug":"about","status":"publish","type":"page","link":"https:\/\/sisu.ut.ee\/ewod\/s\/siig\/about\/","title":{"rendered":"Arvi Siig &#8211; about"},"content":{"rendered":"<p><span style=\"font-size: medium\"><strong><span style=\"font-family: verdana, geneva\">Articles<\/span><\/strong><\/span><\/p>\n<p><em><strong><span style=\"font-family: verdana, geneva\">Hungarian<\/span><\/strong><\/em><br><span style=\"font-family: verdana, geneva\">Rimma Kazakova, <strong>T\u00e1vh\u00edv\u00e1s<\/strong>. \u2013 Szovjet Irodalom, no 11, 1984. <\/span><br><span style=\"font-family: verdana, geneva\">Tandori Dezs\u0151, <strong>Nemcsak az \u00e9vsz\u00e1m k\u00f6z\u00f6s<\/strong>. \u2012 Szovjet Irodalom, no 11, 1984.<\/span><\/p>\n","protected":false},"excerpt":{"rendered":"<p>Articles HungarianRimma Kazakova, T\u00e1vh\u00edv\u00e1s. \u2013 Szovjet Irodalom, no 11, 1984. Tandori Dezs\u0151, Nemcsak az \u00e9vsz\u00e1m k\u00f6z\u00f6s. \u2012 Szovjet Irodalom, no 11, 1984.<\/p>\n","protected":false},"author":43,"featured_media":0,"parent":556,"menu_order":0,"comment_status":"closed","ping_status":"closed","template":"","meta":{"_acf_changed":false,"inline_featured_image":false,"footnotes":""},"class_list":["post-465","page","type-page","status-publish","hentry"],"acf":[],"_links":{"self":[{"href":"https:\/\/sisu.ut.ee\/ewod\/wp-json\/wp\/v2\/pages\/465","targetHints":{"allow":["GET"]}}],"collection":[{"href":"https:\/\/sisu.ut.ee\/ewod\/wp-json\/wp\/v2\/pages"}],"about":[{"href":"https:\/\/sisu.ut.ee\/ewod\/wp-json\/wp\/v2\/types\/page"}],"author":[{"embeddable":true,"href":"https:\/\/sisu.ut.ee\/ewod\/wp-json\/wp\/v2\/users\/43"}],"replies":[{"embeddable":true,"href":"https:\/\/sisu.ut.ee\/ewod\/wp-json\/wp\/v2\/comments?post=465"}],"version-history":[{"count":1,"href":"https:\/\/sisu.ut.ee\/ewod\/wp-json\/wp\/v2\/pages\/465\/revisions"}],"predecessor-version":[{"id":4603,"href":"https:\/\/sisu.ut.ee\/ewod\/wp-json\/wp\/v2\/pages\/465\/revisions\/4603"}],"up":[{"embeddable":true,"href":"https:\/\/sisu.ut.ee\/ewod\/wp-json\/wp\/v2\/pages\/556"}],"wp:attachment":[{"href":"https:\/\/sisu.ut.ee\/ewod\/wp-json\/wp\/v2\/media?parent=465"}],"curies":[{"name":"wp","href":"https:\/\/api.w.org\/{rel}","templated":true}]}}