{"id":43,"date":"2024-04-03T23:39:17","date_gmt":"2024-04-03T20:39:17","guid":{"rendered":"https:\/\/sisu.ut.ee\/ewod\/about-et-3\/"},"modified":"2024-04-04T00:11:10","modified_gmt":"2024-04-03T21:11:10","slug":"about","status":"publish","type":"page","link":"https:\/\/sisu.ut.ee\/ewod\/oe\/onnepalu\/about\/","title":{"rendered":"T\u00f5nu \u00d5nnepalu &#8211; about"},"content":{"rendered":"<p>\n\t<span style=\"font-family:Verdana,Geneva,sans-serif\"><span style=\"font-size: medium\"><strong>Articles<\/strong><\/span><\/span>\n<\/p>\n<p>\n\t<span style=\"font-family:Verdana,Geneva,sans-serif\"><strong><em>English<\/em><\/strong><br>Piret Viires,<strong>\u00a0<a href=\"http:\/\/www.ceeol.com\/aspx\/getdocument.aspx?logid=5&amp;id=5912ad98-52c7-4467-bb54-e168f0ab7f18\">End of Irony? Estonian Literature after Postmodernism<\/a><\/strong>.\u00a0Interlitteraria, vol 16, no 2, 2011, pp 451-463.<br>Tiina Kirss,\u00a0<a href=\"http:\/\/elm.estinst.ee\/issue\/30\/estonian-landscapes-and-mindscapes\/\"><strong>Estonian Landscapes and Mindscapes<\/strong><\/a>. \u2013 Estonian Literary Magazine, no 30, 2010. [About landscapes in \u2018Paradiis\u2019, A. H. Tammsaare\u2019s \u2018Truth and Justice\u2019 and Mats Traat\u2019s \u2018Minge \u00fcles m\u00e4gedele I\u2019.]<br>Eneken Laanes,\u00a0<strong>Unresolved Dialogues: Subjectivity and Memory in Post-Soviet Estonian Novel<\/strong>. Summary in English. \u2013\u00a0Lepitamatud dialoogid: subjekt ja m\u00e4lu n\u00f5ukogudej\u00e4rgses eesti romaanis. Tallinn: Underi ja Tuglase Kirjanduskeskus, 2009, pp 316-323. [Summary of the monograph discussing three Estonian novels: \u2018Ahasueruse uni\u2019 by Ene Mihkelson, \u2018Piiririik\u2019 (\u2018Border State\u2019) by Emil Tode and \u2018Paigallend\u2019 by Jaan Kross.]<br>Eneken Laanes, <a href=\"http:\/\/www.ceeol.com\/aspx\/getdocument.aspx?logid=5&amp;id=15dd0ed4-9de2-4662-a9c8-ae3f7cbcb6e0\"><strong>The Language of Things: A Search for a New Subjectivity in the Texts by Italo Calvino and T\u00f5nu \u00d5nnepalu<\/strong><\/a>.\u00a0Interlitteraria, vol 9, 2004, pp 84-100.\u00a0<br>Kadri T\u00fc\u00fcr, <a href=\"http:\/\/www.ceeol.com\/aspx\/getdocument.aspx?logid=5&amp;id=b2df95c8-7b86-4cdf-9fa6-aaaf81a6912d\"><strong>Subjectivity and Survival: Postmodern Identity in Two Contemporary Estonian Novels<\/strong><\/a>.\u00a0Interlitteraria, vol 9, 2004, pp 140-154. [About \u2018Raadio\u2019 by Emil Tode and \u2018Rehepapp\u2019 by Andrus Kivir\u00e4hk.]<br>Tiina Aunin,\u00a0<strong>Between Two Realms: Cross-Cultural Tensions as Reflected in Estonian Fiction<\/strong>. \u2013 Interlitteraria, vol 5, 2000, pp 333-340. [About the Novel \u2018Printsess\u2019]<\/span><\/p>\n<p><strong><em>German<\/em><\/strong><br>Beate Biehl,\u00a0<strong>Auf der Suche nach einer grenzenlosen Welt \u2013 Emil Todes Roman \u201eIm Grenzland\u201d<\/strong>. \u2013 Zwischen Oder und Peipus-See: zur Geschichtlichkeit literarischer Texte im 20. Jahrhundert. (Nordost-Archiv: Zeitschrift f\u00fcr Regional-geschichte. Neue Folge ; Bd. 8, 1999, H. 2.)\u00a0L\u00fcneburg: Institut Nordostdeutsches Kulturwerk, 2001, pp 435-442.<br><span style=\"font-family:Verdana,Geneva,sans-serif\">Joachim Sartorius, <strong>Ein Tr\u00f6pfchen funkelndes Gift in der Hand, die dich totschlug. Zur Lyrik Emild Todes<\/strong>. \u2013 Sprache im technischen Zeitalter, no 145, Juni 1998, pp 18-19.<br>Sabine Zaplin, <strong>Ein Sonett in Prosa. Emil Tode liest<\/strong>. \u2013 S\u00fcddeutsche Zeitung \/ Starnberg, 13.5.1997.<br><em>[s. n.]<\/em>, <strong>Eine Lyrik, die weich und rollend dahinflie\u00dft. Der estnische Autor Emil Tode zu Gast in der Buchhandlung Kirchheim<\/strong>. \u2013 Starnberger Merkur, 16.5.1997.<br>Janika Kronberg, <strong>Die Wellen der Moderne im Grenzland<\/strong>. \u2013 Acta Baltica, vol 35, 1997, pp 291-296.<br>Hans-Peter Kunisch, <strong>Legehenne im Sonderstall<\/strong>. \u2013 S\u00fcddeutsche Zeitung, 14.5.1997.<br>Mari Enqvis,\u00a0<strong>Eintauchen in \u00d5nnepalus Welt der Natur<\/strong>. \u2013 Estonia, no 1, 1996, pp 36-37.<\/span><br>\u00a0\n<\/p>\n<p>\n\t<span style=\"font-family:Verdana,Geneva,sans-serif\"><span style=\"font-size: medium\"><strong>Reviews<\/strong><\/span><\/span>\n<\/p>\n<p>\n\t<span style=\"font-family:Verdana,Geneva,sans-serif\"><strong><em>English<\/em><\/strong><br><strong>Book reviews<\/strong> by Erik Aru, Oliver Berg, Peeter Helme and Maarja Helena Meriste. \u2013 Estonian Literary Magazine, no 46, 2018, p 54-55<br>Rutt\u00a0Hinrikus, Janika\u00a0Kronberg,\u00a0<a href=\"http:\/\/elm.estinst.ee\/issue\/30\/short-overviews-books-estonian-authors\/\"><strong>Short Outlines of Books by Estonian Authors<\/strong><\/a>. \u2013\u00a0Estonian Literary Magazine, no 30, 2010. [About the novel \u2018Paradiis\u2019 (\u2018Paradise\u2019).]<br>Rutt\u00a0Hinrikus, Janika\u00a0Kronberg,\u00a0<a href=\"http:\/\/elm.estinst.ee\/issue\/26\/short-outlines-books-estonian-authors\/\"><strong>Short Outlines of Books by Estonian Authors<\/strong><\/a>. \u2013\u00a0Estonian Literary Magazine, no 26, 2008. [About the travelogue \u2018Flandria p\u00e4evik\u2019 (\u2018Flanders Diary\u2019).]<br>Rutt Hinrikus, Janika Kronberg,\u00a0<a href=\"http:\/\/elm.estinst.ee\/issue\/22\/short-outlines-books-estonian-authors\/\"><strong>Short Outlines of Books by Estonian Authors<\/strong><\/a>. \u2013 Estonian Literary Magazine, no 22, 2006. [About the poetry collection \u2018Enne heinaaega ja hiljem. Luulet ja luulet\u00f5lkeid 1983-2005\u2019 (\u2018Before Haymaking Time and Later. Poems and Translations 1983-2005\u2019).]<br>Rutt Hinrikus, <a href=\"http:\/\/elm.estinst.ee\/issue\/15\/short-outlines-books-estonian-authors\/\"><strong>Short Outlines of Books by Estonian Authors<\/strong><\/a>. \u2013 Estonian Literary Magazine, no 15, 2002. [About Anton Nigov\u2019s novel \u2018Harjutused\u2019 (\u2018The Exercises\u2019).]<br>J\u00fcri Talvet,\u00a0<strong><cite>Hind<\/cite>\u00a0by T\u00f5nu \u00d5nnepalu<\/strong>. \u2013 World Literature Today, vol 70, no 3, 1996, p 731.<br>J\u00fcri Talvet, <strong>T\u00f5nu \u00d5nnepalu. Hind.<\/strong> \u2013 Estonian Literary Magazine, no 3, 1996.<\/span>\n<\/p>\n<p>\n\t<span style=\"font-family:Verdana,Geneva,sans-serif\"><strong><em>German<\/em><\/strong><br>Erich Schirhuber, <strong>[about \u2018Im Grenzland\u2019 (\u2018Piiririik\u2019)]<\/strong>. \u2013 neue wiener b\u00fccherbriefe, 1, 1998.<br>Toomas Haug, <strong>Emil Tode und die Metaphysik des Jahrhunderts<\/strong>. \u2013 Estonia, no 2, 1998, pp 53-56. [About \u2018Printsess\u2019.]<br><em>[s. n.]<\/em>,\u00a0<strong>Grenzland<\/strong>. \u2013 Die andere Welt, no 3, 1997. [About \u2018Im Grenzland\u2019 (\u2018Piiririik\u2019).]<br>Julia Schr\u00f6der, <strong>Welt ging verloren. Die Esten Emil Tode und \u00dclo Mattheus<\/strong>. \u2013 Stuttgarter Zeitung, 20.3.1997. [About \u2018Im Grenzland\u2019 (\u2018Piiririik\u2019).]<br>Andreas Nentwich, <strong>Die M\u00fcdigkeit des Balten<\/strong>. \u2013 Die Zeit, no 13, 21.3.1997, Literatur-Beilage, p 6. [About \u2018Im Grenzland\u2019 (\u2018Piiririik\u2019).]<br>Mareile Ahrndt, <strong>Das wilde Leben<\/strong>. \u2013 Das Sonntagsblatt, 21.3.1997, p 27. [About \u2018Im Grenzland\u2019 (\u2018Piiririik\u2019).]<br>Peter Urban-Halle, <strong>Nutte Osteuropa<\/strong>. \u2013 Freitag, 21.3.1997. [About \u2018Im Grenzland\u2019 (\u2018Piiririik\u2019).]<br>Elmar Krekeler, <strong>M\u00f6rderisches Deb\u00fct zwischen allen St\u00fchlen. Die Mauer nach dem Mauerfall spiegelt sich in Emil Todes Roman \u201cGrenzland\u201d und seiner Rezeptionsgeschichte<\/strong>. \u2013 Die Welt, 12.4.1997. [About \u2018Im Grenzland\u2019 (\u2018Piiririik\u2019).]<br>Karl Heinz Kramberg, <strong>Wie Weib dem Manne<\/strong>. \u2013 S\u00fcddeutsche Zeitung, 12.\/13.4.1997, Wochenendbeilage, p 4. [About \u2018Im Grenzland\u2019 (\u2018Piiririik\u2019).]<br>Sabine Zaplin, <strong>Aus dem unbekannten Land. Der Autor Emil Tode aus Estland ist zu Gast in Feldafing<\/strong>. \u2013 S\u00fcddeutsche Zeitung \/ Starnberg, 12.\/13.4.1997. [About \u2018Im Grenzland\u2019 (\u2018Piiririik\u2019).]<br>Cornelius Hell, <strong>Subtiler Kolonialismus<\/strong>. \u2013 Die Zeit im Buch, no 4, 1997. [About \u2018Im Grenzland\u2019 (\u2018Piiririik\u2019).]<br>aav, <strong>Emil Tode. Im Grenzland<\/strong>. \u2013 Live, April 1997. [About \u2018Im Grenzland\u2019 (\u2018Piiririik\u2019).]<br>Christian Schulz, <strong>Sprengkraft in und hinter den Worten. Der Roman \u201cGrenzand\u201d des estnischen Dichters Emil Tode<\/strong>. \u2013 S\u00fcdwestpresse, 15.4.1997. [About \u2018Im Grenzland\u2019 (\u2018Piiririik\u2019).]<br>Leopold Federmair, <strong>Spielverderber der Mythen. Luftig und ironisch: Geschichten des Estl\u00e4nders Emil Tode<\/strong>. \u2013 Wiener Zeitung, 18.4.1997. [About \u2018Im Grenzland\u2019 (\u2018Piiririik\u2019).]<br>Christoph Neidhart, <strong>Ostwestlicher Diwan. Emil Tode: \u00abIm Grenzland\u00bb \u2013 Ein junger Este h\u00e4lt uns den Spiegel vor. Bitter, schwul, poetisch. Gut gegen Besserwisser<\/strong>. \u2013 Die Weltwoche, 1.5.1997, Literaturbeilage. [About \u2018Im Grenzland\u2019 (\u2018Piiririik\u2019).]<br><em>[s. n.]<\/em>,\u00a0<strong>Dekadence-Opus aus dem Baltikum<\/strong>. \u2013 Starnberger Merkur, 9.5.1997. [About \u2018Im Grenzland\u2019 (\u2018Piiririik\u2019).]<br><em>[s. n.]<\/em>, <strong>Emil Tode: Im Grenzland<\/strong>. \u2013 tageblatt (Luxemburg), 16.5.1997. [About \u2018Im Grenzland\u2019 (\u2018Piiririik\u2019).]<br>Christoph Bartmann, <strong>Kein Sauerklee in Paris. Emil Todes Versuch \u00fcber die M\u00fcdigkeit eines baltischen Flaneurs<\/strong>. \u2013 Frankfurter Allgemeine Zeitung, 21.V.1997. [About \u2018Im Grenzland\u2019 (\u2018Piiririik\u2019).]<br>A.P. Pittler, <strong>Tagtr\u00e4ume vom Attentat<\/strong>. \u2013 Der Standard (Album), 27.6.1997. [About \u2018Im Grenzland\u2019 (\u2018Piiririik\u2019).]<br>Paul Jandl, <strong>Virtuoser Endzeitzauber. Emil Todes Roman-D\u00e9but<\/strong>. \u2013 Neue Z\u00fcrcher Zeitung, 5.\/6.7.1997. [About \u2018Im Grenzland\u2019 (\u2018Piiririik\u2019).]<br>Christoph Schumann, <strong>Erstarrter Osten, erstarrter Westen. \u201cIm Grenzland\u201d und \u201cDer Schein\u201d \u2013 zwei estnische Romane von Emil Tode und \u00dclo Mattheus<\/strong>. \u2013 Dresdner Neueste Nachrichten, 10.7.1997. [About \u2018Im Grenzland\u2019 (\u2018Piiririik\u2019).]<br>Cornelius Hell, <strong>Aus der anderen H\u00e4lfte. Ein Mord, kein Mord? Emil Todes Prosadeb\u00fct<\/strong>. \u2013 Die Presse (Spectrum), 12.7.1997. [About \u2018Im Grenzland\u2019 (\u2018Piiririik\u2019).]<br>sus, <strong>Emil Tode: Im Grenzland<\/strong>. \u2013 RezenS\u00f6hnchen \u2013 Rezensionen von StudentInnen der Uni Bamberg, no 20 \/ Sommersemester 1997. [About \u2018Im Grenzland\u2019 (\u2018Piiririik\u2019).]<br>Konrad Maier, <strong>Ein Grenzland kann es nicht geben<\/strong>. \u2013 Estonia, no 2, 1997, pp 43-46. [About \u2018Im Grenzland\u2019 (\u2018Piiririik\u2019).]<br>Walter Neumann, <strong>Briefe der Verzweiflung. Emil Tode: \u201cIm Grenzland\u201d<\/strong>. \u2013 S\u00fcdkurier, 5.12.1997. [About \u2018Im Grenzland\u2019 (\u2018Piiririik\u2019).]<br>Christoph Neidhart, <strong>Estlands literarische Sensation<\/strong>. \u2013 Die Weltwoche, 12.10.1996. [About \u2018Im Grenzland\u2019 (\u2018Piiririik\u2019).]<br>C. de la Motte-Sherman, <strong>Emil und das Grenzland<\/strong>. \u2013 Die andere Welt, August 1996. [About \u2018Im Grenzland\u2019 (\u2018Piiririik\u2019).]<\/span>\n<\/p>\n<p>\n\t<span style=\"font-family:Verdana,Geneva,sans-serif\"><strong><em>Hungarian<\/em><\/strong><br>Balajthy \u00c1gnes, <strong>A vil\u00e1g\u00edt\u00f3torony villan\u00e1sa \u2013 \u00e9szt k\u00f6lt\u00e9szet v\u00e1szonk\u00f6t\u00e9sben<\/strong>. Prae, no 3, 2010, pp 133-135. [About Lauri Sommer\u2019s interview with T\u00f5nu \u00d5nnepalu in Pluralica, 1-2, 2009 (see below).]<br>Gaborj\u00e1k \u00c1d\u00e1m, <strong>\u201cGyermekek vagyunk, akik eg\u00fctt j\u00e1tszanak.\u201d<\/strong>. Pluralica, no 1-2, 2009, pp 417-418.\u00a0[About Emil Tode\u2019s novel \u2018Hercegkisasszony\u2019 (Budapest: 2006).]<br>Johanna Ross, <strong>Flandriai napl\u00f3<\/strong>. Pluralica, no 1-2, 2009, pp 387-390. [About the diary \u2018Flandria p\u00e4evik\u2019. See\u00a0<a href=\"https:\/\/sisu.ut.ee\/ewod\/anthologies\/pluralica\"><strong>contents<\/strong><\/a>\u00a0of the special issue of contemporary Estonian literature.]<\/span><br>\u00a0\n<\/p>\n<p>\n\t<span style=\"font-family:Verdana,Geneva,sans-serif\"><span style=\"font-size: medium\"><strong>Interviews<\/strong><\/span><\/span>\n<\/p>\n<p>\n\t<span style=\"font-family:Verdana,Geneva,sans-serif\"><strong><em>Hungarian<\/em><\/strong><br>Lauri Sommer,\u00a0<strong>A v\u00e1ndor visszatekint\u00e9se. Lauri Sommer interj\u00faja T\u00f5nu \u00d5nnepaluval<\/strong>. Korencsi Krisztina Ford\u00edt\u00e1sa.\u00a0Pluralica, no 1-2, 2009, pp 330-343. [See\u00a0<a href=\"https:\/\/sisu.ut.ee\/ewod\/anthologies\/pluralica\"><strong>contents<\/strong><\/a>\u00a0of the special issue of contemporary Estonian literature.]<\/span>\n<\/p>\n<p>\n\t\u00a0<\/p>\n","protected":false},"excerpt":{"rendered":"<p>Articles EnglishPiret Viires,\u00a0End of Irony? Estonian Literature after Postmodernism.\u00a0Interlitteraria, vol 16, no 2, 2011, pp 451-463.Tiina Kirss,\u00a0Estonian Landscapes and Mindscapes. \u2013 Estonian Literary Magazine, no 30, 2010. [About landscapes in \u2018Paradiis\u2019, A. H. Tammsaare\u2019s \u2018Truth and Justice\u2019 and Mats Traat\u2019s &#8230;<\/p>\n","protected":false},"author":43,"featured_media":0,"parent":145,"menu_order":0,"comment_status":"closed","ping_status":"closed","template":"","meta":{"_acf_changed":false,"inline_featured_image":false,"footnotes":""},"class_list":["post-43","page","type-page","status-publish","hentry"],"acf":[],"_links":{"self":[{"href":"https:\/\/sisu.ut.ee\/ewod\/wp-json\/wp\/v2\/pages\/43","targetHints":{"allow":["GET"]}}],"collection":[{"href":"https:\/\/sisu.ut.ee\/ewod\/wp-json\/wp\/v2\/pages"}],"about":[{"href":"https:\/\/sisu.ut.ee\/ewod\/wp-json\/wp\/v2\/types\/page"}],"author":[{"embeddable":true,"href":"https:\/\/sisu.ut.ee\/ewod\/wp-json\/wp\/v2\/users\/43"}],"replies":[{"embeddable":true,"href":"https:\/\/sisu.ut.ee\/ewod\/wp-json\/wp\/v2\/comments?post=43"}],"version-history":[{"count":1,"href":"https:\/\/sisu.ut.ee\/ewod\/wp-json\/wp\/v2\/pages\/43\/revisions"}],"predecessor-version":[{"id":5027,"href":"https:\/\/sisu.ut.ee\/ewod\/wp-json\/wp\/v2\/pages\/43\/revisions\/5027"}],"up":[{"embeddable":true,"href":"https:\/\/sisu.ut.ee\/ewod\/wp-json\/wp\/v2\/pages\/145"}],"wp:attachment":[{"href":"https:\/\/sisu.ut.ee\/ewod\/wp-json\/wp\/v2\/media?parent=43"}],"curies":[{"name":"wp","href":"https:\/\/api.w.org\/{rel}","templated":true}]}}