{"id":39,"date":"2024-04-03T23:39:16","date_gmt":"2024-04-03T20:39:16","guid":{"rendered":"https:\/\/sisu.ut.ee\/ewod\/novels-et-2\/"},"modified":"2024-04-04T00:11:14","modified_gmt":"2024-04-03T21:11:14","slug":"novels","status":"publish","type":"page","link":"https:\/\/sisu.ut.ee\/ewod\/p\/pukk\/novels\/","title":{"rendered":"Holger Pukk &#8211; novels"},"content":{"rendered":"<p><span style=\"font-size: medium\"><strong><span style=\"font-family: verdana, geneva\">Books<\/span><\/strong><\/span><\/p>\n<p><em><strong><span style=\"font-family: verdana, geneva\">Hungarian<\/span><\/strong><\/em><br><span style=\"font-family: verdana, geneva\"><strong>Rein \u00e9s Riina<\/strong>. Feh\u00e9rv\u00e1ri Gy\u0151z\u0151 ford. Budapest: M\u00f3ra; Uzsgorod: K\u00e1rp\u00e1ti, 1984, 149 pp. [\u2018Rein ja Riina\u2019. Young adult novel.]<\/span><\/p>\n","protected":false},"excerpt":{"rendered":"<p>Books HungarianRein \u00e9s Riina. Feh\u00e9rv\u00e1ri Gy\u0151z\u0151 ford. Budapest: M\u00f3ra; Uzsgorod: K\u00e1rp\u00e1ti, 1984, 149 pp. [\u2018Rein ja Riina\u2019. Young adult novel.]<\/p>\n","protected":false},"author":43,"featured_media":0,"parent":1966,"menu_order":0,"comment_status":"closed","ping_status":"closed","template":"","meta":{"_acf_changed":false,"inline_featured_image":false,"footnotes":""},"class_list":["post-39","page","type-page","status-publish","hentry"],"acf":[],"_links":{"self":[{"href":"https:\/\/sisu.ut.ee\/ewod\/wp-json\/wp\/v2\/pages\/39","targetHints":{"allow":["GET"]}}],"collection":[{"href":"https:\/\/sisu.ut.ee\/ewod\/wp-json\/wp\/v2\/pages"}],"about":[{"href":"https:\/\/sisu.ut.ee\/ewod\/wp-json\/wp\/v2\/types\/page"}],"author":[{"embeddable":true,"href":"https:\/\/sisu.ut.ee\/ewod\/wp-json\/wp\/v2\/users\/43"}],"replies":[{"embeddable":true,"href":"https:\/\/sisu.ut.ee\/ewod\/wp-json\/wp\/v2\/comments?post=39"}],"version-history":[{"count":1,"href":"https:\/\/sisu.ut.ee\/ewod\/wp-json\/wp\/v2\/pages\/39\/revisions"}],"predecessor-version":[{"id":5049,"href":"https:\/\/sisu.ut.ee\/ewod\/wp-json\/wp\/v2\/pages\/39\/revisions\/5049"}],"up":[{"embeddable":true,"href":"https:\/\/sisu.ut.ee\/ewod\/wp-json\/wp\/v2\/pages\/1966"}],"wp:attachment":[{"href":"https:\/\/sisu.ut.ee\/ewod\/wp-json\/wp\/v2\/media?parent=39"}],"curies":[{"name":"wp","href":"https:\/\/api.w.org\/{rel}","templated":true}]}}