{"id":389,"date":"2024-04-03T23:39:45","date_gmt":"2024-04-03T20:39:45","guid":{"rendered":"https:\/\/sisu.ut.ee\/ewod\/tassa\/"},"modified":"2024-04-04T00:10:13","modified_gmt":"2024-04-03T21:10:13","slug":"tassa","status":"publish","type":"page","link":"https:\/\/sisu.ut.ee\/ewod\/t\/tassa\/","title":{"rendered":"Aleksander Tassa"},"content":{"rendered":"<p>\n\t<span style=\"font-family: verdana, geneva;font-size: medium\"><strong><a href=\"https:\/\/sisu.ut.ee\/ewod\/t\/tassa\/plays\">Plays<\/a><\/strong>\u00a0<a href=\"https:\/\/sisu.ut.ee\/wp-content\/uploads\/sites\/108\/a-37-1622_aleksander_tassa.jpg\" target=\"_self\" rel=\"noopener\"><img decoding=\"async\" alt=\"Aleksander Tassa\" src=\"https:\/\/sisu.ut.ee\/wp-content\/uploads\/sites\/108\/a-37-1622_aleksander_tassa.jpg\" style=\"float: right;width: 210px;height: 328px\" title=\"Photo: J. &amp; P. Parikas (Tallinn)\"><\/a><\/span>\n<\/p>\n<p><span style=\"font-size:13px\"><span style=\"font-family:Verdana,Geneva,sans-serif\">Aleksander Tassa (7. VII \/ 25. VI 1882 \u2013 23. III 1955) was a prose writer, playwright, artist and art historian; as a writer, he was mostly known for his neo-romantic, fantastic short prose written in the 1920s.<\/span><\/span>\n<\/p>\n<p>\n\t<span style=\"font-size:13px\"><span style=\"font-family:Verdana,Geneva,sans-serif\">He was born a son to a school clerk in Tartu. He studied at Tartu county school but did not graduate and at the same time, took drawing courses at the German Artisan Society with the Baltic German artist R. J. von zur M\u00fchlen. From 1900-1903, he worked as an office clerk in Tartu. In 1904, he began attending the Baron Alexander von Stieglitz\u2019s School of Technical Drawing but was expelled the next year due to revolutionary actions. In 1905, he began his studies at the Ants Laikmaa art studio in Tallinn but left in 1906 and briefly studied at J. Goldblatt studio in St Petersburg. From 1906-1913, he travelled Europe, getting acquainted with art and culture and producing visual art himself, mostly while in Paris, but also when staying in the \u00c5land Islands, Helsinki, Norway, Denmark, Germany, Switzerland and Sweden. His travel and creative companions were Konrad M\u00e4gi, Jaan Koort, Nikolai Triik, Anton Starkopf and others, who he already knew from his studies in Tartu and Petersburg and who later became renowned innovators of Estonian art. His art studies in Paris were impeded by lack of economic means, which contributed to his focusing on literature. In Paris, Tassa also communicated with Friedebert Tuglas. He was active in the group Young Estonia, illustrated its publications and used it to publish his art criticism and fiction. He was also close with the Siuru group and a member of the Tarapita group.<\/span><\/span>\n<\/p>\n<p>\n\t<span style=\"font-size:13px\"><span style=\"font-family:Verdana,Geneva,sans-serif\">When World War I broke, Tassa was mobilized and sent to serve in Petersburg and on the Turkish front in Erzurum. At the end of the war, he returned to Tartu where he helped found the art society Pallas and was its first director from 1918-1922. In 1919, he was also part of founding the art school Pallas and later worked there as a lecturer and teacher. From 1922-1923, he worked on founding the art department of the Estonian National Museum. From 1923-1924, he was a dramaturge at Vanemuine theater. From 1931-1940, he was director of the art and cultural history department of the Estonian National Museum. From 1928-1931 and 1940-1943, he worked at the Art Museum of Estonia in Tallinn. He died in Tallinn and is buried at Rahum\u00e4e cemetery in Tallinn.<\/span><\/span>\n<\/p>\n<p>\n\t<span style=\"font-size:13px\"><span style=\"font-family:Verdana,Geneva,sans-serif\">Tassa was most active as an artist in the beginning of the 20th century until First World War, then fiction writing dominated his works in the second decade of the century. His first stories were published in Noor-Eesti magazine in 1911. After this, he published prose in journals. His only fiction books that were published in his lifetime are <em>N\u00f5ias\u00f5rmus. Fantastilised novellid<\/em> (\u2018The Witch\u2019s Ring. Fantastic Short Stories\u2019, 1919) and <em>H\u00f5belinik. Legendid<\/em> (\u2018The Silver Doily. Legends\u2019, 1921). After this, Tassa mostly focused on writing plays, the most famous of which is <em>Kadaara sead<\/em> (\u2018Gadarene Swine\u2019, 1923). His last play <em>Seitse magajat<\/em> (\u2018Seven Sleepers\u2019) was published in 1927, his next to last story <em>S\u00fcgisk\u00f5nelused<\/em> (\u2018Fall Conversations\u2019) in the same year, and his last story <em>Paabeli torni ehitamisel<\/em> (\u2018Upon Building the Tower of Babel\u2019) was published in 1944. A great deal of Tassa\u2019s works remain as manuscripts. Sketches and fragments make up most of his manuscript legacy but there is also an unfinished novel, film scripts, numerous dream transcripts, etc.<\/span><\/span>\n<\/p>\n<p>\n\t<span style=\"font-size:13px\"><span style=\"font-family:Verdana,Geneva,sans-serif\">Tassa\u2019s stories and plays are dream-like as well with little dynamics and action \u2013 the main emphasis is on detail-rich descriptions of fantastic environments. Biblical and mythological motifs, that Tassa revises and shapes freely, have an important role in his literary works. The criticism of his two prose novels highlighted how different they were from the rest of Estonia\u2019s literary scene. One of his most enthusiastic and approving critics was Friedebert Tuglas whose short stories somewhat resemble Tassa\u2019s prose. The so-called true-to-life style of Estonian literature that became dominant in the late 1920s did not favor Tassa\u2019s odd and extravagant fantasy. His prose has later been published in the books <em>Saalomoni s\u00f5rmus<\/em> (\u2018The Ring of Solomon\u2019, Loomingu Raamatukogu, 1970) and <em>Igaviku l\u00f5pul<\/em> (\u2018In the End of Eternity\u2019, 1989). The latter collection also contains thorough commentary on Tassa\u2019s literary and art creations and the memoirs of his contemporaries.<\/span><\/span>\n<\/p>\n<p>\n\t<em><span style=\"font-size:13px\"><span style=\"font-family:Verdana,Geneva,sans-serif\">S. V. (Translated by A. S.)<\/span><\/span><\/em>\n<\/p>\n<p><strong><span style=\"font-size:16px\"><span style=\"font-family:Verdana,Geneva,sans-serif\">Books in Estonian<\/span><\/span><\/strong>\n<\/p>\n<p>\n\t<span style=\"font-size:13px\"><span style=\"font-family:Verdana,Geneva,sans-serif\"><strong><em>Stories<\/em><\/strong><\/span><\/span><br><span style=\"font-size:13px\"><span style=\"font-family:Verdana,Geneva,sans-serif\"><strong>N\u00f5ias\u00f5rmus<\/strong>. Fantastilised novellid. Kaas ja frontispiss: Ado Vabbe. Tartu: Odamees, 1919, 160 lk. [Sisu: \u2018Meris\u00f5itjad\u2019, \u2018Enese \u00fclistus\u2019, \u2018Saalomoni s\u00f5rmus\u2019, \u2018Laulvad kellad\u2019, \u2018Jalutuss\u00f5it\u2019, \u2018Ilutulestus\u2019, \u2018S\u00fcgisp\u00e4ev\u2019, \u2018P\u00f5rgu aed\u2019, \u2018Surnu p\u00e4randus\u2019, \u2018Varemed\u2019, \u2018Suvitus m\u00e4gedes\u2019, \u2018Lahkumine\u2019, \u2018Uneraamat\u2019.]<\/span><\/span><br><span style=\"font-size:13px\"><span style=\"font-family:Verdana,Geneva,sans-serif\"><strong>H\u00f5belinik<\/strong>. Legendid. Kaas: Aleksander Grinev. Tallinn: Varrak, 1921, 105 lk. [Sisu: \u2018Aheldud jumal\u2019, \u2018Tundmata jumal\u2019, \u2018Jutt nahaparkijast Athanaasiusest ja l\u00f5uendi v\u00e4rvijast Tiimonist\u2019, \u2018Jutt mungast, Maarja maalijast\u2019, \u2018Vaga Jaan\u2019, \u2018Kannatuse tee\u2019, \u2018Kolgata\u2019, \u2018P\u00fc\u00fctud kurat\u2019, \u2018Maria Magdaleena\u2019, \u2018H\u00e4\u00e4 karjane\u2019, \u2018\u00c4ikse ilm\u2019, \u2018Igaviku l\u00f5pul\u2019.]<\/span><\/span><br><span style=\"font-size:13px\"><span style=\"font-family:Verdana,Geneva,sans-serif\"><strong>Saalomoni s\u00f5rmus<\/strong>. Eess\u00f5na: Nigol Andresen. Tallinn: Perioodika, 1970, 166 lk.<\/span><\/span><br><span style=\"font-size:13px\"><span style=\"font-family:Verdana,Geneva,sans-serif\"><strong>Igaviku l\u00f5pul<\/strong>. Koostanud Mari K\u00f5iv; eess\u00f5na: M. K\u00f5iv ja E. Pihlak. Tallinn: Kunst, 1989, 174 lk. [Sisu: jutustus, novellid, reproduktsioonid kunstiteostest.]<\/span><\/span>\n<\/p>\n<p>\n\t<strong><span style=\"font-size:13px\"><span style=\"font-family:Verdana,Geneva,sans-serif\"><em>Non-fiction<\/em><\/span><\/span><\/strong><br><span style=\"font-size:13px\"><span style=\"font-family:Verdana,Geneva,sans-serif\"><strong>Puul\u00f5ikekunstist<\/strong>. Materjale ja allikaid Eesti puul\u00f5ikest XIX sajandil. Tallinn: Ilukirjandus ja Kunst, 1948, 88 lk.<\/span><\/span><br><span style=\"font-size:13px\"><span style=\"font-family:Verdana,Geneva,sans-serif\"><strong>Kivitr\u00fckikunstist<\/strong>. Materjale ja allikaid Eesti kivitr\u00fckist XIX sajandil. Tallinn: 1951, 297 lk.<\/span><\/span>\n<\/p>\n<p>\n\t<span style=\"font-size:13px\"><span style=\"font-family:Verdana,Geneva,sans-serif\"><strong><em>About Aleksander Tassa<\/em><\/strong><\/span><\/span><br><span style=\"font-size:13px\"><span style=\"font-family:Verdana,Geneva,sans-serif\"><strong>Igaviku l\u00f5pul<\/strong>. Koostanud Mari K\u00f5iv; eess\u00f5na: M. K\u00f5iv ja E. Pihlak. Tallinn: Kunst, 1989, 174 lk. [Sisu: jutustus, novellid, reproduktsioonid kunstiteostest.]<\/span><\/span><\/p>\n","protected":false},"excerpt":{"rendered":"<p>Plays\u00a0 Aleksander Tassa (7. VII \/ 25. VI 1882 \u2013 23. III 1955) was a prose writer, playwright, artist and art historian; as a writer, he was mostly known for his neo-romantic, fantastic short prose written in the 1920s. He &#8230;<\/p>\n","protected":false},"author":43,"featured_media":0,"parent":709,"menu_order":0,"comment_status":"closed","ping_status":"closed","template":"","meta":{"_acf_changed":false,"inline_featured_image":false,"footnotes":""},"class_list":["post-389","page","type-page","status-publish","hentry"],"acf":[],"_links":{"self":[{"href":"https:\/\/sisu.ut.ee\/ewod\/wp-json\/wp\/v2\/pages\/389","targetHints":{"allow":["GET"]}}],"collection":[{"href":"https:\/\/sisu.ut.ee\/ewod\/wp-json\/wp\/v2\/pages"}],"about":[{"href":"https:\/\/sisu.ut.ee\/ewod\/wp-json\/wp\/v2\/types\/page"}],"author":[{"embeddable":true,"href":"https:\/\/sisu.ut.ee\/ewod\/wp-json\/wp\/v2\/users\/43"}],"replies":[{"embeddable":true,"href":"https:\/\/sisu.ut.ee\/ewod\/wp-json\/wp\/v2\/comments?post=389"}],"version-history":[{"count":1,"href":"https:\/\/sisu.ut.ee\/ewod\/wp-json\/wp\/v2\/pages\/389\/revisions"}],"predecessor-version":[{"id":4698,"href":"https:\/\/sisu.ut.ee\/ewod\/wp-json\/wp\/v2\/pages\/389\/revisions\/4698"}],"up":[{"embeddable":true,"href":"https:\/\/sisu.ut.ee\/ewod\/wp-json\/wp\/v2\/pages\/709"}],"wp:attachment":[{"href":"https:\/\/sisu.ut.ee\/ewod\/wp-json\/wp\/v2\/media?parent=389"}],"curies":[{"name":"wp","href":"https:\/\/api.w.org\/{rel}","templated":true}]}}