{"id":381,"date":"2024-04-03T23:39:45","date_gmt":"2024-04-03T20:39:45","guid":{"rendered":"https:\/\/sisu.ut.ee\/ewod\/estlandberattar2007\/"},"modified":"2024-04-04T00:10:12","modified_gmt":"2024-04-03T21:10:12","slug":"estlandberattar2007","status":"publish","type":"page","link":"https:\/\/sisu.ut.ee\/ewod\/anthologies\/swedish\/estlandberattar2007\/","title":{"rendered":"Estland ber\u00e4ttar (2007)"},"content":{"rendered":"<p><strong><span style=\"font-family: verdana,geneva\"><strong><span style=\"font-family: verdana,geneva\">Estland ber\u00e4ttar<\/span><\/strong>: Hur man d\u00f6dar minnet: fjorton noveller. Redakt\u00f6r: Kalli Klemnts [i.e. Klement]; urval: Maarja Talgre och Anu Salu\u00e4\u00e4r; \u00f6vers\u00e4ttning: Jaak Akker \u2026 [et al.]. Stockholm: Tranan, 2007, 321 pp.<\/span><\/strong><\/p>\n<p><strong><span style=\"font-family: verdana,geneva\">Contents:<\/span><\/strong><\/p>\n<p><span style=\"font-family: verdana,geneva\">Maimu Berg, <strong>Rokokodamen<\/strong> [\u2018Rokokoo daam\u2019].<\/span><br><span style=\"font-family: verdana,geneva\">Ene Mihkelson, <strong>Sodomiten<\/strong> [\u2018Sodomiit\u2019].<\/span><br><span style=\"font-family: verdana,geneva\">Peeter Sauter, <strong>Ont i magen<\/strong> [\u2018K\u00f5huvalu\u2019].<\/span><br><span style=\"font-family: verdana,geneva\">J\u00fcri Ehlvest, <strong>Al-Qaida<\/strong>.<\/span><br><span style=\"font-family: verdana,geneva\">Andrus Kivir\u00e4hk, <strong>En duktig kvinna<\/strong> [\u2018Vahva naine\u2019].<\/span><br><span style=\"font-family: verdana,geneva\">Andrus Kivir\u00e4hk, <strong>Konstn\u00e4ren Jaagup<\/strong> [\u2018Kunstnik Jaagup\u2019]. <\/span><br><span style=\"font-family: verdana,geneva\">Tiia Toomet, <strong>Sommar i f\u00e4derneslandet<\/strong> [\u2018Isamaa suvi\u2019.]<\/span><br><span style=\"font-family: verdana,geneva\">Jaak J\u00f5er\u00fc\u00fct, <strong>Ett glas mj\u00f6lk<\/strong> [\u2018Klaas piima\u2019].<\/span><br><span style=\"font-family: verdana,geneva\">Jaak J\u00f5er\u00fc\u00fct, <strong>En vanlig dag<\/strong> [\u2018Tavaline p\u00e4ev\u2019].<\/span><br><span style=\"font-family: verdana,geneva\">Mehis Heinsaar, <strong>Vackre Armin<\/strong> [\u2018Ilus Armin\u2019.]<\/span><br><span style=\"font-family: verdana,geneva\">Eeva Park, <strong>Standen p\u00e5 F\u00e5r\u00f6<\/strong> [\u2018Far\u00f6 rand\u2019]. <\/span><br><span style=\"font-family: verdana,geneva\">Viivi Luik, <strong>Hur man d\u00f6dar minnet<\/strong> [\u2018Kuidas tappa m\u00e4lu\u2019].<\/span><br><span style=\"font-family: verdana,geneva\">Viivi Luik, <strong>Tre \u00e5terkomster till Estland<\/strong> [\u2018Kolm tagasitulekut Eestisse\u2019].<\/span><br><span style=\"font-family: verdana,geneva\">Jaan Kross, <strong>Fursten<\/strong> [\u2018V\u00fcrst\u2019.]<\/span><\/p>\n","protected":false},"excerpt":{"rendered":"<p>Estland ber\u00e4ttar: Hur man d\u00f6dar minnet: fjorton noveller. Redakt\u00f6r: Kalli Klemnts [i.e. Klement]; urval: Maarja Talgre och Anu Salu\u00e4\u00e4r; \u00f6vers\u00e4ttning: Jaak Akker \u2026 [et al.]. Stockholm: Tranan, 2007, 321 pp. Contents: Maimu Berg, Rokokodamen [\u2018Rokokoo daam\u2019].Ene Mihkelson, Sodomiten [\u2018Sodomiit\u2019].Peeter Sauter, &#8230;<\/p>\n","protected":false},"author":43,"featured_media":0,"parent":1342,"menu_order":0,"comment_status":"closed","ping_status":"closed","template":"","meta":{"_acf_changed":false,"inline_featured_image":false,"footnotes":""},"class_list":["post-381","page","type-page","status-publish","hentry"],"acf":[],"_links":{"self":[{"href":"https:\/\/sisu.ut.ee\/ewod\/wp-json\/wp\/v2\/pages\/381","targetHints":{"allow":["GET"]}}],"collection":[{"href":"https:\/\/sisu.ut.ee\/ewod\/wp-json\/wp\/v2\/pages"}],"about":[{"href":"https:\/\/sisu.ut.ee\/ewod\/wp-json\/wp\/v2\/types\/page"}],"author":[{"embeddable":true,"href":"https:\/\/sisu.ut.ee\/ewod\/wp-json\/wp\/v2\/users\/43"}],"replies":[{"embeddable":true,"href":"https:\/\/sisu.ut.ee\/ewod\/wp-json\/wp\/v2\/comments?post=381"}],"version-history":[{"count":1,"href":"https:\/\/sisu.ut.ee\/ewod\/wp-json\/wp\/v2\/pages\/381\/revisions"}],"predecessor-version":[{"id":4690,"href":"https:\/\/sisu.ut.ee\/ewod\/wp-json\/wp\/v2\/pages\/381\/revisions\/4690"}],"up":[{"embeddable":true,"href":"https:\/\/sisu.ut.ee\/ewod\/wp-json\/wp\/v2\/pages\/1342"}],"wp:attachment":[{"href":"https:\/\/sisu.ut.ee\/ewod\/wp-json\/wp\/v2\/media?parent=381"}],"curies":[{"name":"wp","href":"https:\/\/api.w.org\/{rel}","templated":true}]}}