{"id":379,"date":"2024-04-03T23:39:45","date_gmt":"2024-04-03T20:39:45","guid":{"rendered":"https:\/\/sisu.ut.ee\/ewod\/rammo\/"},"modified":"2024-04-04T00:10:12","modified_gmt":"2024-04-03T21:10:12","slug":"rammo","status":"publish","type":"page","link":"https:\/\/sisu.ut.ee\/ewod\/r\/rammo\/","title":{"rendered":"Helju Rammo"},"content":{"rendered":"<p>\n\t<a href=\"https:\/\/sisu.ut.ee\/ewod\/r\/rammo\/stories\"><strong><span style=\"font-family: verdana, geneva;font-size: medium\">Short stories<\/span><\/strong><\/a><strong><span style=\"font-family: verdana, geneva;font-size: medium\"> <\/span><\/strong><span style=\"font-family: verdana, geneva;font-size: medium\"><a href=\"https:\/\/sisu.ut.ee\/wp-content\/uploads\/sites\/108\/h._rammo_viktor_salmre.jpg\" target=\"_self\" rel=\"noopener\"><img decoding=\"async\" alt=\"Helju Rammo\" src=\"https:\/\/sisu.ut.ee\/wp-content\/uploads\/sites\/108\/h._rammo_viktor_salmre.jpg\" style=\"float: right;width: 300px;height: 452px\" title=\"Photo: Viktor Salmre\"><\/a><\/span>\n<\/p>\n<p>\n\t<a href=\"https:\/\/sisu.ut.ee\/ewod\/r\/rammo\/plays\"><strong><span style=\"font-family: verdana, geneva;font-size: medium\">Plays<\/span><\/strong><\/a>\n<\/p>\n<p>\u00a0\n<\/p>\n<p style=\"margin-bottom:0.11in\">\n<\/p><p><span style=\"color:#000000\"><span style=\"font-size:13px\"><span style=\"font-family:Verdana,Geneva,sans-serif\"><span style=\"line-height:108%\"><span style=\"font-weight:normal\">Helju Rammo <\/span>(9. V 1926 \u2013 25. VII 1998) was a children\u2019s author and playwright.<\/span><\/span><\/span><\/span>\n<\/p>\n<p style=\"margin-bottom:0.11in\">\n\t<span style=\"color:#000000\"><span style=\"font-size:13px\"><span style=\"font-family:Verdana,Geneva,sans-serif\"><span style=\"line-height:108%\">She was born in Tallinn, the daughter of a florist, from 1934 to 1941 attended number 14 primary school in Tallinn, from 1941 to 1943 number 9 secondary school in Tallinn, and from 1947 to 1948 number 1 secondary school for Young Workers in Tallinn.<\/span><\/span><\/span><\/span>\n<\/p>\n<p style=\"margin-bottom:0.11in\">\n\t<span style=\"color:#000000\"><span style=\"font-size:13px\"><span style=\"font-family:Verdana,Geneva,sans-serif\"><span style=\"line-height:108%\">From 1950 to 1955 Helju Rammo worked on the newspaper <i>Noorte H\u00e4\u00e4l<\/i>, and from 1960 to 1964 on the children\u2019s journals <i>T\u00e4heke <\/i>and <i>Pioneer<\/i>. From 1964 she was a professional writer in Tallinn. Helju Rammo was a member of the Writers\u2019 Union from 1978. <\/span><\/span><\/span><\/span>\n<\/p>\n<p style=\"margin-bottom:0.11in\">\n\t<span style=\"color:#000000\"><span style=\"font-size:13px\"><span style=\"font-family:Verdana,Geneva,sans-serif\"><span style=\"line-height:108%\">Helju Rammo\u2019s first story appeared in the press in 1947. Her first book, <i>Salgajuht Mare <\/i>(\u2018Mare the Brigade Leader\u2019) came out in 1966. The book depicted school and Pioneer life through the prism of humour. Helju Rammo published three collections of short stories for young people: <i>\u00dcka omamoodi poiss <\/i>(\u2018A Strange Boy\u2019, 1968), <i>Passita t\u00e4ismees <\/i>(\u2018A Grown Man Without a Passport\u2019, 1970), and <i>P\u00e4\u00e4ster\u00f5ngas iseendale <\/i>(\u2018A Life-belt for Oneself\u2019, 1983) and the children\u2019s books <i>Riukaraamat <\/i>(\u2018A Book of Tricks\u2019, 1976), and <i>Kogel-mogel<\/i> (\u2018Egg-nog\u2019, 1993). The tale <i>Imekaru <\/i>(\u2018The Magic Bear\u2019, 1977) is a parody of an adventure story. The author tried to make her readers think and debate through humour.<\/span><\/span><\/span><\/span>\n<\/p>\n<p style=\"margin-bottom:0.11in\">\n\t<span style=\"color:#000000\"><span style=\"font-size:13px\"><span style=\"font-family:Verdana,Geneva,sans-serif\"><span style=\"line-height:108%\">Helju Rammo also wrote plays for children, published in the collections <i>\u00dcks imelik pimesikum\u00e4ng <\/i>(\u2018A Strange Blind Man\u2019s Buff\u2019, 1975) and <i>Pimesikum\u00e4ngust hambat\u00fclini <\/i>(\u2018From Blind Man\u2019s Buff to the Tooth Quarrel\u2019,1985). Helju Rammo\u2019s plays have been staged in Estonian theatres and outside of Estonia. Rammo also wrote radio plays and plays for adults.<\/span><\/span><\/span><\/span>\n<\/p>\n<p style=\"margin-bottom:0.11in\">\n\t<span style=\"color:#000000\"><span style=\"font-size:13px\"><span style=\"font-family:Verdana,Geneva,sans-serif\"><span style=\"line-height:108%\">Helju Rammo\u2019s stories have appeared in Russian, Belarusian, German and Latvian.<\/span><\/span><\/span><\/span>\n<\/p>\n<p style=\"margin-bottom:0.11in\">\n\t<span style=\"color:#000000\"><span style=\"font-size:13px\"><span style=\"font-family:Verdana,Geneva,sans-serif\"><span style=\"line-height:108%\"><i>L. P. (Translated by C. M.)<\/i><\/span><\/span><\/span><\/span>\n<\/p>\n<p style=\"margin-bottom:0.11in\">\n<\/p><p><span style=\"color:#000000\"><strong><span style=\"font-size:16px\"><span style=\"font-family:Verdana,Geneva,sans-serif\"><span style=\"line-height:108%\">Books in Estonian<\/span><\/span><\/span><\/strong><\/span>\n<\/p>\n<p class=\"western\" style=\"margin-bottom:0.11in\" lang=\"et-EE\">\n\t<span style=\"color:#000000\"><span style=\"font-size:13px\"><span style=\"font-family:Verdana,Geneva,sans-serif\"><strong><em>Children\u2019s prose<\/em><\/strong><br><font style=\"14pt\"><strong>Salgajuht Mare<\/strong> [jutustus]. Tallinn: Eesti Raamat, 1966. 80 lk.<br><strong>\u00dcks omamoodi poiss<\/strong> [jutustused]. Tallinn: Eesti Raamat, 1968. 55 lk.<br><strong>Passita t\u00e4ismees<\/strong>. Tallinn: Eesti Raamat, 1970. 148 lk.<br><strong>Riukaraamat<\/strong>. Tallinn: Eesti Raamat, 1976. 80 lk.<br><strong>Imekaru<\/strong>: kriminull v\u00e4ikestele, mida v\u00f5ivad lugeda ka suured. Tallinn: Eesti Raamat, 1977. 65 lk.<br><strong>P\u00e4\u00e4ster\u00f5ngas iseendale<\/strong>: jutte ja n\u00e4idendeid keskmisele koolieale. Tallinn: Eesti Raamat, 1983. 129 lk.<br><strong>Pimesikum\u00e4ngust hambat\u00fclini<\/strong>: jutustused ja n\u00e4idendid keskmisele koolieale. Tallinn: Eesti Raamat, 1985. 207 lk.<br><strong>Kogelmogel<\/strong>: 21 juttu Kriste-Kajast. Tallinn: Oktoober, 1993. 44 lk.<br><strong>Pea on peaasi<\/strong>. Tallinn: Spin Press, 1998. 87 lk.<\/font><\/span><\/span><\/span>\n<\/p>\n<p class=\"western\" style=\"margin-bottom:0.11in\" lang=\"et-EE\">\n\t<span style=\"color:#000000\"><span style=\"font-size:13px\"><span style=\"font-family:Verdana,Geneva,sans-serif\"><font style=\"14pt\"><strong><em>Plays<\/em><\/strong><br><strong>Tagurpidi<\/strong> [l\u00fchin\u00e4idend]. Tallinn: Ajalehtede-Ajakirjade Kirjastus, 1959. 16 lk.<br><strong>\u00dcks imelik pimesikum\u00e4ng<\/strong> [kolm n\u00e4idendit nooremale ja keskmisele koolieale]. Tallinn: Eesti Raamat, 1975. 180 lk.<\/font><br><strong>P\u00e4\u00e4ster\u00f5ngas iseendale<\/strong>: jutte ja n\u00e4idendeid keskmisele koolieale. Tallinn: Eesti Raamat, 1983. 129 lk.<br><strong>Pimesikum\u00e4ngust hambat\u00fclini<\/strong>: jutustused ja n\u00e4idendid keskmisele koolieale. Tallinn: Eesti Raamat, 1985. 207 lk.<\/span><\/span><\/span>\n<\/p>\n<p style=\"margin-bottom:0.11in\">\n\t\u00a0<\/p>\n","protected":false},"excerpt":{"rendered":"<p>Short stories Plays \u00a0 Helju Rammo (9. V 1926 \u2013 25. VII 1998) was a children\u2019s author and playwright. She was born in Tallinn, the daughter of a florist, from 1934 to 1941 attended number 14 primary school in Tallinn, &#8230;<\/p>\n","protected":false},"author":43,"featured_media":0,"parent":686,"menu_order":0,"comment_status":"closed","ping_status":"closed","template":"","meta":{"_acf_changed":false,"inline_featured_image":false,"footnotes":""},"class_list":["post-379","page","type-page","status-publish","hentry"],"acf":[],"_links":{"self":[{"href":"https:\/\/sisu.ut.ee\/ewod\/wp-json\/wp\/v2\/pages\/379","targetHints":{"allow":["GET"]}}],"collection":[{"href":"https:\/\/sisu.ut.ee\/ewod\/wp-json\/wp\/v2\/pages"}],"about":[{"href":"https:\/\/sisu.ut.ee\/ewod\/wp-json\/wp\/v2\/types\/page"}],"author":[{"embeddable":true,"href":"https:\/\/sisu.ut.ee\/ewod\/wp-json\/wp\/v2\/users\/43"}],"replies":[{"embeddable":true,"href":"https:\/\/sisu.ut.ee\/ewod\/wp-json\/wp\/v2\/comments?post=379"}],"version-history":[{"count":1,"href":"https:\/\/sisu.ut.ee\/ewod\/wp-json\/wp\/v2\/pages\/379\/revisions"}],"predecessor-version":[{"id":4688,"href":"https:\/\/sisu.ut.ee\/ewod\/wp-json\/wp\/v2\/pages\/379\/revisions\/4688"}],"up":[{"embeddable":true,"href":"https:\/\/sisu.ut.ee\/ewod\/wp-json\/wp\/v2\/pages\/686"}],"wp:attachment":[{"href":"https:\/\/sisu.ut.ee\/ewod\/wp-json\/wp\/v2\/media?parent=379"}],"curies":[{"name":"wp","href":"https:\/\/api.w.org\/{rel}","templated":true}]}}