{"id":338,"date":"2024-04-03T23:39:41","date_gmt":"2024-04-03T20:39:41","guid":{"rendered":"https:\/\/sisu.ut.ee\/ewod\/reviews\/"},"modified":"2024-04-04T00:10:20","modified_gmt":"2024-04-03T21:10:20","slug":"reviews","status":"publish","type":"page","link":"https:\/\/sisu.ut.ee\/ewod\/anthologies\/reviews\/","title":{"rendered":"Reviews of anthologies and special issues of journals"},"content":{"rendered":"<p><span style=\"font-family: verdana, geneva\" data-mce-mark=\"1\"><strong><em><span style=\"font-family: verdana, geneva\" data-mce-mark=\"1\">English<br><\/span><\/em><\/strong><span style=\"font-family: verdana, geneva\" data-mce-mark=\"1\">Paul Binding,\u00a0<\/span><strong><span style=\"font-family: verdana, geneva\" data-mce-mark=\"1\"><a href=\"http:\/\/www.the-tls.co.uk\/tls\/reviews\/other_categories\/article833680.ece\">Do you think I\u2019d let you go?<\/a><\/span><\/strong><span style=\"font-family: verdana, geneva\" data-mce-mark=\"1\">. \u2013 Times Literary Supplement, Dec 2, 2011. [About the prose anthology \u2018The Dedalus Book of Estonian Literature\u2019.]<br>Rutt Hinrikus, Janika Kronberg, <a href=\"http:\/\/elm.estinst.ee\/issue\/21\/short-outlines-books-estonian-authors\/\" target=\"_blank\" rel=\"noopener\"><strong>Short Outlines of Books by Estonian Authors<\/strong><\/a>. \u2013 Estonian Literary Magazine, no 21, 2005. [About \u2019\u00d5udne Eesti. Valimik eesti \u00f5udusjutte\u2019 (\u2019Horrible Estonia. A Selection of Estonian Horror Stories\u2019).]<br><\/span><\/span><span style=\"font-family: verdana, geneva\" data-mce-mark=\"1\">J\u00fcri Talvet,\u00a0<strong><cite>Tuuleaeval valgusest on aerud: Valik eesti moodsat luulet \/ Windship with Oars of Light: Estonian Modern Poetry<\/cite><\/strong><span style=\"font-family: verdana, geneva\" data-mce-mark=\"1\"><strong>\u00a0by Doris Kareva, Elmar Maripuu<\/strong>. \u2013 World Literature Today, v<span style=\"font-family: verdana, geneva\" data-mce-mark=\"1\">ol 77, no 1, 2003, pp 114-115. [About the poetry collection \u2018Windship with Oars of Light\u2019]<br><\/span><\/span>Ene-Reet Soovik,\u00a0<a href=\"http:\/\/elm.estinst.ee\/issue\/13\/windship-oars-light\/\"><strong>Windship with oars of light<\/strong><\/a>. \u2013 Estonian Literary Magazine, no 13, 2001.\u00a0<span>[About the poetry collection \u2018Windship with Oars of Light\u2019]<\/span><br>Ilmar Mikiver,\u00a0<strong><cite>Estonian Short Stories<\/cite><\/strong><span style=\"font-family: verdana, geneva\" data-mce-mark=\"1\"><strong>\u00a0by Kajar Pruul, Darlene Reddaway, Ritva Poom<\/strong>. \u2013 World Literature Today, v<span style=\"font-family: verdana, geneva\" data-mce-mark=\"1\">ol 71, no 3, 1997, p 620. [About the short story collection \u2018Estonian short stories\u2019]<\/span><\/span><br>Maire J. Kurrik,\u00a0<\/span><span style=\"font-family: verdana, geneva\" data-mce-mark=\"1\"><strong>Der letzte Strandr\u00e4uber: Estnische Erz\u00e4hlungen aus sieben Jahrzehnten<\/strong>. \u2013\u00a0<\/span><span style=\"font-family: verdana, geneva\" data-mce-mark=\"1\">Books Abroad, v<\/span><span style=\"font-family: verdana, geneva\" data-mce-mark=\"1\">ol 50, no 4, 1976, pp. 920-921. [About the short story collection \u2018<span style=\"font-family: verdana, geneva\" data-mce-mark=\"1\">Der letzte Strandr\u00e4uber: Estnische Erz\u00e4hlungen aus sieben Jahrzehnten\u2019.]<br>Mati Sirkel, <a href=\"http:\/\/elm.estinst.ee\/issue\/10\/gathering-flowers\/\"><strong>Gathering the Flowers<\/strong><\/a>. \u2013 Estonian Literary Magazine, no 10, 2000.[On various Estonian poetry anthologies in Dutch, German, Latvian etc.]<\/span><\/span><\/p>\n<p><span style=\"font-family: verdana, geneva\" data-mce-mark=\"1\"><span data-mce-mark=\"1\"><\/span><\/span><\/p>\n<p><span style=\"font-family: verdana, geneva\" data-mce-mark=\"1\"><\/span><\/p>\n<p><span style=\"font-family: verdana, geneva\"><strong style=\"line-height: 1.6em\"><em>Hungarian<br><\/em><\/strong>L. Varga P\u00e9ter, <strong style=\"font-family: verdana, geneva;line-height: 1.6em\">\u00c9l\u0151 \u00e9szt \u2013 a Pluralica tolm\u00e1csol\u00e1s\u00e1ban<\/strong>. Prae, no 3, 2010, pp 140-142. [About Pluralica, no 1-2, 2009, the special edition on Estonian literature. See\u00a0<a style=\"font-family: verdana, geneva;line-height: 1.6em\" href=\"https:\/\/sisu.ut.ee\/ewod\/anthologies\/prae\"><strong>contents<\/strong><\/a>\u00a0of Prae\u2019s special edition of Estonian literature.]<br>K\u00fc\u0171 Anita, <strong style=\"font-family: verdana, geneva;line-height: 1.6em\">T\u00f6rt\u00e9nelem \u00e9s (\u00faj) id\u0151(k)<\/strong>. Pluralica, no 1-2, 2009, pp 410-412. [About the anthology \u2018T\u00f6rt\u00e9nelem \u00e9s id\u0151: mai \u00e9szt elbesz\u00e9l\u00e9sek\u2019 (Szombathely: 2007). See\u00a0<a style=\"font-family: verdana, geneva;line-height: 1.6em\" href=\"https:\/\/sisu.ut.ee\/ewod\/anthologies\/pluralica\"><strong>contents<\/strong><\/a>\u00a0of the special issue of Pluralica about contemporary Estonian literature.]<\/span><\/p>\n<p><span style=\"font-family: verdana, geneva\"><strong><em>Russian<\/em><\/strong><br>\u041b\u0435\u0432 \u0410\u043d\u043d\u0438\u043d\u0441\u043a\u0438\u0439, <strong>\u0423 \u0441\u0435\u0431\u044f \u0432 \u0437\u0435\u0440\u043a\u0430\u043b\u0435<\/strong>. \u2013 \u0422\u0430\u043b\u043b\u0438\u043d\u043d, no 16, 2000, pp 104-110; \u0414\u0440\u0443\u0436\u0431\u0430 \u043d\u0430\u0440\u043e\u0434\u043e\u0432, no 11, 2000, pp 209-215. [About the anthology \u2019\u041d\u043e\u0432\u0430\u044f \u044d\u0441\u0442\u043e\u043d\u0441\u043a\u0430\u044f \u043d\u043e\u0432\u0435\u043b\u043b\u0430: 1990-\u0435 \u0433\u043e\u0434\u044b\u2019 (1999).]<br>\u041d\u0430\u0444\u0442\u043e\u043b\u0438\u0439 \u0411\u0430\u0441\u0441\u0435\u043b\u044c, <strong>Quo vadis, \u042d\u0441\u0442\u043e\u043d\u0441\u043a\u0430\u044f \u043d\u043e\u0432\u0435\u043b\u043b\u0430?<\/strong>. \u2013 \u0422\u0430\u043b\u043b\u0438\u043d\u043d, no 16, \u00a02000, pp 94-103; \u041d\u0430\u0444\u0442\u043e\u043b\u0438\u0439 \u0411\u0430\u0441\u0441\u0435\u043b\u044c, \u0421\u043e\u043f\u0440\u0438\u0447\u0430\u0441\u0442\u043d\u043e\u0441\u0442\u044c: \u0440\u0443\u0441\u0441\u043a\u043e\u043c\u0443 \u0447\u0438\u0442\u0430\u0442\u0435\u043b\u044e \u043e\u0431 \u044d\u0441\u0442\u043e\u043d\u0441\u043a\u043e\u0439 \u043b\u0438\u0442\u0435\u0440\u0430\u0442\u0443\u0440\u0435: \u0441\u0431\u043e\u0440\u043d\u0438\u043a \u0441\u0442\u0430\u0442\u0435\u0439 \u0438 \u043c\u0430\u0442\u0435\u0440\u0438\u0430\u043b\u043e\u0432. \u0422\u0430\u043b\u043b\u0438\u043d\u043d: \u042d\u0441\u0442\u043e\u043d\u043e-\u0430\u043c\u0435\u0440\u0438\u043a\u0430\u043d\u0441\u043a\u0438\u0439 \u0431\u0438\u0437\u043d\u0435\u0441-\u043a\u043e\u043b\u043b\u0435\u0434, 2002, pp 101-112.<br>\u0411\u043e\u0440\u0438\u0441 \u0422\u0443\u0445, <strong>\u041f\u043e \u0441\u043b\u0435\u0434\u0430\u043c \u201e\u0427\u0435\u0440\u043d\u043e\u0439 \u043a\u043d\u0438\u0433\u0438\u201c<\/strong>. \u2013 \u0412\u0435\u0441\u0442\u0438 \u2013 \u041d\u0435\u0434\u0435\u043b\u044f \u043f\u043b\u044e\u0441, May 28, 1999. [About the anthology \u2019\u041d\u043e\u0432\u0430\u044f \u044d\u0441\u0442\u043e\u043d\u0441\u043a\u0430\u044f \u043d\u043e\u0432\u0435\u043b\u043b\u0430: 1990-\u0435 \u0433\u043e\u0434\u044b\u2019 (1999).]<br><\/span><\/p>\n","protected":false},"excerpt":{"rendered":"<p>EnglishPaul Binding,\u00a0Do you think I\u2019d let you go?. \u2013 Times Literary Supplement, Dec 2, 2011. [About the prose anthology \u2018The Dedalus Book of Estonian Literature\u2019.]Rutt Hinrikus, Janika Kronberg, Short Outlines of Books by Estonian Authors. \u2013 Estonian Literary Magazine, no &#8230;<\/p>\n","protected":false},"author":43,"featured_media":0,"parent":1214,"menu_order":0,"comment_status":"closed","ping_status":"closed","template":"","meta":{"_acf_changed":false,"inline_featured_image":false,"footnotes":""},"class_list":["post-338","page","type-page","status-publish","hentry"],"acf":[],"_links":{"self":[{"href":"https:\/\/sisu.ut.ee\/ewod\/wp-json\/wp\/v2\/pages\/338","targetHints":{"allow":["GET"]}}],"collection":[{"href":"https:\/\/sisu.ut.ee\/ewod\/wp-json\/wp\/v2\/pages"}],"about":[{"href":"https:\/\/sisu.ut.ee\/ewod\/wp-json\/wp\/v2\/types\/page"}],"author":[{"embeddable":true,"href":"https:\/\/sisu.ut.ee\/ewod\/wp-json\/wp\/v2\/users\/43"}],"replies":[{"embeddable":true,"href":"https:\/\/sisu.ut.ee\/ewod\/wp-json\/wp\/v2\/comments?post=338"}],"version-history":[{"count":1,"href":"https:\/\/sisu.ut.ee\/ewod\/wp-json\/wp\/v2\/pages\/338\/revisions"}],"predecessor-version":[{"id":4735,"href":"https:\/\/sisu.ut.ee\/ewod\/wp-json\/wp\/v2\/pages\/338\/revisions\/4735"}],"up":[{"embeddable":true,"href":"https:\/\/sisu.ut.ee\/ewod\/wp-json\/wp\/v2\/pages\/1214"}],"wp:attachment":[{"href":"https:\/\/sisu.ut.ee\/ewod\/wp-json\/wp\/v2\/media?parent=338"}],"curies":[{"name":"wp","href":"https:\/\/api.w.org\/{rel}","templated":true}]}}