{"id":319,"date":"2024-04-03T23:39:39","date_gmt":"2024-04-03T20:39:39","guid":{"rendered":"https:\/\/sisu.ut.ee\/ewod\/trapeezh\/"},"modified":"2024-04-04T00:10:24","modified_gmt":"2024-04-03T21:10:24","slug":"trapeezh","status":"publish","type":"page","link":"https:\/\/sisu.ut.ee\/ewod\/t\/trapeezh\/","title":{"rendered":"Albert Trapee\u017e"},"content":{"rendered":"<p>\n\t<span style=\"font-size:16px\"><strong><span style=\"font-family:Verdana,Geneva,sans-serif\"><a data-url=\"https:\/\/sisu.ut.ee\/ewod\/t\/trapeezh\/poems\" href=\"https:\/\/sisu.ut.ee\/ewod\/t\/trapeezh\/poems\" title=\"\">Poems<\/a><\/span><\/strong><\/span>\n<\/p>\n<p>\n\t<span style=\"font-size:16px\"><strong><span style=\"font-family:Verdana,Geneva,sans-serif\"><a data-url=\"https:\/\/sisu.ut.ee\/ewod\/t\/trapeezh\/about\" href=\"https:\/\/sisu.ut.ee\/ewod\/t\/trapeezh\/about\" title=\"\">About Albert Trapee\u017e<\/a><\/span><\/strong><\/span>\n<\/p>\n<p>Albert Trapee\u017e is a fictional writer with made-up biography. Most of what has been published under the name of Albert Trapee\u017e was written by Leonhard (Leo) Lapin (29 December 1947 \u2013 28 February 2022). Leonhard Lapin was an architect, artist, historian of architecture\u00a0and poet.\n<\/p>\n<p>\n\tLeonhard Lapin completed secondary school at R\u00e4pina in 1965. From 1966\u20131971, he studied architecture at the State Art Institute of the Estonian SSR. From 1971\u20131974, Lapin worked as an architect at Tallinn Restoration Department. From 1977, he was a member of the Estonian Artists\u2019 Association and from 1982 of the Estonian Association of Architects. From 1990, Lapin was a lecturer at the Estonian Academy of Arts, from 1995 a professor. From 1991\u20131993, he was chief editor of the journal <em>Ehituskunst<\/em>.\n<\/p>\n<p>\n\tLeonhard Lapin became known in the 1970s with his drawings and graphic art. As a leading representative of Estonian avant-garde art, he became quickly known in the Soviet Union and the Baltic Sea region. He made the first happenings and performances in Estonia.\n<\/p>\n<p>\n\tFrom the 1970s, Lapin, under the name of Albert Trapee\u017e, intentionally wrote poetry that did not follow the norms accepted in Soviet Estonia and was unlikely to be published. The song lyrics of Trapee\u017e were used by the legendary Estonian punk band Propeller; his poems also appeared in self-published collections and magazines. Trapee\u017e\u2019s texts also appeared in the books of other writers, for example <a data-url=\"https:\/\/sisu.ut.ee\/ewod\/k\/kandler\" href=\"https:\/\/sisu.ut.ee\/ewod\/k\/kandler\" title=\"\">Tiit K\u00e4ndler<\/a> and <a data-url=\"https:\/\/sisu.ut.ee\/ewod\/v\/vint\" href=\"https:\/\/sisu.ut.ee\/ewod\/v\/vint\" title=\"\">Toomas Vint<\/a>. After the restoration of Estonia\u2019s independence, several collections of Trapee\u017e\u2019s poetry have been published.\n<\/p>\n<p>\n\tTrapee\u017e practised erotic doggerels, punk poetry and occasional poetry, and invented the Estonian poetic form <em>hauku<\/em> (dog\u2019s bark), which resembles the Japanese haiku.\n<\/p>\n<p>\n\t<em>L. P. (Translated by I. A.)<\/em>\n<\/p>\n<p><strong><span style=\"font-size:16px\">Books in Estonian<\/span><\/strong>\n<\/p>\n<p>\n\t<strong><em>Poetry<\/em><\/strong><br><strong>Sitased seitsmek\u00fcmnendad<\/strong>: ebatsensuurset luulet a. 1969\u20131977. Tallinn: L. Lapin, 1993. 61 lk.<br><strong>H\u00e4\u00e4litsusi ja s\u00f5nu<\/strong>: poeem 13. h\u00e4\u00e4lele: hinget\u00f5mme aastaist 1984\u20131985. Tallinn, 1995. 87 lk.<br><strong>Kaunimad laulud<\/strong>: luulet m\u00f6\u00f6dunud sajandist. Tallinn: Umara, 2000. 110 lk.<br><strong>V\u00f5ta suhu s\u00f5na<\/strong>. Tallinn: Eesti Keele Sihtasutus, 2011. 91 lk.<br><strong>Armastades<\/strong>. Tallinn: Eesti Keele Sihtasutus, 2012. 48 lk.<br><strong>Kollased sandaalid<\/strong> [elagu skandaalid]. Tallinn: N\u00e4o Kirik, 2018. 79 lk.<\/p>\n","protected":false},"excerpt":{"rendered":"<p>Poems About Albert Trapee\u017e Albert Trapee\u017e is a fictional writer with made-up biography. Most of what has been published under the name of Albert Trapee\u017e was written by Leonhard (Leo) Lapin (29 December 1947 \u2013 28 February 2022). Leonhard Lapin &#8230;<\/p>\n","protected":false},"author":43,"featured_media":0,"parent":709,"menu_order":0,"comment_status":"closed","ping_status":"closed","template":"","meta":{"_acf_changed":false,"inline_featured_image":false,"footnotes":""},"class_list":["post-319","page","type-page","status-publish","hentry"],"acf":[],"_links":{"self":[{"href":"https:\/\/sisu.ut.ee\/ewod\/wp-json\/wp\/v2\/pages\/319","targetHints":{"allow":["GET"]}}],"collection":[{"href":"https:\/\/sisu.ut.ee\/ewod\/wp-json\/wp\/v2\/pages"}],"about":[{"href":"https:\/\/sisu.ut.ee\/ewod\/wp-json\/wp\/v2\/types\/page"}],"author":[{"embeddable":true,"href":"https:\/\/sisu.ut.ee\/ewod\/wp-json\/wp\/v2\/users\/43"}],"replies":[{"embeddable":true,"href":"https:\/\/sisu.ut.ee\/ewod\/wp-json\/wp\/v2\/comments?post=319"}],"version-history":[{"count":1,"href":"https:\/\/sisu.ut.ee\/ewod\/wp-json\/wp\/v2\/pages\/319\/revisions"}],"predecessor-version":[{"id":4759,"href":"https:\/\/sisu.ut.ee\/ewod\/wp-json\/wp\/v2\/pages\/319\/revisions\/4759"}],"up":[{"embeddable":true,"href":"https:\/\/sisu.ut.ee\/ewod\/wp-json\/wp\/v2\/pages\/709"}],"wp:attachment":[{"href":"https:\/\/sisu.ut.ee\/ewod\/wp-json\/wp\/v2\/media?parent=319"}],"curies":[{"name":"wp","href":"https:\/\/api.w.org\/{rel}","templated":true}]}}