{"id":266,"date":"2024-04-03T23:39:35","date_gmt":"2024-04-03T20:39:35","guid":{"rendered":"https:\/\/sisu.ut.ee\/ewod\/children-et\/"},"modified":"2024-04-04T00:10:32","modified_gmt":"2024-04-03T21:10:32","slug":"children","status":"publish","type":"page","link":"https:\/\/sisu.ut.ee\/ewod\/b\/beekman\/children\/","title":{"rendered":"Vladimir Beekman &#8211; children&#8217;s stories"},"content":{"rendered":"<p>\n\t<strong><span style=\"font-size:16px\"><span style=\"font-family:Verdana,Geneva,sans-serif\">Books<\/span><\/span><\/strong>\n<\/p>\n<p>\n\t<span style=\"font-size:13px\"><span style=\"font-family:Verdana,Geneva,sans-serif\"><strong><em>Hungarian<\/em><\/strong><br>Vlagyimir Beekman, <strong>A vast\u00f6rpe<\/strong>. Forditas: Antal Mikl\u00f3s. Budapest: M\u00f3ra, 1982, 165 pp. [\u2018Raua-Roobert\u2019.]<\/span><\/span>\n<\/p>\n<p>\n\t<span style=\"font-size:13px\"><span style=\"font-family:Verdana,Geneva,sans-serif\"><strong><em>Lithuanian<\/em><\/strong><br>Vladimiras Bekmanas, <strong>Atomiukas ir kibernetine me\u0161ka<\/strong>. Verte Stasys Skordenis; iliustravo E. Valteris. Vilnius: Vaga, 1971, 39 pp. [\u2018Aatomik ja K\u00fcberneetiline Karu\u2019.]<br>Vladimiras Bekmanas. <strong>Atomiukas<\/strong>. Verte Stasys Skrodenis; iliustravo E. Valteris. Vilnius: Vaga, 1969, 22 pp. [\u2018Aatomik\u2019.]<\/span><\/span>\n<\/p>\n<p>\n\t<span style=\"font-size:13px\"><span style=\"font-family:Verdana,Geneva,sans-serif\"><strong><em>Russian<\/em><\/strong><br>\u0412\u043b\u0430\u0434\u0438\u043c\u0438\u0440 \u0411\u044d\u044d\u043a\u043c\u0430\u043d, <strong>\u0410\u0442\u043e\u043c\u0438\u043a: \u043c\u0443\u043b\u044c\u0442\u0444\u0438\u043b\u044c\u043c \u0434\u043b\u044f \u0434\u0435\u0442\u0435\u0439<\/strong>. \u041f\u0435\u0440\u0435\u0432\u043e\u0434 \u0441 \u044d\u0441\u0442\u043e\u043d\u0441\u043a\u043e\u0433\u043e: \u0413. \u0414\u0438\u043e\u043c\u0438\u0434\u043e\u0432\u0430; \u0445\u0443\u0434\u043e\u0436\u043d\u0438\u043a \u0425. \u0421\u0430\u043c\u043f\u0443. \u0422\u0430\u043b\u043b\u0438\u043d\u043d: \u041f\u0435\u0440\u0438\u043e\u0434\u0438\u043a\u0430, 1980, 19 pp. [\u2018Aatomik\u2019 (filmistsernaarium).]<br>\u0412\u043b\u0430\u0434\u0438\u043c\u0438\u0440 \u0411\u044d\u044d\u043a\u043c\u0430\u043d, <strong>\u0420\u043e\u0431\u0435\u0440\u0442 \u2013 \u0445\u0440\u0430\u043d\u0438\u0442\u0435\u043b\u044c \u0436\u0435\u043b\u0435\u0437\u0430<\/strong>. \u041f\u0435\u0440\u0435\u0432\u043e\u0434 \u0441 \u044d\u0441\u0442\u043e\u043d\u0441\u043a\u043e\u0433\u043e \u0415. \u041b\u0435\u0439\u0442; \u0438\u043b. \u0418. \u0421\u0430\u043c\u043f\u0443-\u0420\u0430\u0443\u0434\u0441\u0435\u043f\u043f. Tallinn: \u042d\u044d\u0441\u0442\u0438 \u0420\u0430\u0430\u043c\u0430\u0442, 1975, 128 pp. [\u2018Raua-Roobert\u2019.]<br>\u0412\u043b\u0430\u0434\u0438\u043c\u0438\u0440 \u0411\u044d\u044d\u043a\u043c\u0430\u043d, <strong>\u041f\u043e \u0434\u043e\u0440\u043e\u0433\u0435 \u0432 \u0421\u0438\u043d\u0438\u043e\u0440\u0443: \u043f\u043e\u0432\u0435\u0441\u0442\u044c<\/strong>. \u0410\u0432\u0442\u043e\u0440\u0438\u0437\u043e\u0432\u0430\u043d\u043d\u044b\u0439 \u043f\u0435\u0440\u0435\u0432\u043e\u0434 \u0441 \u044d\u0441\u0442\u043e\u043d\u0441\u043a\u043e\u0433\u043e: \u0410. \u0422\u0443\u043b\u0438\u043a; \u0438\u043b\u043b\u044e\u0441\u0442\u0440\u0430\u0446\u0438\u0438: \u0412. \u0422\u044b\u043d\u0438\u0441\u043e\u043d. \u0422\u0430\u043b\u043b\u0438\u043d\u043d: \u042d\u0441\u0442\u043e\u043d\u0441\u043a\u043e\u0435 \u0433\u043e\u0441\u0443\u0434\u0430\u0440\u0441\u0442\u0432\u0435\u043d\u043d\u043e\u0435 \u0438\u0437\u0434\u0430\u0442\u0435\u043b\u044c\u0441\u0442\u0432\u043e, 1956, 87 pp. [\u2018Teekond Siniorgu\u2019.]<\/span><\/span>\n<\/p>\n<p>\n\t<br><strong><span style=\"font-size:16px\"><span style=\"font-family:Verdana,Geneva,sans-serif\">In anthologies and magazines<\/span><\/span><\/strong>\n<\/p>\n<p>\n\t<span style=\"font-size:13px\"><span style=\"font-family:Verdana,Geneva,sans-serif\"><strong><em>Russian<\/em><\/strong><br>\u0412\u043b\u0430\u0434\u0438\u043c\u0438\u0440 \u0411\u044d\u044d\u043a\u043c\u0430\u043d, <strong>\u0420\u043e\u0431\u0435\u0440\u0442 \u2013 \u0445\u0440\u0430\u043d\u0438\u0442\u0435\u043b\u044c \u0436\u0435\u043b\u0435\u0437\u0430<\/strong>. \u2013 \u0412\u043e \u0438\u043c\u044f \u0434\u0440\u0443\u0436\u0431\u044b (\u0430\u043d\u0442\u043e\u043b\u043e\u0433\u0438\u044f \u0441\u043e\u0432\u0440\u0435\u043c\u0435\u043d\u043d\u043e\u0439 \u0434\u0435\u0442\u0441\u043a\u043e\u0439 \u043f\u0440\u043e\u0437\u044b). \u0422\u043e\u043c 1-2. \u0421\u043e\u0441\u0442\u0430\u0432\u0438\u0442\u0435\u043b\u044c \u0410. \u042f\u0430\u043a\u0441\u043e\u043e. \u0422\u0430\u043b\u043b\u0438\u043d\u043d: \u042d\u044d\u0441\u0442\u0438 \u0440\u0430\u0430\u043c\u0430\u0442, 1975, 402+424 pp. [\u2019Raua-Roobert\u2019, excerpt. See <strong><a data-url=\"https:\/\/sisu.ut.ee\/ewod\/anthologies\/detskajaproza\" href=\"https:\/\/sisu.ut.ee\/ewod\/anthologies\/detskajaproza\" title=\"\">contents<\/a><\/strong> of the anthology.]<\/span><\/span><\/p>\n","protected":false},"excerpt":{"rendered":"<p>Books HungarianVlagyimir Beekman, A vast\u00f6rpe. Forditas: Antal Mikl\u00f3s. Budapest: M\u00f3ra, 1982, 165 pp. [\u2018Raua-Roobert\u2019.] LithuanianVladimiras Bekmanas, Atomiukas ir kibernetine me\u0161ka. Verte Stasys Skordenis; iliustravo E. Valteris. Vilnius: Vaga, 1971, 39 pp. [\u2018Aatomik ja K\u00fcberneetiline Karu\u2019.]Vladimiras Bekmanas. Atomiukas. Verte Stasys Skrodenis; &#8230;<\/p>\n","protected":false},"author":43,"featured_media":0,"parent":592,"menu_order":0,"comment_status":"closed","ping_status":"closed","template":"","meta":{"_acf_changed":false,"inline_featured_image":false,"footnotes":""},"class_list":["post-266","page","type-page","status-publish","hentry"],"acf":[],"_links":{"self":[{"href":"https:\/\/sisu.ut.ee\/ewod\/wp-json\/wp\/v2\/pages\/266","targetHints":{"allow":["GET"]}}],"collection":[{"href":"https:\/\/sisu.ut.ee\/ewod\/wp-json\/wp\/v2\/pages"}],"about":[{"href":"https:\/\/sisu.ut.ee\/ewod\/wp-json\/wp\/v2\/types\/page"}],"author":[{"embeddable":true,"href":"https:\/\/sisu.ut.ee\/ewod\/wp-json\/wp\/v2\/users\/43"}],"replies":[{"embeddable":true,"href":"https:\/\/sisu.ut.ee\/ewod\/wp-json\/wp\/v2\/comments?post=266"}],"version-history":[{"count":1,"href":"https:\/\/sisu.ut.ee\/ewod\/wp-json\/wp\/v2\/pages\/266\/revisions"}],"predecessor-version":[{"id":4805,"href":"https:\/\/sisu.ut.ee\/ewod\/wp-json\/wp\/v2\/pages\/266\/revisions\/4805"}],"up":[{"embeddable":true,"href":"https:\/\/sisu.ut.ee\/ewod\/wp-json\/wp\/v2\/pages\/592"}],"wp:attachment":[{"href":"https:\/\/sisu.ut.ee\/ewod\/wp-json\/wp\/v2\/media?parent=266"}],"curies":[{"name":"wp","href":"https:\/\/api.w.org\/{rel}","templated":true}]}}