{"id":254,"date":"2024-04-03T23:39:34","date_gmt":"2024-04-03T20:39:34","guid":{"rendered":"https:\/\/sisu.ut.ee\/ewod\/booksinlatvian\/"},"modified":"2024-04-04T00:10:35","modified_gmt":"2024-04-03T21:10:35","slug":"booksinlatvian","status":"publish","type":"page","link":"https:\/\/sisu.ut.ee\/ewod\/folklore\/booksinlatvian\/","title":{"rendered":"Estonian folklore &#8211; books in Latvian"},"content":{"rendered":"<p><span style=\"font-family: verdana, geneva\"><strong>Ludzas igau\u0146u pasakas<\/strong>. Redaktore Sandra Godi\u0146a; no igauvu valodas tulkojis Guntars Godi\u0146\u0161. R\u012bga: Mansards, 2015, 541 lk. [Tales by the Ludza Estonians who lived in Latvia. Contents: Oskara Kallasa pierakst\u012bt\u0101s Ludzas igau\u0146u pasakas, redi\u0123\u0113ju\u0161i un koment\u0113ju\u0161i Risto Jervs (Risto J\u00e4rv), Mairi K\u0101sika (Mairi Kaasik), Keri Tomeosa-Orgl\u0101na (K\u00e4rri Toomeos-Orglaan); Paulopr\u012bta Volaines un Augusta Sanga pierakst\u012bt\u0101s Ludzas igau\u0146u un citu tautu pasakas, sast\u0101d\u012bju\u0161i un redi\u0123\u0113ju\u0161i Inge Annoma (Inge Annom), Mairi K\u0101sika (Mairi Kaasik), Keri Tomeosa-Orgl\u0101na (K\u00e4rri Toomeos-Orglaan).]<\/span><\/p>\n","protected":false},"excerpt":{"rendered":"<p>Ludzas igau\u0146u pasakas. Redaktore Sandra Godi\u0146a; no igauvu valodas tulkojis Guntars Godi\u0146\u0161. R\u012bga: Mansards, 2015, 541 lk. [Tales by the Ludza Estonians who lived in Latvia. Contents: Oskara Kallasa pierakst\u012bt\u0101s Ludzas igau\u0146u pasakas, redi\u0123\u0113ju\u0161i un koment\u0113ju\u0161i Risto Jervs (Risto J\u00e4rv), &#8230;<\/p>\n","protected":false},"author":43,"featured_media":0,"parent":1174,"menu_order":0,"comment_status":"closed","ping_status":"closed","template":"","meta":{"_acf_changed":false,"inline_featured_image":false,"footnotes":""},"class_list":["post-254","page","type-page","status-publish","hentry"],"acf":[],"_links":{"self":[{"href":"https:\/\/sisu.ut.ee\/ewod\/wp-json\/wp\/v2\/pages\/254","targetHints":{"allow":["GET"]}}],"collection":[{"href":"https:\/\/sisu.ut.ee\/ewod\/wp-json\/wp\/v2\/pages"}],"about":[{"href":"https:\/\/sisu.ut.ee\/ewod\/wp-json\/wp\/v2\/types\/page"}],"author":[{"embeddable":true,"href":"https:\/\/sisu.ut.ee\/ewod\/wp-json\/wp\/v2\/users\/43"}],"replies":[{"embeddable":true,"href":"https:\/\/sisu.ut.ee\/ewod\/wp-json\/wp\/v2\/comments?post=254"}],"version-history":[{"count":1,"href":"https:\/\/sisu.ut.ee\/ewod\/wp-json\/wp\/v2\/pages\/254\/revisions"}],"predecessor-version":[{"id":4825,"href":"https:\/\/sisu.ut.ee\/ewod\/wp-json\/wp\/v2\/pages\/254\/revisions\/4825"}],"up":[{"embeddable":true,"href":"https:\/\/sisu.ut.ee\/ewod\/wp-json\/wp\/v2\/pages\/1174"}],"wp:attachment":[{"href":"https:\/\/sisu.ut.ee\/ewod\/wp-json\/wp\/v2\/media?parent=254"}],"curies":[{"name":"wp","href":"https:\/\/api.w.org\/{rel}","templated":true}]}}