{"id":2196,"date":"2024-04-03T23:42:40","date_gmt":"2024-04-03T20:42:40","guid":{"rendered":"https:\/\/sisu.ut.ee\/ewod\/lithuanian\/"},"modified":"2024-11-04T13:08:52","modified_gmt":"2024-11-04T11:08:52","slug":"lithuanian","status":"publish","type":"page","link":"https:\/\/sisu.ut.ee\/ewod\/anthologies\/lithuanian\/","title":{"rendered":"Anthologies, special editions of journals &#8211; in Lithuanian"},"content":{"rendered":"<p><br><strong>\u0160viesa \u0160iaurin\u0117. P\u00f5hjamaa valgus<\/strong>. Edited and translated by Danute Sirijos Girait\u0117. Vilnius: Slinktys, 2024, 237 pp. [Poems by J\u00fcri Talvet, Astrid Reinla, Andres Langemets, Doris Kareva, Jaan Malin, Triin Soomets, fs\/Indrek Mesikepp, Karl Martin Sinij\u00e4rv, Maarja Kangro, Mathura, Mihkel Kaevats.]<br><span style=\"font-family: verdana, geneva;\"><strong>Vandenu \u0161alis: estu pasakos<\/strong>. I\u0161 estu kalbos verte Eduardas Astramskas; iliustravo Kazimieras Pa\u0161kauskas, Vilnius: Vagos, 1981, 279 pp. [Fairy tales by\u00a0 Fr. R. Kreutzwald, J. K\u00f5rv, J. Kunder, M. J. Eisen, E. Peterson-S\u00e4rgava, J. Parij\u00f5gi, A. Jakobson and Harri J\u00f5gisalu.]<strong><br>Gra\u017euol\u0117 nuotaka: est\u0173 pasakos<\/strong>. Vert\u0117 E. Astramskas; dailininkas A. Vidalepas. Vilnius: Vaga, 1967, 254 pp. [Fairy tales by F. R. Kreutzwald, J. K\u00f5rv, J. Kunder, M. J. Eisen, E. Peterson-S\u00e4rgava, J. Parij\u00f5gi and A. Jakobson.]<\/span><\/p>\n","protected":false},"excerpt":{"rendered":"<p>\u0160viesa \u0160iaurin\u0117. P\u00f5hjamaa valgus. Edited and translated by Danute Sirijos Girait\u0117. Vilnius: Slinktys, 2024, 237 pp. [Poems by J\u00fcri Talvet, Astrid Reinla, Andres Langemets, Doris Kareva, Jaan Malin, Triin Soomets, fs\/Indrek Mesikepp, Karl Martin Sinij\u00e4rv, Maarja Kangro, Mathura, Mihkel Kaevats.]Vandenu &#8230;<\/p>\n","protected":false},"author":43,"featured_media":0,"parent":1214,"menu_order":0,"comment_status":"closed","ping_status":"closed","template":"","meta":{"_acf_changed":false,"inline_featured_image":false,"footnotes":""},"class_list":["post-2196","page","type-page","status-publish","hentry"],"acf":[],"_links":{"self":[{"href":"https:\/\/sisu.ut.ee\/ewod\/wp-json\/wp\/v2\/pages\/2196","targetHints":{"allow":["GET"]}}],"collection":[{"href":"https:\/\/sisu.ut.ee\/ewod\/wp-json\/wp\/v2\/pages"}],"about":[{"href":"https:\/\/sisu.ut.ee\/ewod\/wp-json\/wp\/v2\/types\/page"}],"author":[{"embeddable":true,"href":"https:\/\/sisu.ut.ee\/ewod\/wp-json\/wp\/v2\/users\/43"}],"replies":[{"embeddable":true,"href":"https:\/\/sisu.ut.ee\/ewod\/wp-json\/wp\/v2\/comments?post=2196"}],"version-history":[{"count":2,"href":"https:\/\/sisu.ut.ee\/ewod\/wp-json\/wp\/v2\/pages\/2196\/revisions"}],"predecessor-version":[{"id":5735,"href":"https:\/\/sisu.ut.ee\/ewod\/wp-json\/wp\/v2\/pages\/2196\/revisions\/5735"}],"up":[{"embeddable":true,"href":"https:\/\/sisu.ut.ee\/ewod\/wp-json\/wp\/v2\/pages\/1214"}],"wp:attachment":[{"href":"https:\/\/sisu.ut.ee\/ewod\/wp-json\/wp\/v2\/media?parent=2196"}],"curies":[{"name":"wp","href":"https:\/\/api.w.org\/{rel}","templated":true}]}}