{"id":2170,"date":"2024-04-03T23:42:37","date_gmt":"2024-04-03T20:42:37","guid":{"rendered":"https:\/\/sisu.ut.ee\/ewod\/pauleerikrummo\/"},"modified":"2024-04-04T00:05:10","modified_gmt":"2024-04-03T21:05:10","slug":"pauleerikrummo","status":"publish","type":"page","link":"https:\/\/sisu.ut.ee\/ewod\/r\/pauleerikrummo\/","title":{"rendered":"Paul-Eerik Rummo"},"content":{"rendered":"<p>\n\t<strong><span style=\"font-size:16px\"><span style=\"font-family:Verdana,Geneva,sans-serif\"><a data-url=\"https:\/\/sisu.ut.ee\/ewod\/r\/pauleerikrummo\/poetry\" href=\"https:\/\/sisu.ut.ee\/ewod\/r\/pauleerikrummo\/poetry\" title=\"\">Poems<\/a><\/span><\/span><\/strong><a href=\"https:\/\/sisu.ut.ee\/wp-content\/uploads\/sites\/108\/rummo_paul-eerik_alar_madissoni_foto.jpg\"><img loading=\"lazy\" decoding=\"async\" width=\"785\" height=\"1200\" class=\"alignnone wp-image-2207\" style=\"width: 200px;height: 306px;float: right\" src=\"https:\/\/sisu.ut.ee\/wp-content\/uploads\/sites\/108\/p_e_rummo_foto_alar_madisson_2.jpg\" title=\"Photo: Alar Madisson\" alt=\"Paul-Eerik Rummo\" srcset=\"https:\/\/sisu.ut.ee\/wp-content\/uploads\/sites\/108\/p_e_rummo_foto_alar_madisson_2.jpg 785w, https:\/\/sisu.ut.ee\/wp-content\/uploads\/sites\/108\/p_e_rummo_foto_alar_madisson_2-196x300.jpg 196w, https:\/\/sisu.ut.ee\/wp-content\/uploads\/sites\/108\/p_e_rummo_foto_alar_madisson_2-670x1024.jpg 670w, https:\/\/sisu.ut.ee\/wp-content\/uploads\/sites\/108\/p_e_rummo_foto_alar_madisson_2-768x1174.jpg 768w\" sizes=\"auto, (max-width: 785px) 100vw, 785px\"><\/a>\n<\/p>\n<p>\n\t<span style=\"font-family:Verdana,Geneva,sans-serif\"><a href=\"https:\/\/sisu.ut.ee\/ewod\/r\/pauleerikrummo\/stories\"><span style=\"font-size: medium\"><strong style=\"line-height: 1.6em\">Short stories<\/strong><\/span><\/a><\/span>\n<\/p>\n<p>\n\t<span style=\"font-family:Verdana,Geneva,sans-serif\"><a href=\"https:\/\/sisu.ut.ee\/ewod\/r\/pauleerikrummo\/plays\"><span style=\"font-size: medium\"><strong style=\"line-height: 1.6em\">Plays<\/strong><\/span><\/a><\/span>\n<\/p>\n<p>\n\t<span style=\"font-family:Verdana,Geneva,sans-serif\"><span style=\"font-size: medium\"><a href=\"https:\/\/sisu.ut.ee\/ewod\/r\/pauleerikrummo\/about\"><strong>About Paul-Eerik Rummo<\/strong><\/a><\/span><\/span>\n<\/p>\n<p><span style=\"font-family:Verdana,Geneva,sans-serif\"><span style=\"font-size: medium\"><span style=\"font-size: small\">Paul-Eerik Rummo (born 19. I 1942) is a poe<\/span><\/span><\/span><span><span style=\"medium\"><span style=\"small\">t and playwright, one of the most prominent authors in the Estonian literature of the nineteen-sixties. He has also published children\u2019s books, literary criticism and translations. His father, <\/span><\/span><\/span><span style=\"font-family:Verdana,Geneva,sans-serif\"><span style=\"font-size: medium\"><span style=\"font-size: small\">Paul Rummo, was also an author.<\/span><\/span><\/span><\/p>\n<p><span style=\"font-size: small\">Paul-Eerik Rummo was born in Tallinn, graduated from Tallinn 2nd Secondary School and thereafter, in 1965, from Tartu State University, specializing in Estonian literature. After a short period working at the Vanemuine Theatre in Tartu, and since doing his military service, he has lived mainly in Tallinn. He was a freelance writer and also worked at the Tallinn Drama Theatre. Since the second half of the nineteen-eighties Rummo has participated in political life; he is a member of the Estonian Reform Party; has repeatedly been elected to parliament; from 1992 to 1994 he was the Minister of Culture and Education of the Republic of Estonia; from 2003 to 2007 he was a Minister of Population and Ethnic Affairs. Paul-Eerik Rummo is married to the writer and actress Viiu H\u00e4rm.<\/span><br><span style=\"font-size: small\">\u00a0<\/span><br><span style=\"font-size: small\">Rummo\u2019s first collection <em>Ankruhiivaja<\/em> (\u2018The Anchor-weigher\u2019, 1962) attracted attention for its youthful optimism and lyricism, augmented in subsequent collections by tragic notes which had a personal background, but also mingled with folk motifs. These tendencies culminated in the third collection <em>Lumevalgus \u2026 lumepimedus<\/em> (\u2018Snow Light \u2026 Snow Darkness\u2019, 1966), which was to become one of the best known works of its time. This book offers a synthesis of the preceding classical poetic tradition with contemporary modernist poetry. By the late nineteen-sixties Rummo\u2019s poetry became more radical and markedly more modernist. A manuscript was prepared, <em>Saatja aadress ja teised luuletused 1968-1972<\/em> (\u2018Sender\u2019s Address and Other Poems 1968-1972\u2019), which, however, did not appear in the nineteen-seventies for political reasons; the whole volume was published in 1989. This collection was characterized by an abandonment of his earlier metaphorical stance, a tendency toward prose and a conceptual approach to literary creation. In parallel with this collection Rummo was writing song lyrics, which were circulating as folk-songs. The impetus for the changes in Rummo\u2019s verse at the time came partly from English- and Finnish-language poetry (T. S. Eliot, Dylan Thomas, Paavo Haavikko, Tuomas Anhava and others) which he has also translated into Estonian.<\/span><br><span style=\"font-size: small\">\u00a0<\/span><br><span style=\"font-size: small\">After the preparation of <em>Saatja aadress<\/em>, which remained in manuscript, Rummo\u2019s poetic creation continued, but there were fewer new poems, and as a rule they appeared together with older texts, in volumes of selected and collected verses. There were no great changes in his writing; the free-verse style he had found in <em>Saatja aadress<\/em> continued, with minor variations.<\/span><br><span style=\"font-size: small\">\u00a0<\/span><br><span style=\"font-size: small\">Since the end of the nineteen-sixties Rummo has written several plays, the first of which have become a fixture in the background of the theatre innovation by the Estonian avant-garde. Rummo\u2019s <em>Tuhkatriinum\u00e4ng<\/em> (\u2018Cinderellagame\u2019) became the best-known play of the sixties in Estonia, appearing in print in 1969 and on the stage at the Vanemuine Theatre in Tartu. It is a re-working of the well-known fairy-tale, in which the Prince, the main character, has come to the castle at the start of the play in search of the \u2018real\u2019 Cinderella. In this search can be seen a model of human existence; and many political interpretations of the work have been offered. <em>Tuhkatriinum\u00e4ng<\/em> was translated into English and staged at La Mama Theatre in New York in 1971. In 1968 Rummo wrote the plays <em>Pseudopus<\/em> and <em>Kotkast \u2013 Prometheust<\/em> (\u2018Eagle, Prometheus\u2019), which harmonized with the spirit of renewal in drama at the time. They were published later, in the journal <em>Looming<\/em> in 1980. Rummo has continued as a playwright; among his more recent plays, <em>Valguse p\u014dik<\/em> (\u2018Light Cross Street\u2019, 1993) and <em>Taevast sajab k\u014dikseaeg kive<\/em> (\u2018It Keeps Raining Stones from the Sky\u2019, 2016) have won the annual Estonian drama awards.<\/span><br><span style=\"font-size: small\">\u00a0<\/span><br><span style=\"font-size: small\">Besides poetry and drama for adults, Rummo has written various works for children over the years. Works that are important for changing the course of Estonian children\u2019s literature are the experimental collection of children\u2019s verse <em>Lugemik, lugemiki<\/em> (1974) and the book of playful retellings of fairy-tales <em>Kokku kolm juttu<\/em> (\u2018Three Tales Altogether\u2019, 1975).<\/span><br><span style=\"font-size: small\">\u00a0<\/span><br><em><span style=\"font-size: small\">M. V. (Translated by C. M.)<\/span><\/em>\n<\/p>\n<p><span style=\"font-family:Verdana,Geneva,sans-serif\"><strong><span style=\"font-size: medium\">Works in Estonian<\/span><\/strong><\/span>\n<\/p>\n<p>\n\t<span style=\"font-family:Verdana,Geneva,sans-serif\"><span style=\"font-size: medium\"><em><span style=\"font-size: small\"><strong>Poems<\/strong><\/span><\/em><br><span style=\"font-size: small\"><strong>Ankruhiivaja: luuletusi 1959\u20131962<\/strong>. Tallinn: Eesti Riiklik Kirjastus, 1962, 54 lk. [Luulekassett \u2018Noored autorid 1962\u2019.]<br><strong>Tule ikka mu r\u00f5\u00f5mude juurde: teine vihik luuletusi<\/strong>. Tallinn: Eesti Riiklik Kirjastus, 1964, 80 lk. \u00a0<br>Paul-Eerik Rummo,<strong> Lumevalgus \u2026 lumepimedus<\/strong>; Enn Vetemaa,<strong> Lumes\u00f5da<\/strong>. Tallinn: Perioodika (<span style=\"font-size: medium\"><span style=\"font-size: small\">Loomingu Raamatukogu<\/span><\/span>), 1966, 46 lk. [Tirelraamat.]<br><strong>Luulet 1960\u20131967<\/strong>. Tallinn: Eesti Raamat, 1968, 136 lk. \u00a0<br><strong>Ajapinde ajab: luulet, juhuluulet, laulus\u00f5nu ja muud eri aegadest<\/strong>. Tallinn: Eesti Raamat, 1985, 176 lk.<br><strong>Oo et s\u00e4demeid kiljuks mu hing: valitud luulet 1957\u20131984<\/strong>. Tallinn: Eesti Raamat, 1985, 280 lk.<br><strong>Saatja aadress ja teised luuletused 1968\u20131972<\/strong>. Tallinn: Kupar, 1989, 112 lk. \u00a0<br><strong>Luuletused<\/strong>. Tallinn: Kupar, 1999, 320 lk. \u00a0<br><strong>Kohvikumuusikat<\/strong>. Tallinn: Eesti Keele Sihtasutus, 2001, 68 lk.<br><strong>Kogutud luule<\/strong>. Tallinn: SE &amp; JS, 2005, 416 lk. \u00a0<br>\u00a0<br><strong><em>Plays<\/em><\/strong><br><strong>Tuhkatriinum\u00e4ng: 6 pildis<\/strong>. Tallinn: Perioodika (<span style=\"font-size: medium\"><span style=\"font-size: small\">Loomingu Raamatukogu)<\/span><\/span>, 1969, 60 lk. [2. tr\u00fckk: 1992.]<br><strong>Pseudopus<\/strong>. Looming, nr 9, 1980, lk 1252-1269.<br><strong>Kotkast \u2013 Prometheust<\/strong>. Looming, nr 9, 1980, lk 1270-1277.<br><strong>Valguse p\u00f5ik<\/strong>. Lavastatud teatris Ugala, 1993.<br><strong>Taevast sajab k\u00f5ikseaeg kive: anakronistlik capriccio kahes vaatuses<\/strong>. Tallinn: Eesti Keele Sihtasutus, 2016, 118 lk. \u00a0<\/span><\/span><\/span><\/p>\n<p><strong><em>Essays and literary criticism<\/em><\/strong><br><strong>Kuldnokk k\u00f5nnib: jooksvast kirjandusest 1964\u20132009<\/strong>. Tartu: Ilmamaa, 2010, 608 lk. [<span style=\"font-size: medium\"><span style=\"font-size: small\">Sari \u2018Eesti m\u00f5ttelugu\u2019, 91.]<\/span><\/span><\/p>\n<p><strong><em>Children\u2019s literature<\/em><\/strong><br><strong>Lugemik, lugemiki<\/strong>. Tallinn: Eesti Raamat, 1974, 32 lk. [Luule.]<br><strong>Kokku kolm juttu<\/strong>. Tallinn: Eesti Raamat, 1975, 26 lk. [Proosa.]<br><strong>V\u00e4rvilind<\/strong>. Tallinn: Perioodika, 1981, 24 lk. [Piltjutustus.]<br><strong>Vigurilood: lugemik, lugemiki<\/strong>. Tallinn: TEA, 2006, 40 lk. [Luule. Sari \u2018<span style=\"font-size: medium\"><span style=\"font-size: small\">Lapse oma luuleraamat\u2019.<\/span><\/span>]<br><strong>Lakkhundikese jutud<\/strong>. Tallinn: TEA, 2008, 48 lk. [Proosa. Sari \u2018<span style=\"font-size: medium\"><span style=\"font-size: small\">TEA lasteraamatute varalaegas\u2019.<\/span><\/span>]<br><strong>Kui l\u00e4hed teele koidu eel<\/strong>. Tallinn: TEA, 2008. 56 lk. <span style=\"font-size: medium\"><span style=\"font-size: small\">[Luule ja proosa. Sari \u2018<span style=\"font-size: medium\"><span style=\"font-size: small\">TEA lasteraamatute varalaegas\u2019.<\/span><\/span>] <\/span><\/span><br><strong>Aknalaua Juss ja s\u00f5brad: j\u00f5ulun\u00e4idend<\/strong>. Tallinn: TEA, 2008, 40 lk.<br><strong>Siil Liis ja teised siilid: jutte ja jutukesi<\/strong>. Tallinn: TEA, 2010, 38 lk. <span style=\"font-size: medium\"><span style=\"font-size: small\">[Sari \u2018<span style=\"font-size: medium\"><span style=\"font-size: small\">TEA lasteraamatute varalaegas\u2019.<\/span><\/span>]<\/span><\/span><br><strong>Tihane t\u00f5stab tiibu: luuletusi lastele<\/strong>. Tallinn: Tammeraamat, 2017, 120 lk.<br><span style=\"font-size:13px\"><strong>Kui hunt veel inimene oli<\/strong>. Jutte lastele. Pildid teinud Kaido Ole. Tallinn: Tammerraamat, 2019, 117 lk.<br><strong>Kuningas, kurgid, Quercus<\/strong>. Juhuslik raamatuke m\u00e4\u00e4ratlemata vanuses \u00f5pilastele. Tallinn: Reaali Kirjastus, 2019, 61 lk. <\/span><\/p>\n","protected":false},"excerpt":{"rendered":"<p>Poems Short stories Plays About Paul-Eerik Rummo Paul-Eerik Rummo (born 19. I 1942) is a poet and playwright, one of the most prominent authors in the Estonian literature of the nineteen-sixties. He has also published children\u2019s books, literary criticism and &#8230;<\/p>\n","protected":false},"author":43,"featured_media":0,"parent":686,"menu_order":0,"comment_status":"closed","ping_status":"closed","template":"","meta":{"_acf_changed":false,"inline_featured_image":false,"footnotes":""},"class_list":["post-2170","page","type-page","status-publish","hentry"],"acf":[],"_links":{"self":[{"href":"https:\/\/sisu.ut.ee\/ewod\/wp-json\/wp\/v2\/pages\/2170","targetHints":{"allow":["GET"]}}],"collection":[{"href":"https:\/\/sisu.ut.ee\/ewod\/wp-json\/wp\/v2\/pages"}],"about":[{"href":"https:\/\/sisu.ut.ee\/ewod\/wp-json\/wp\/v2\/types\/page"}],"author":[{"embeddable":true,"href":"https:\/\/sisu.ut.ee\/ewod\/wp-json\/wp\/v2\/users\/43"}],"replies":[{"embeddable":true,"href":"https:\/\/sisu.ut.ee\/ewod\/wp-json\/wp\/v2\/comments?post=2170"}],"version-history":[{"count":1,"href":"https:\/\/sisu.ut.ee\/ewod\/wp-json\/wp\/v2\/pages\/2170\/revisions"}],"predecessor-version":[{"id":2908,"href":"https:\/\/sisu.ut.ee\/ewod\/wp-json\/wp\/v2\/pages\/2170\/revisions\/2908"}],"up":[{"embeddable":true,"href":"https:\/\/sisu.ut.ee\/ewod\/wp-json\/wp\/v2\/pages\/686"}],"wp:attachment":[{"href":"https:\/\/sisu.ut.ee\/ewod\/wp-json\/wp\/v2\/media?parent=2170"}],"curies":[{"name":"wp","href":"https:\/\/api.w.org\/{rel}","templated":true}]}}