{"id":2161,"date":"2024-04-03T23:42:36","date_gmt":"2024-04-03T20:42:36","guid":{"rendered":"https:\/\/sisu.ut.ee\/ewod\/niinivaara-et\/"},"modified":"2024-04-04T00:05:12","modified_gmt":"2024-04-03T21:05:12","slug":"niinivaara","status":"publish","type":"page","link":"https:\/\/sisu.ut.ee\/ewod\/general\/booksinfinnish\/niinivaara\/","title":{"rendered":"Kasvumaa: Eeva Niinivaaran kirjoituksia vuosilta 1923-1981"},"content":{"rendered":"<p><strong><span style=\"font-family: verdana,geneva\">Kasvumaa: Eeva Niinivaaran kirjoituksia vuosilta 1923-1981.\u00a0 Castrenianumin toimitteita, no 23. Helsinki: Helsingin yliopisto, 1981, 256 pp.<\/span><\/strong><\/p>\n<p><span style=\"font-family: verdana,geneva\"><strong>Contents<\/strong>:<\/span><\/p>\n<p><span style=\"font-family: verdana,geneva\">\u2013 <strong>Minu sisemaastik<\/strong>. \u2013 <em>p 5<\/em>. [Poem.]<\/span><br><span style=\"font-family: verdana,geneva\">\u2013 <strong>Tabula gratulatoria<\/strong>. \u2013 <em>p 7<\/em>.<\/span><br><span style=\"font-family: verdana,geneva\">\u2013 Aimo Turunen, <strong>Eeva Niinivaara 80-vuotias<\/strong>. \u2013 <em>p 20<\/em>.<\/span><br><span style=\"font-family: verdana,geneva\">\u2013 Raili Kilpi, <strong>Eeva Niinivaaran opissa<\/strong>. \u2013 <em>p 28<\/em>.<\/span><br><span style=\"font-family: verdana,geneva\">\u2013 <strong>K\u00e4isin Soomes<\/strong>. \u2013 Tulev Eesti, no 11, 1923. \u2013 <em>p 35<\/em>.<\/span><br><span style=\"font-family: verdana,geneva\">\u2013 <strong>Suomalaisia vaikutuksia Viron kehityksess\u00e4<\/strong>. \u2013 Helsingin Sanomat, 19. II 1933. \u2013 <em>p 39<\/em>.<\/span><br><span style=\"font-family: verdana,geneva\">\u2013 <strong>Aino Kallaksen taiteen l\u00e4hteill\u00e4<\/strong>. \u2013 Esitelm\u00e4 Kalevalaisten Naisten kirjallisen kerhon kokouksessa 1949. \u2013 <em>p 49<\/em>.<\/span><br><span style=\"font-family: verdana,geneva\">\u2013 <strong>Johannes Aavik kielen esteetikkona<\/strong>. \u2013 Viritt\u00e4j\u00e4, no 1, 1951. \u2013 <em>p 56<\/em>.<\/span><br><span style=\"font-family: verdana,geneva\">\u2013 <strong>Valev Uibopuu, katselija ja kuvaaja<\/strong>. \u2013 Parnasso, no 3, 1955. \u2013 <em>p 62<\/em>.<\/span><br><span style=\"font-family: verdana,geneva\">\u2013 <strong>August Gailit, virolainen proosaromantikko<\/strong>. \u2013 Kirjallisuudentutkijain Seuran vuosikirja, vol 15, 1956. \u2013 <em>p 68<\/em>.<\/span><br><span style=\"font-family: verdana,geneva\">\u2013 <strong>Siltaneidin kymmenen hopearahaa<\/strong>. \u2013 Ylioppilaslehti, 28. III l958. \u2013 <em>p 77<\/em>. [About Lydia Koidula and her Finnish connection.]<\/span><br><span style=\"font-family: verdana,geneva\">\u2013 <strong>Kristjan Raud<\/strong>. \u2013 Ylioppilaslehti, 23. V 1958. \u2013 <em>p 80<\/em>.<\/span><br><span style=\"font-family: verdana,geneva\">\u2013 <strong>Eino Leino ja Suitsit<\/strong>. \u2013 Ylioppilaslehti, 2. V 1958. \u2013 <em>p 83<\/em>. [About Eino Leino and Gustav and Aino Suits.]<\/span><br><span style=\"font-family: verdana,geneva\">\u2013 <strong>Liina Reiman ja h\u00e4nen taiteensa<\/strong>. \u2013 Uusi Suomi, 4. IX 1956; Suomen Sosialidemokraatti, 31. VII 1960; Uusi Suomi, 2. XII 1966. \u2013 <em>p 86<\/em>.<\/span><br><span style=\"font-family: verdana,geneva\">\u2013 <strong>Satavuotias Kalevipoeg<\/strong>. \u2013 Helsingin Sanomat, 10. IV 1957. \u2013 <em>p 96<\/em>.<\/span><br><span style=\"font-family: verdana,geneva\">\u2013 <strong>Kalevala viroksi<\/strong>. \u2013 Kalevalaseuran vuosikirja, vol 40, 1960. \u2013 <em>p 103<\/em>.<\/span><br><span style=\"font-family: verdana,geneva\">\u2013 <strong>Friedebert Tuglas t\u00e4ytt\u00e4\u00e4 75 vuotta<\/strong>. \u2013 Suomen Sosialidemokraatti, 2. III 1961. \u2013 <em>p 111<\/em>.<\/span><br><span style=\"font-family: verdana,geneva\">\u2013 <strong>Juhan Liiv<\/strong>. \u2013 Luento Helsingin yliopistossa, 1963. \u2013 <em>p 115<\/em>.<\/span><br><span style=\"font-family: verdana,geneva\">\u2013 <strong>Uku Masing<\/strong>. \u2013 Luento Helsingin yliopistossa 1960-luvun lopulla. \u2013 <em>p 117<\/em>.<\/span><br><span style=\"font-family: verdana,geneva\">\u2013 <strong>Bernard Kangro \u2013 lyyrikko ja romaanikirjailija<\/strong>. \u2013 Kirjallisuudentutkijain Seuran vuosikirja, vol 20, 1963. \u2013 <em>p 119<\/em>.<\/span><br><span style=\"font-family: verdana,geneva\">\u2013 <strong>\u00dche luuleteose elementidest<\/strong>. \u2013 Viritt\u00e4j\u00e4, no 1, 1972. \u2013 <em>p 130<\/em>.<\/span><br><span style=\"font-family: verdana,geneva\">\u2013 <strong>Kolm laulu surmast ja igavesest elust<\/strong>. \u2013 Tulimuld, no 4, 1971. \u2013 <em>p 139<\/em>.<\/span><br><span style=\"font-family: verdana,geneva\">\u2013 <strong>Virolainen ihminen Aino Kallaksen teoksissa<\/strong>. \u2013 Kirjallisuudentutkijain Seuran vuosikirja, vol 26, 1972. \u2013 <em>p 146<\/em>.<\/span><br><span style=\"font-family: verdana,geneva\">\u2013 <strong>Marie Underia ranskaksi<\/strong>. \u2013 Helsingin Sanomat, 6. IV 1972. \u2013 <em>p 160<\/em>.<\/span><br><span style=\"font-family: verdana,geneva\">\u2013 <strong>Eino Leinon kauneimmat runot viroksi<\/strong>. \u2013 Helsingin Sanomat, 13. III 1972. \u2013 <em>p 164<\/em>.<\/span><br><span style=\"font-family: verdana,geneva\">\u2013 <strong>\u201cViron Dickensi\u00e4\u201d suomeksi<\/strong>. \u2013 Helsingin Sanomat, 20. V 1973. \u2013 <em>p 168<\/em>. [About Oskar Luts.]<\/span><br><span style=\"font-family: verdana,geneva\">\u2013 <strong>Kirjallinen ailta Suomenlahden yli<\/strong>. \u2013 Uusi Suomi, 11. VII 1976. \u2013 <em>p 171<\/em>. [About the translator of Finnish literature into Estonian, Harald Lepik.]<\/span><br><span style=\"font-family: verdana,geneva\">\u2013 <strong>Neuvosto-Viron n\u00e4ytelm\u00e4kirjallisuudesta<\/strong>. \u2013 Helsingin Sanomat, 13. II l972. \u2013 <em>p 174<\/em>.<\/span><br><span style=\"font-family: verdana,geneva\">\u2013 <strong>Kev\u00e4tturistina Italiassa<\/strong>. \u2013 Karjalan Heimo, no 7-8, 1977. \u2013 <em>p 179<\/em>.<\/span><br><span style=\"font-family: verdana,geneva\">\u2013 <strong>A. H. Tammsaare \u2013 el\u00e4v\u00e4 klassikko<\/strong>. \u2013 Viritt\u00e4j\u00e4, no 1, 1978. \u2013 <em>p 184<\/em>.<\/span><br><span style=\"font-family: verdana,geneva\">\u2013 <strong>\u201dW\u00e4ike Kalewala\u201d<\/strong>. \u2013 Kirjallisuudentutkijain Seuran vuosikirja, vol 58, 1978. \u2013 <em>p 198<\/em>.<\/span><br><span style=\"font-family: verdana,geneva\">\u2013 <strong>Nagu eilne p\u00e4ev\u2026<\/strong>. \u2013 K\u00e4sikirjoitus V\u00f5run opettajaseminaarin<\/span><br><span style=\"font-family: verdana,geneva\">historiallista arkistoa varten 1980. \u2013 <em>p 206<\/em>. [About the town of V\u00f5ru.]<\/span><br><span style=\"font-family: verdana,geneva\">\u2013 <strong>Kotikyl\u00e4n pirttien ilmaa<\/strong>. \u2013 Helsingin Sanomat, 24. V 1972. \u2013 <em>p 214<\/em>. [About Anna Haava.]<\/span><br><span style=\"font-family: verdana,geneva\">\u2013 <strong>Koidula t\u00e4n\u00e4\u00e4n<\/strong>. \u2013 Karjalan Heimo, no 11-12, 1981. \u2013 <em>p 217<\/em>.<\/span><br><span style=\"font-family: verdana,geneva\">\u2013 <strong>Villem Ridalan folkloristiset balladit<\/strong>. \u2013 Viritt\u00e4j\u00e4, no 1, 1981. \u2013 <em>p 220<\/em>.<\/span><br><span style=\"font-family: verdana,geneva\">\u2013 <strong>Betti Alver, arbuja<\/strong>. \u2013 Esitelm\u00e4 Minna Canthin Seuran kokouksessa, 24. XI 1981. \u2013 <em>p 230<\/em>.<\/span><br><span style=\"font-family: verdana,geneva\">\u2013 <strong>Marie Under ja Uuno Kailas<\/strong>. \u2013 Uusi Suomi, 8. IV 1980. \u2013 <em>p 237<\/em>.<\/span><br><span style=\"font-family: verdana,geneva\">\u2013 <strong>Pieni\u00e4 muistikuvia suuresta runoilijasta<\/strong>. \u2013 Esitelm\u00e4 Suomalaisen Kirjallisuuden Seuran Under-illassa 20. XI 1980. \u2013 <em>p 240<\/em>.<\/span><\/p>\n<p><span style=\"font-family: verdana,geneva\">\u2013 <strong>Toimituksen j\u00e4lkisana<\/strong>. \u2013 <em>p 248<\/em>.<\/span><br><span style=\"font-family: verdana,geneva\">\u2013 <strong>Sis\u00e4lt\u00f6<\/strong>. \u2013 <em>p 254<\/em>.<\/span><\/p>\n","protected":false},"excerpt":{"rendered":"<p>Kasvumaa: Eeva Niinivaaran kirjoituksia vuosilta 1923-1981.\u00a0 Castrenianumin toimitteita, no 23. Helsinki: Helsingin yliopisto, 1981, 256 pp. Contents: \u2013 Minu sisemaastik. \u2013 p 5. [Poem.]\u2013 Tabula gratulatoria. \u2013 p 7.\u2013 Aimo Turunen, Eeva Niinivaara 80-vuotias. \u2013 p 20.\u2013 Raili Kilpi, Eeva &#8230;<\/p>\n","protected":false},"author":43,"featured_media":0,"parent":1970,"menu_order":0,"comment_status":"closed","ping_status":"closed","template":"","meta":{"_acf_changed":false,"inline_featured_image":false,"footnotes":""},"class_list":["post-2161","page","type-page","status-publish","hentry"],"acf":[],"_links":{"self":[{"href":"https:\/\/sisu.ut.ee\/ewod\/wp-json\/wp\/v2\/pages\/2161","targetHints":{"allow":["GET"]}}],"collection":[{"href":"https:\/\/sisu.ut.ee\/ewod\/wp-json\/wp\/v2\/pages"}],"about":[{"href":"https:\/\/sisu.ut.ee\/ewod\/wp-json\/wp\/v2\/types\/page"}],"author":[{"embeddable":true,"href":"https:\/\/sisu.ut.ee\/ewod\/wp-json\/wp\/v2\/users\/43"}],"replies":[{"embeddable":true,"href":"https:\/\/sisu.ut.ee\/ewod\/wp-json\/wp\/v2\/comments?post=2161"}],"version-history":[{"count":1,"href":"https:\/\/sisu.ut.ee\/ewod\/wp-json\/wp\/v2\/pages\/2161\/revisions"}],"predecessor-version":[{"id":2917,"href":"https:\/\/sisu.ut.ee\/ewod\/wp-json\/wp\/v2\/pages\/2161\/revisions\/2917"}],"up":[{"embeddable":true,"href":"https:\/\/sisu.ut.ee\/ewod\/wp-json\/wp\/v2\/pages\/1970"}],"wp:attachment":[{"href":"https:\/\/sisu.ut.ee\/ewod\/wp-json\/wp\/v2\/media?parent=2161"}],"curies":[{"name":"wp","href":"https:\/\/api.w.org\/{rel}","templated":true}]}}