{"id":215,"date":"2024-04-03T23:39:31","date_gmt":"2024-04-03T20:39:31","guid":{"rendered":"https:\/\/sisu.ut.ee\/ewod\/antisaar\/"},"modified":"2024-04-04T00:10:40","modified_gmt":"2024-04-03T21:10:40","slug":"antisaar","status":"publish","type":"page","link":"https:\/\/sisu.ut.ee\/ewod\/s\/antisaar\/","title":{"rendered":"Anti Saar"},"content":{"rendered":"<p>\n\t<a href=\"https:\/\/sisu.ut.ee\/ewod\/s\/antisaar\/novels\"><strong><span style=\"font-size: medium;font-family: verdana, geneva\">Novels<\/span><\/strong><\/a><strong><span style=\"font-size: medium;font-family: verdana, geneva\"> <\/span><\/strong><span style=\"font-size: medium;font-family: verdana, geneva\"><a href=\"https:\/\/sisu.ut.ee\/wp-content\/uploads\/sites\/108\/1676px-anti_saar_kolme_elu_proovireisijana_nantesis.jpeg\" target=\"_self\" rel=\"noopener\"><img decoding=\"async\" alt=\"Anti Saar\" src=\"https:\/\/sisu.ut.ee\/wp-content\/uploads\/sites\/108\/anti_saar_vaike.jpg\" style=\"float: right;width: 300px;height: 457px\" title=\"Photo: Aleksander Tsapov. CC BY-SA 4.0 (Wikipedia)\"><\/a><\/span>\n<\/p>\n<p>\n\t<a href=\"https:\/\/sisu.ut.ee\/ewod\/s\/antisaar\/stories\"><strong><span style=\"font-size: medium;font-family: verdana, geneva\">Short stories<\/span><\/strong><\/a>\n<\/p>\n<p>\n\t<strong><span style=\"font-size: medium;font-family: verdana, geneva\"><a href=\"https:\/\/sisu.ut.ee\/ewod\/s\/antisaar\/plays\"><strong><span style=\"font-size: medium;font-family: verdana, geneva\">Plays<\/span><\/strong><\/a><\/span><\/strong>\n<\/p>\n<p>\u00a0\n<\/p>\n<p><span style=\"color:#000000\"><span style=\"font-size:13px\"><span style=\"font-family:Verdana,Geneva,sans-serif\">Anti Saar (pseudonym Salmo Salar, born 9 May 1980) is a writer and translator.<\/span><\/span><\/span>\n<\/p>\n<p>\n\t<span style=\"color:#000000\"><span style=\"font-size:13px\"><span style=\"font-family:Verdana,Geneva,sans-serif\">Saar was born at Luunja. He attended Hugo Treffner Gymnasium in Tartu and graduated from the Department of Semiotics at the University of Tartu in 2005.\u00a0He is the owner of the company Kolm Elu which produces plywood pinball machines for children. Saar is a member of the Estonian Writers\u2019 Union from 2008. His brother is writer <\/span><\/span><\/span><span style=\"font-size:13px\"><span style=\"font-family:Verdana,Geneva,sans-serif\"><a data-url=\"https:\/\/sisu.ut.ee\/ewod\/s\/peedusaar\" href=\"https:\/\/sisu.ut.ee\/ewod\/s\/peedusaar\" title=\"\">Peedu Saar<\/a><\/span><\/span><span style=\"color:#000000\"><span style=\"font-size:13px\"><span style=\"font-family:Verdana,Geneva,sans-serif\">.<\/span><\/span><\/span>\n<\/p>\n<p>\n\t<span style=\"color:#000000\"><span style=\"font-size:13px\"><span style=\"font-family:Verdana,Geneva,sans-serif\">He entered literature with writings meant for grown-ups. The prose excerpt published in the journal <em>Vikerkaar<\/em> in 2006, <em>Kuidas sa \u00e4ra l\u00e4ksid ja mina maha j\u00e4in<\/em> (\u2018How you left and I stayed behind\u2019) received the Esimene Samm (First Step) award at Tartu Prima Vista literary festival, which is given to the author of the best debut fiction text published in the print press. An essential place in both his debut book, the short prose collection <em>Kuidas sa \u00e4ra l\u00e4ksid ja mina maha j\u00e4in<\/em> and the short novel <em>Nemad kaks<\/em> (\u2018The Two of Them\u2019) belongs to the theme of writing about writing. The author experiments with genres, analyses writing and the author\u2019s role. An original writing experiment which shows the author\u2019s good feeling for the language and sensitivity for words is <em>S\u00f5naraamat<\/em> (\u2018Wordbook\u2019, 2022). It is based on nouns sent to the author at a fixed time every day, and he had fifteen minutes for describing them. The result is a unique dictionary rich in connotations and allusions.<\/span><\/span><\/span>\n<\/p>\n<p>\n\t<span style=\"color:#000000\"><span style=\"font-size:13px\"><span style=\"font-family:Verdana,Geneva,sans-serif\">Play on words also has an essential place in children\u2019s books, for example in <em>Kojamees Urmas<\/em> (\u2018Urmas, the Maintenance Man\u2019, 2015), which was awarded the title of the Good Children\u2019s Book. Actually, Saar has been most broadly recognised as a children\u2019s writer. His first book for children, <em>Kuidas meil asjad k\u00e4ivad<\/em> (\u2018The Way Things Are with Us\u2019, 2013) received the Raisin of the Year Award, Literature Endowment Annual Award, title of a Good Children\u2019s Book (all 2013) and the White Ravens Award (2014). The P\u00e4rt series also concentrates on the matters of a family as seen through the eyes of an active little boy, a character typical of Anti Saar\u2019s books. From this series, <em>P\u00e4rt ei oska saltot<\/em> (\u2018P\u00e4rt Can\u2019t Do a Backflip\u2019, 2017) received the J\u00e4rje Hoidja Award to the author of the Estonian children\u2019s or youth book that has been most often checked out from the Tallinn Central Library (2017) and <em>Seisa siin, P\u00e4rt!<\/em> (\u2018Stand Here, P\u00e4rt\u2019, 2018) the title of a Good Children\u2019s Book (2018). The last-mentioned prize was also given to the book <em>K\u00fclask\u00e4ik<\/em> (\u2018The Visit\u2019, 2017) where a journey into the inside of an apple helps overcome the sorrow of grandmother\u2019s death. The stories capture the child\u2019s psychology and world of thoughts, being enthralling and adventurous, finding something special in everyday matters.<\/span><\/span><\/span>\n<\/p>\n<p>\n\t<span style=\"color:#000000\"><span style=\"font-size:13px\"><span style=\"font-family:Verdana,Geneva,sans-serif\">An insight into art history and everyday life of the past is provided in the book <em>Mina, Milda ja meister Michel<\/em> (\u2018Milda, Master Michel and I\u2019, 2018), which presents the life and creation of Michel Sittow (1469\u20131525), a Tallinn artist of Dutch descent. The book received the Raisin of the Year Award. The poetry collection <em>Suur koogitegu<\/em> (\u2018Great Pancake Baking\u2019, 2020) received the <\/span><\/span><\/span><span style=\"font-size:13px\"><span style=\"font-family:Verdana,Geneva,sans-serif\"><a data-url=\"https:\/\/sisu.ut.ee\/ewod\/s\/soot\" href=\"https:\/\/sisu.ut.ee\/ewod\/s\/soot\" title=\"\">Karl Eduard S\u00f6\u00f6t<\/a><\/span><\/span><span style=\"color:#000000\"><span style=\"font-size:13px\"><span style=\"font-family:Verdana,Geneva,sans-serif\"> Prize for children\u2019s poetry.<\/span><\/span><\/span>\n<\/p>\n<p>\n\t<span style=\"color:#000000\"><span style=\"font-size:13px\"><span style=\"font-family:Verdana,Geneva,sans-serif\">Anti Saar has translated prose and texts on philosophy and the humanities from French, for example Marcel Proust, George Perec,\u00a0Andr\u00e9 Breton,\u00a0Bruno Latour,\u00a0Gilles Deleuze and\u00a0F\u00e9lix Guattari. In 2017, he received the Literature Endowment Annual Award for translation of philosophical literature for a selection of essays by Jacques Ranci\u00e8re <em>Esteetika kui poliitika<\/em> (\u2019Aesthetics as Politics\u2019).<\/span><\/span><\/span>\n<\/p>\n<p>\n\t<span style=\"color:#000000\"><span style=\"font-size:13px\"><span style=\"font-family:Verdana,Geneva,sans-serif\">From 2019\u20132021, he received the writer\u2019s salary.<\/span><\/span><\/span>\n<\/p>\n<p>\n\t<em><span style=\"color:#000000\"><span style=\"font-size:13px\"><span style=\"font-family:Verdana,Geneva,sans-serif\">A. K. (Translated by I. A.)<\/span><\/span><\/span><\/em>\n<\/p>\n<p><strong><span style=\"font-size:16px\"><span style=\"color:#000000\"><span style=\"font-family:Verdana,Geneva,sans-serif\">Books in Estonian<\/span><\/span><\/span><\/strong>\n<\/p>\n<p>\n\t<span style=\"color:#000000\"><span style=\"font-size:13px\"><span style=\"font-family:Verdana,Geneva,sans-serif\"><strong><em>Books for children<\/em><\/strong><br><strong>Kuidas meil asjad k\u00e4ivad<\/strong>. Tallinn: T\u00e4nap\u00e4ev, 2013, 134 lk [j\u00e4rgmised tr\u00fckid: 2014, 2020]<br><strong>Kojamees Urmas<\/strong>. Tallinn: P\u00e4ike ja Pilv, 2015, 24 lk<br><strong>Juturaamat<\/strong>. Tallinn: T\u00e4nap\u00e4ev, 2016, 73 lk<br><strong>K\u00fclask\u00e4ik<\/strong>. Saue: P\u00e4ike ja Pilv, 2017, 24 lk<br><strong>P\u00e4rt ei oska saltot<\/strong>. Saue: P\u00e4ike ja Pilv, 2017, 25 lk<br><strong>Mina, Milda ja meister Michel<\/strong>. Tallinn: Eesti Kunstimuuseum, KUMU, 2018, 79 lk<br><strong>P\u00e4rt ja ploomid<\/strong>. Saue: P\u00e4ike ja Pilv, 2018, 26 lk<br><strong>P\u00e4rt ja viimane koogit\u00fckk<\/strong>. Saue: P\u00e4ike ja Pilv, 2018, 25 lk<br><strong>Seisa siin, P\u00e4rt!<\/strong>. Saue: P\u00e4ike ja Pilv, 2018, 28 lk<br><strong>P\u00e4rt l\u00e4heb uuele ringile<\/strong>. Saue: P\u00e4ike ja Pilv, 2019, 28 lk<br><strong>P\u00e4rt plindris<\/strong>. Saue: P\u00e4ike ja Pilv, 2020, 94 lk<br><strong>Anni asjad<\/strong>. Tartu: Kolm Elu, 2020, 80 lk<br><strong>Suur koogitegu<\/strong>. Tartu: Kolm Elu, 2020, 44 lk<br><strong>10 v\u00e4hem v\u00f5i rohkem uskumatut lugu sellest, kuidas minust ei saanud kirjanikku<\/strong>. Tartu: Kolm Elu, 2021, 106 lk<br><strong>\u00d5udne lugu<\/strong>: hoiatuseks lastele ja vanematele. Tartu: Kolm Elu, 2022, 69 lk<\/span><\/span><\/span>\n<\/p>\n<p>\n\t<span style=\"color:#000000\"><span style=\"font-size:13px\"><span style=\"font-family:Verdana,Geneva,sans-serif\"><strong><em>Novels<\/em><\/strong><br><strong>Nemad kaks<\/strong>. Tallinn: Eesti Keele Sihtasutus, 2008<\/span><\/span><\/span>\n<\/p>\n<p>\n\t<span style=\"color:#000000\"><span style=\"font-size:13px\"><span style=\"font-family:Verdana,Geneva,sans-serif\"><strong><em>Short prose<\/em><\/strong><br><strong>Kuidas sa \u00e4ra l\u00e4ksid ja mina maha j\u00e4in<\/strong>. Tallinn: Eesti Keele Sihtasutus, 2006, 149 lk<br><strong>Tekste siledast ruumist<\/strong>. Tallinn: Eesti Keele Sihtasutus, 2009, 101 lk<br><strong>S\u00f5naraamat<\/strong>. Tartu: Kolm Elu, 2022, 149 lk<\/span><\/span><\/span><\/p>\n","protected":false},"excerpt":{"rendered":"<p>Novels Short stories Plays \u00a0 Anti Saar (pseudonym Salmo Salar, born 9 May 1980) is a writer and translator. Saar was born at Luunja. He attended Hugo Treffner Gymnasium in Tartu and graduated from the Department of Semiotics at the &#8230;<\/p>\n","protected":false},"author":43,"featured_media":0,"parent":697,"menu_order":0,"comment_status":"closed","ping_status":"closed","template":"","meta":{"_acf_changed":false,"inline_featured_image":false,"footnotes":""},"class_list":["post-215","page","type-page","status-publish","hentry"],"acf":[],"_links":{"self":[{"href":"https:\/\/sisu.ut.ee\/ewod\/wp-json\/wp\/v2\/pages\/215","targetHints":{"allow":["GET"]}}],"collection":[{"href":"https:\/\/sisu.ut.ee\/ewod\/wp-json\/wp\/v2\/pages"}],"about":[{"href":"https:\/\/sisu.ut.ee\/ewod\/wp-json\/wp\/v2\/types\/page"}],"author":[{"embeddable":true,"href":"https:\/\/sisu.ut.ee\/ewod\/wp-json\/wp\/v2\/users\/43"}],"replies":[{"embeddable":true,"href":"https:\/\/sisu.ut.ee\/ewod\/wp-json\/wp\/v2\/comments?post=215"}],"version-history":[{"count":1,"href":"https:\/\/sisu.ut.ee\/ewod\/wp-json\/wp\/v2\/pages\/215\/revisions"}],"predecessor-version":[{"id":4852,"href":"https:\/\/sisu.ut.ee\/ewod\/wp-json\/wp\/v2\/pages\/215\/revisions\/4852"}],"up":[{"embeddable":true,"href":"https:\/\/sisu.ut.ee\/ewod\/wp-json\/wp\/v2\/pages\/697"}],"wp:attachment":[{"href":"https:\/\/sisu.ut.ee\/ewod\/wp-json\/wp\/v2\/media?parent=215"}],"curies":[{"name":"wp","href":"https:\/\/api.w.org\/{rel}","templated":true}]}}