{"id":2145,"date":"2024-04-03T23:42:34","date_gmt":"2024-04-03T20:42:34","guid":{"rendered":"https:\/\/sisu.ut.ee\/ewod\/aun\/"},"modified":"2024-04-04T00:05:16","modified_gmt":"2024-04-03T21:05:16","slug":"aun","status":"publish","type":"page","link":"https:\/\/sisu.ut.ee\/ewod\/a\/aun\/","title":{"rendered":"Elise Aun"},"content":{"rendered":"<p><a href=\"https:\/\/sisu.ut.ee\/ewod\/a\/aun\/poems\"><strong><span style=\"font-family: verdana, geneva;font-size: medium\">Poems<\/span><\/strong><\/a><a href=\"\/wp-content\/uploads\/sites\/108\/aunelise.jpg\"><span style=\"font-family: verdana, geneva;font-size: medium\"><img loading=\"lazy\" decoding=\"async\" style=\"margin-left: 20px;margin-right: 20px;float: right\" src=\"\/wp-content\/uploads\/sites\/108\/aunelise.jpg\" alt=\"Elise Aun. Photo: Reinhold Sachker\" title=\"Photo by Reinhold Sachker\" width=\"200\" height=\"343\"><\/span><\/a><\/p>\n<p><strong><span style=\"font-family: verdana, geneva;font-size: medium\"><\/span><\/strong><\/p>\n<p><span style=\"font-family: verdana, geneva;font-size: medium\"><span style=\"font-size: small\">Elise Aun (15. VI 1863 \u2013 2. VI 1932) was a poet, one of the most eminent women writers of the end of the 19th century, whose works represent Estonian post-Romantic poetry. She also wrote prose.<\/span><\/span><span style=\"font-family: verdana, geneva;font-size: medium\"><br><span style=\"font-size: small\">\u00a0\u00a0\u00a0 \u00a0<\/span><br><span style=\"font-size: small\">Elise Rosalie Aun was born in Valgj\u00e4rve parish in V\u00f5ru County. She spent her childhood on the small manor of Ulitina rented by her parents in Setomaa (the culturally distinct region south-west of Lake Peipus which is shared by Estonia and Russia and inhabited by the Seto people who speak a variety of South Estonian). Given the lack of schools in the area, she initially received somewhat erratic private tuition; later, in 1882, she graduated from R\u00e4pina Parish Girls\u2019 School in Lokuta village near V\u00f5\u00f5psu. Unable to find steady work, she took on odd jobs in a number of places during the 1890s, living for a while at her brother\u2019s home in V\u00f5tikvere village, then in Riga, Kronstadt, Valga and P\u00e4rnu. She also worked in the editorial office of the magazine <em>Linda<\/em> in Viljandi. In 1902 she became an outlet manager for the Christian Popular Literature Agency in Tallinn and got married in 1903. She lived with her family in Simbirsk (Russia) and Valga, where her husband was employed. In 1911 she moved back to Tallinn where she died in 1932.\u00a0 \u00a0<\/span><br><span style=\"font-size: small\">\u00a0<\/span><br><span style=\"font-size: small\">Aun\u2019s first poems appeared in the press in 1885, under the pseudonym \u201can Estonian girl from Seto land\u201d. From 1880s\u20131890s some 200 of her poems were published in those newspapers and magazines that regularly published poetry at the time. Her first collection <em>Kibuvitsa \u00f5ied<\/em> (\u2018Rosehip Blossoms\u2019) came out in 1888, shortly followed by <em>Laane linnuke<\/em> (\u2018Forest Bird\u2019) and <em>Metsalilled<\/em> \u2018Forest Flowers\u2019 (1890) and after a slightly longer break <em>Kibuvitsa \u00f5ied II<\/em> (\u2018Rosehip Blossoms II\u2019, 1895) and <em>Kibuvitsa \u00f5ied III<\/em> (\u2018Rosehip Blossoms III\u2019, 1901). The first three books were particularly well received and by 1890 Aun was widely known as a poet. Musical scores were written to several of her poems. After getting married, she practically stopped writing poetry. <\/span><br><span style=\"font-size: small\">\u00a0<\/span><br><span style=\"font-size: small\">The subject matter of Aun\u2019s poetry remains within the characteristic boundaries of Estonian post-Romanticism, comprising nature, the home(land), love and other personal sentiments, all kinds of thoughts on and scenes from life, as well as religious themes and anniversaries. Consequently, there is an element of repetition in her poetry as well as features in common with her contemporaries, and yet she develops some essentially typical themes in an original and fresh manner. The poems about home, homesickness and homelessness stand out. It is evident that living in Setomaa the poet felt the benightedness of the region and wanted to escape to Estonia, the home of her people. Later, while living in different places, she missed the closeness to nature and the warm-heartedness of her Setomaa childhood home. Gradually she came to understand that she might be destined for enduring homelessness, a life on the road or abroad. The folkloric <em>Koduta<\/em> (\u2018Homeless\u2019: \u201c<em>Nagu p\u00e4\u00e4su, p\u00e4evalindu, \/ olen kulla koduta<\/em>\u201d \/\/ \u201cLike the swallow, bird of the day \/ I have no sweet home\u201d) is one of the Aun\u2019s best known poems. A wistful sense of inevitability dominates in many of her poems, giving some idea of the struggles of a young woman aspiring to independence and at odds with her circumstances and surrounding prejudices. In general she captures mood with precise imagery, in a simple and measured, rather than ornate way that stands out from the typical post-Romantic manner of depiction. Her traditional verse form is elaborate and relatively diverse. <\/span><br><span style=\"font-size: small\">\u00a0<\/span><br><span style=\"font-size: small\">Aun has published a small collection <em>Tosin jutukest<\/em> (\u2018A Dozen Tales\u2019, 1898) of sentimentally tinged fairy tales. Particularly noteworthy are two essayistic pieces on Setomaa, published in an 1888 issue of Postimees. Aun takes a stand against the derogatory attitude towards Setos, speaking warmly of their generous nature, cleanliness, handicraft, and singing tradition, but lamenting their illiteracy and almost non-existent formal education. Seto folklore collected by Aun is stored in the Estonian Folklore Archives. She has also translated a number of works of both prose and poetry.<\/span><\/span><\/p>\n<p><em>E. S. (Translated by M. M.-K.)<\/em><br><span style=\"font-family: verdana, geneva;font-size: medium\"><br><\/span><strong><span style=\"font-family: verdana, geneva;font-size: medium\"><\/span><\/strong><\/p>\n<p>Books in Estonian<\/p>\n<p><span style=\"font-family: verdana, geneva;font-size: small\"><strong><em>Poems<\/em><\/strong><br><strong>Kibuwitsa \u00f5ied<\/strong>. Tartu: H. Laakmann, 1888, 72 lk.<br><strong>Laane linnuke<\/strong>. Tartu: K. A. Hermann, 1889, 82 lk.<br><strong>Metsa-lilled. Oma s\u00f5pradele kimbuks k\u00f6itnud Elise Aun<\/strong>. Tallinn: K. Busch, 1890, 91 lk.<br><strong>Kibuwitsa \u00f5ied. 2. jagu<\/strong>. Jurjev: K. A. Hermann, 1895, 64 lk.<br><strong>Kibuwitsa \u00f5ied. 3. jagu<\/strong>. Tallinn: J. Ploompuu, 1901, 88 lk.<br><\/span><\/p>\n<p><span style=\"font-family: verdana, geneva;font-size: small\"><strong><em>Short stories<\/em><\/strong><br><strong>Tosin jutukesi<\/strong>. Jurjev: K. S\u00f6\u00f6t, 1898, 107 lk.<br><\/span><\/p>\n","protected":false},"excerpt":{"rendered":"<p>Poems Elise Aun (15. VI 1863 \u2013 2. VI 1932) was a poet, one of the most eminent women writers of the end of the 19th century, whose works represent Estonian post-Romantic poetry. She also wrote prose.\u00a0\u00a0\u00a0 \u00a0Elise Rosalie Aun &#8230;<\/p>\n","protected":false},"author":43,"featured_media":0,"parent":485,"menu_order":0,"comment_status":"closed","ping_status":"closed","template":"","meta":{"_acf_changed":false,"inline_featured_image":false,"footnotes":""},"class_list":["post-2145","page","type-page","status-publish","hentry"],"acf":[],"_links":{"self":[{"href":"https:\/\/sisu.ut.ee\/ewod\/wp-json\/wp\/v2\/pages\/2145","targetHints":{"allow":["GET"]}}],"collection":[{"href":"https:\/\/sisu.ut.ee\/ewod\/wp-json\/wp\/v2\/pages"}],"about":[{"href":"https:\/\/sisu.ut.ee\/ewod\/wp-json\/wp\/v2\/types\/page"}],"author":[{"embeddable":true,"href":"https:\/\/sisu.ut.ee\/ewod\/wp-json\/wp\/v2\/users\/43"}],"replies":[{"embeddable":true,"href":"https:\/\/sisu.ut.ee\/ewod\/wp-json\/wp\/v2\/comments?post=2145"}],"version-history":[{"count":1,"href":"https:\/\/sisu.ut.ee\/ewod\/wp-json\/wp\/v2\/pages\/2145\/revisions"}],"predecessor-version":[{"id":2938,"href":"https:\/\/sisu.ut.ee\/ewod\/wp-json\/wp\/v2\/pages\/2145\/revisions\/2938"}],"up":[{"embeddable":true,"href":"https:\/\/sisu.ut.ee\/ewod\/wp-json\/wp\/v2\/pages\/485"}],"wp:attachment":[{"href":"https:\/\/sisu.ut.ee\/ewod\/wp-json\/wp\/v2\/media?parent=2145"}],"curies":[{"name":"wp","href":"https:\/\/api.w.org\/{rel}","templated":true}]}}