{"id":2124,"date":"2024-04-03T23:42:32","date_gmt":"2024-04-03T20:42:32","guid":{"rendered":"https:\/\/sisu.ut.ee\/ewod\/aspe\/"},"modified":"2026-01-01T14:24:48","modified_gmt":"2026-01-01T12:24:48","slug":"aspe","status":"publish","type":"page","link":"https:\/\/sisu.ut.ee\/ewod\/a\/aspe\/","title":{"rendered":"Elisabeth Aspe"},"content":{"rendered":"<p><strong><span style=\"font-size: 16px;\"><span style=\"font-family: Verdana,Geneva,sans-serif;\"><a title=\"\" href=\"https:\/\/sisu.ut.ee\/ewod\/a\/aspe\/stories\" data-url=\"https:\/\/sisu.ut.ee\/ewod\/a\/aspe\/stories\">Stories<\/a> <\/span><\/span><\/strong><span style=\"font-size: 16px;\"><span style=\"font-family: Verdana,Geneva,sans-serif;\"><a href=\"https:\/\/sisu.ut.ee\/wp-content\/uploads\/sites\/108\/elisabeth_aspe_paul_lanz.jpg\" target=\"_self\" rel=\"noopener\"><img decoding=\"async\" style=\"float: right; width: 200px; height: 319px;\" title=\"Photo: Paul Lanz\" src=\"https:\/\/sisu.ut.ee\/wp-content\/uploads\/sites\/108\/elisabeth_aspe_paul_lanz.jpg\" alt=\"Elisabeth Aspe\"><\/a><\/span><\/span><\/p>\n\n\n\n<p>\u00a0<\/p>\n\n\n\n<p class=\"western\"><span style=\"color: #000000;\"><span style=\"font-size: 13px;\"><span style=\"font-family: Verdana,Geneva,sans-serif;\"><span style=\"line-height: 150%;\">Elisabeth Aspe (from 1892 Niel\u00e4nder, 15.\/3. XII 1860 \u2013 25. VIII 1927) was one of the first female writers in Estonia, a pioneer of realist prose.<\/span><\/span><\/span><\/span><\/p>\n\n\n\n<p class=\"western\"><span style=\"color: #000000;\"><span style=\"font-size: 13px;\"><span style=\"font-family: Verdana,Geneva,sans-serif;\"><span style=\"line-height: 150%;\">Aspe was born in Vana-P\u00e4rnu and attended P\u00e4rnu Higher Girls\u2019 School, although she did not take her final exam. In 1880, she began contributing to Eesti Postimees. In 1891, she went to work in St. Petersburg and returned a year later. She died in P\u00e4rnu and is buried at Vana-P\u00e4rnu Cemetery.<\/span><\/span><\/span><\/span><\/p>\n\n\n\n<p class=\"western\"><span style=\"color: #000000;\"><span style=\"font-size: 13px;\"><span style=\"font-family: Verdana,Geneva,sans-serif;\"><span style=\"line-height: 150%;\">Aspe\u2019s first original story <i>Enne ukse lukutamist<\/i> (\u2018Before Locking the Door\u2019) was published in Eesti Postimees in 1881 and was against Estonians\u2019 migration to Russia. Her following stories were published in magazines and later as a book as well. The story <i>Kasu\u00f5de<\/i> (\u2018Stepsister\u2019, as a book in 1913) that was originally published in Olevik in 1887 follows the sentiments of the time and criticizes abandoning your nationality and vain attempts at imitating Germans. The main character of \u2018Stepsister\u2019 represents Aspe\u2019s favorite character: good, patient, hard-working and selfless. The epistolary form of the story was novel at the time. The novel-like story <i>Ennosaare Ain <\/i>(originally published in a supplement of Olevik in 1888, as a book in 1910) may be considered her main work. It focuses on an Estonian intellectual, who over the course of his development unfortunately drifts apart from his nation. He becomes an astronomer, who makes it to the big city of Moscow, only to recognize he is alien everywhere. Love is the focus of the stories <i>Meremehe m\u00f5rsja<\/i> (\u2018The Sailor\u2019s Bride\u2019, published in the humor supplement of Postimees in 1890) and <i>Anna Dorothea<\/i> (Olevik 1891, as a book in 1927).<\/span><\/span><\/span><\/span><\/p>\n\n\n\n<p class=\"western\"><span style=\"color: #000000;\"><span style=\"font-size: 13px;\"><span style=\"font-family: Verdana,Geneva,sans-serif;\"><span style=\"line-height: 150%;\">Aspe gathered most of her inspiration from P\u00e4rnu. She is good at describing her time and contributed to the budding city literature genre in Estonia. The characters in her stories are Estonian intellectuals, farmers, sailors. Aspe is a good story-teller, although her style is at times too brief, falling short of becoming a novel.<\/span><\/span><\/span><\/span><\/p>\n\n\n\n<p class=\"western\"><span style=\"color: #000000;\"><span style=\"font-size: 13px;\"><span style=\"font-family: Verdana,Geneva,sans-serif;\"><span style=\"line-height: 150%;\"><i>A. K. (Translated by A. S.)<\/i><\/span><\/span><\/span><\/span><\/p>\n\n\n\n<p><span style=\"color: #000000;\"><span style=\"font-size: 16px;\"><span style=\"font-family: Verdana,Geneva,sans-serif;\"><span style=\"line-height: 150%;\"><b>Books in Estonian<\/b><\/span><\/span><\/span><\/span><\/p>\n\n\n\n<p class=\"western\"><span style=\"color: #000000;\"><span style=\"font-size: 13px;\"><span style=\"font-family: Verdana,Geneva,sans-serif;\"><span style=\"line-height: 150%;\"><em><b>Stories<\/b><\/em><br><strong>Ennosaare Ain<\/strong>: jutustus Eesti minevikust. Tartu: Hermann, 1910, 148 lk. [J\u00e4rgmised tr\u00fckid: 1923, 1974, 1984.]<br><strong>Aastate p\u00e4rast<\/strong>: lugu \u00fche naese elust. Tartu: Postimees, 1911, 48 lk.<br><strong>Kasu\u00f5de<\/strong>. Tallinn: Maa, 1913, 92 lk. [2. tr\u00fckk: 1923.]<br><strong>Anna Dorothea<\/strong>: jutt \u00fchest pildist. Tartu: Eesti Kirjanduse Selts, 1927, 27 lk. [2. tr\u00fckk: 1984.]<\/span><\/span><\/span><\/span><\/p>\n\n\n\n<p class=\"western\"><span style=\"color: #000000;\"><span style=\"font-size: 13px;\"><span style=\"font-family: Verdana,Geneva,sans-serif;\"><span style=\"line-height: 150%;\"><em><b>About Elisabeth Aspe<\/b><\/em><br>Arno Raag, <strong>Elisabeth Aspe elu ja looming<\/strong>: biograafilis-kriitiline essee. Tartu: Eesti Kirjanduse Selts, 1928, 75 lk.<\/span><\/span><\/span><\/span><\/p>\n","protected":false},"excerpt":{"rendered":"<p>Stories \u00a0 Elisabeth Aspe (from 1892 Niel\u00e4nder, 15.\/3. XII 1860 \u2013 25. VIII 1927) was one of the first female writers in Estonia, a pioneer of realist prose. Aspe was born in Vana-P\u00e4rnu and attended P\u00e4rnu Higher Girls\u2019 School, although &#8230;<\/p>\n","protected":false},"author":43,"featured_media":0,"parent":485,"menu_order":0,"comment_status":"closed","ping_status":"closed","template":"","meta":{"_acf_changed":false,"inline_featured_image":false,"footnotes":""},"class_list":["post-2124","page","type-page","status-publish","hentry"],"acf":[],"_links":{"self":[{"href":"https:\/\/sisu.ut.ee\/ewod\/wp-json\/wp\/v2\/pages\/2124","targetHints":{"allow":["GET"]}}],"collection":[{"href":"https:\/\/sisu.ut.ee\/ewod\/wp-json\/wp\/v2\/pages"}],"about":[{"href":"https:\/\/sisu.ut.ee\/ewod\/wp-json\/wp\/v2\/types\/page"}],"author":[{"embeddable":true,"href":"https:\/\/sisu.ut.ee\/ewod\/wp-json\/wp\/v2\/users\/43"}],"replies":[{"embeddable":true,"href":"https:\/\/sisu.ut.ee\/ewod\/wp-json\/wp\/v2\/comments?post=2124"}],"version-history":[{"count":2,"href":"https:\/\/sisu.ut.ee\/ewod\/wp-json\/wp\/v2\/pages\/2124\/revisions"}],"predecessor-version":[{"id":7832,"href":"https:\/\/sisu.ut.ee\/ewod\/wp-json\/wp\/v2\/pages\/2124\/revisions\/7832"}],"up":[{"embeddable":true,"href":"https:\/\/sisu.ut.ee\/ewod\/wp-json\/wp\/v2\/pages\/485"}],"wp:attachment":[{"href":"https:\/\/sisu.ut.ee\/ewod\/wp-json\/wp\/v2\/media?parent=2124"}],"curies":[{"name":"wp","href":"https:\/\/api.w.org\/{rel}","templated":true}]}}