{"id":2117,"date":"2024-04-03T23:42:31","date_gmt":"2024-04-03T20:42:31","guid":{"rendered":"https:\/\/sisu.ut.ee\/ewod\/kaarna\/"},"modified":"2024-04-04T00:05:20","modified_gmt":"2024-04-03T21:05:20","slug":"kaarna","status":"publish","type":"page","link":"https:\/\/sisu.ut.ee\/ewod\/k\/kaarna\/","title":{"rendered":"Viljar Kaarna"},"content":{"rendered":"<p><span style=\"color:#000000\"><span style=\"font-size:13px\"><span style=\"font-family:Verdana,Geneva,sans-serif\">Viljar Kaarna (real name Viljar Ansko, 17 May 1948 \u2013 20. December 2016) was a doctor, poet and cartoonist.<\/span><\/span><\/span>\n<\/p>\n<p>\n\t<span style=\"color:#000000\"><span style=\"font-size:13px\"><span style=\"font-family:Verdana,Geneva,sans-serif\">Viljar Ansko was born in Tartu. He spent his childhood at Kaarepere in J\u00f5geva County, school years and youth at Sompa industrial settlement, which is part of the town of Kohtla-J\u00e4rve. From 1970, he lived at Risti in L\u00e4\u00e4nemaa County. From 1970\u20131993 with intervals, he studied psychology at the University of Tartu and in 1985 graduated from the Faculty of Medicine there.<\/span><\/span><\/span>\n<\/p>\n<p>\n\t<span style=\"color:#000000\"><span style=\"font-size:13px\"><span style=\"font-family:Verdana,Geneva,sans-serif\">Ansko started working at the age of 15 at an oil-shale mine in Kohtla-J\u00e4rve, at first as an unskilled worker, from 1963\u20131970 as an electrician, locksmith and miner. During the service in the Soviet Army, he worked as a driver in Kaliningrad. During his university studies, he worked as an electrician, guard and medic. From 1973\u20131979, he was a power engineer at Risti metal products department of Vasar manufacturing company. From 1986\u20131988, Viljar Ansko worked as a psychiatrist at Taagepera sanatorium, from 1988\u20132000 as a physician at Tallinn Emergency Hospital, from 1998\u20132010 as doctor for the poor at Tallinn nursing care hospital and from 2010\u20132013 as family physician at Padise.<\/span><\/span><\/span>\n<\/p>\n<p>\n\t<span style=\"color:#000000\"><span style=\"font-size:13px\"><span style=\"font-family:Verdana,Geneva,sans-serif\">From 1990\u20131996, Viljar Ansko was the editor of <em>Memento<\/em>, a newspaper of the Estonians repressed by the Stalinist regime. He founded the Anamnesia publishing company where he compiled, edited and published more than 30 books, mostly poetry collections by Estonians deported to Siberian prison camps during the Soviet rule. He translated Vladimir Vysotsky\u2019s and Lev Konovalov\u2019s poetry from Russian, published articles on cultural history in the press, compiled an overview of the history of emergency aid in Tallinn and catalogues of cartoon exhibitions.<\/span><\/span><\/span>\n<\/p>\n<p>\n\t<span style=\"color:#000000\"><span style=\"font-size:13px\"><span style=\"font-family:Verdana,Geneva,sans-serif\">Viljar Ansko was a member of the Estonian Association of Journalists and the Estonian Literary Society.<\/span><\/span><\/span>\n<\/p>\n<p>\n\t<span style=\"color:#000000\"><span style=\"font-size:13px\"><span style=\"font-family:Verdana,Geneva,sans-serif\">Under the pseudonym of Viljar Kaarna, Ansko published four poetry collections. In his poetry, he expressed passionate reverence for high culture and ridiculed the cult of money and banality. The themes of his poetry are broad: sketches of nature, eroticism, patriotism, Siberian prison camps and fate of the repressed, power and spirit, poetry as the highest form of art, poems dedicated to renowned cultural figures. Ansko\u2019s poems are mostly in rhymed verse. Sometimes the social satire of his poems resembles Heinrich Heine\u2019s poetry.<\/span><\/span><\/span>\n<\/p>\n<p>\n\t<span style=\"color:#000000\"><span style=\"font-size:13px\"><span style=\"font-family:Verdana,Geneva,sans-serif\">Viljar Ansko is the author of Rails Remember\u2026 (1999), the memorial near Risti railway station to the people deported to Siberia from West Estonia. He was awarded the Order of the Estonian Red Cross, Class IV in 2002, Citizen\u2019s Day Award in 2004, bronze medal of merits of the Estonian Defence League in 2008 and silver medal of merits of the Estonian Defence League and the Coat of Arms Badge of Risti parish in 2012.<\/span><\/span><\/span>\n<\/p>\n<p>\n\t<em><span style=\"color:#000000\"><span style=\"font-size:13px\"><span style=\"font-family:Verdana,Geneva,sans-serif\">L. P. (Translated by I. A.)<\/span><\/span><\/span><\/em>\n<\/p>\n<p><strong><span style=\"font-size:16px\"><span style=\"color:#000000\"><span style=\"font-family:Verdana,Geneva,sans-serif\">Books in Estonian<\/span><\/span><\/span><\/strong>\n<\/p>\n<p>\n\t<span style=\"color:#000000\"><span style=\"font-size:13px\"><span style=\"font-family:Verdana,Geneva,sans-serif\"><strong><em>Poetry<\/em><\/strong><br><strong>Tuulelembest, luulet\u00f5mbest<\/strong>: m\u00f5tteiilinguid luulest. Tallinn: Anamnesia, 1995. 63 lk.<br><strong>Meeletuse meelas maitse<\/strong>. Tallinn: Anamnesia, 1998. 46 lk.<br><strong>Aateaabicat\u00f5ed: Isamaa ja ma Ise<\/strong>. Risti: Anamnesia, 2000. 136 lk.<br><strong>Kahe vahel<\/strong>: sahtlisse salatud salmid. Tallinn: Huma, 2008. 96 lk.<br><strong>Raha t\u00fc\u00fcrib\u2026<\/strong>. Tallinn: Vebelex, 2016. 29 lk. [Karikatuurid Eduard T\u00fc\u00fcr, luuletused Viljar Kaarna.]<\/span><\/span><\/span>\n<\/p>\n<p>\n\t<span style=\"color:#000000\"><span style=\"font-size:13px\"><span style=\"font-family:Verdana,Geneva,sans-serif\"><strong><em>Cartoons<\/em><\/strong><br>Viljar Ansko, <strong>Hippocratitis dolorosa<\/strong>. Risti: Anamnesia, 2008. 64 lk.<\/span><\/span><\/span><\/p>\n","protected":false},"excerpt":{"rendered":"<p>Viljar Kaarna (real name Viljar Ansko, 17 May 1948 \u2013 20. December 2016) was a doctor, poet and cartoonist. Viljar Ansko was born in Tartu. He spent his childhood at Kaarepere in J\u00f5geva County, school years and youth at Sompa &#8230;<\/p>\n","protected":false},"author":43,"featured_media":0,"parent":498,"menu_order":0,"comment_status":"closed","ping_status":"closed","template":"","meta":{"_acf_changed":false,"inline_featured_image":false,"footnotes":""},"class_list":["post-2117","page","type-page","status-publish","hentry"],"acf":[],"_links":{"self":[{"href":"https:\/\/sisu.ut.ee\/ewod\/wp-json\/wp\/v2\/pages\/2117","targetHints":{"allow":["GET"]}}],"collection":[{"href":"https:\/\/sisu.ut.ee\/ewod\/wp-json\/wp\/v2\/pages"}],"about":[{"href":"https:\/\/sisu.ut.ee\/ewod\/wp-json\/wp\/v2\/types\/page"}],"author":[{"embeddable":true,"href":"https:\/\/sisu.ut.ee\/ewod\/wp-json\/wp\/v2\/users\/43"}],"replies":[{"embeddable":true,"href":"https:\/\/sisu.ut.ee\/ewod\/wp-json\/wp\/v2\/comments?post=2117"}],"version-history":[{"count":1,"href":"https:\/\/sisu.ut.ee\/ewod\/wp-json\/wp\/v2\/pages\/2117\/revisions"}],"predecessor-version":[{"id":2965,"href":"https:\/\/sisu.ut.ee\/ewod\/wp-json\/wp\/v2\/pages\/2117\/revisions\/2965"}],"up":[{"embeddable":true,"href":"https:\/\/sisu.ut.ee\/ewod\/wp-json\/wp\/v2\/pages\/498"}],"wp:attachment":[{"href":"https:\/\/sisu.ut.ee\/ewod\/wp-json\/wp\/v2\/media?parent=2117"}],"curies":[{"name":"wp","href":"https:\/\/api.w.org\/{rel}","templated":true}]}}