{"id":2095,"date":"2024-04-03T23:42:29","date_gmt":"2024-04-03T20:42:29","guid":{"rendered":"https:\/\/sisu.ut.ee\/ewod\/plays-et-59\/"},"modified":"2024-04-04T00:05:24","modified_gmt":"2024-04-03T21:05:24","slug":"plays","status":"publish","type":"page","link":"https:\/\/sisu.ut.ee\/ewod\/t\/talvest\/plays\/","title":{"rendered":"Mai Talvest &#8211; plays"},"content":{"rendered":"<p>\n\t<span data-mce-mark=\"1\" style=\"font-family: verdana, geneva;font-size: medium\"><strong>Books<\/strong><\/span>\n<\/p>\n<p>\n\t<span style=\"font-family:Verdana,Geneva,sans-serif\"><strong><em>German<\/em><\/strong><br><strong>Wie die Saat\u2026so die Ernte<\/strong>. \u00dcbersetzung: Erich Pfaff. Temesvar: Regionsvolksrat. Regionalhaus f\u00fcr k\u00fcnstlerisches Volksschaffen, 1959. 26 pp. [\u2018Kuidas k\u00fclvad, n\u00f5nda l\u00f5ikad\u2019.]<\/span><\/p>\n<p><span style=\"font-family: verdana, geneva\"><strong><em>Hungarian<\/em><\/strong><br>Maj Talveszt, <strong>Mocs\u00e1ri \u00f6rd\u00f6g\u00f6k: Sz\u00ednm\u0171<\/strong>. Ford\u00edtotta Lajos Zolt\u00e1n. Sz\u00ednj\u00e1tsz\u00f3k K\u00f6nyvt\u00e1ra, 132-133. Budapest: N\u00e9pszava, 1956, 88 pp. [\u2019Sookollid.\u2019]<br>Maj Talveszt, <strong style=\"font-family: verdana, geneva;line-height: 1.6em\">Mintaf\u00e9rj: Sz\u00ednm\u0171 egy felvon\u00e1sban, k\u00e9t k\u00e9pben<\/strong>. Ford\u00edtotta Gy\u00f6rgy Kop\u00e1nyi. Sz\u00ednj\u00e1tsz\u00f3k K\u00f6nyvt\u00e1ra, 69. Budapest: M\u0171velt N\u00e9p, 1954, 30 pp. [\u2018Tiina\u2019.]<\/span><\/p>\n","protected":false},"excerpt":{"rendered":"<p>Books GermanWie die Saat\u2026so die Ernte. \u00dcbersetzung: Erich Pfaff. Temesvar: Regionsvolksrat. Regionalhaus f\u00fcr k\u00fcnstlerisches Volksschaffen, 1959. 26 pp. [\u2018Kuidas k\u00fclvad, n\u00f5nda l\u00f5ikad\u2019.] HungarianMaj Talveszt, Mocs\u00e1ri \u00f6rd\u00f6g\u00f6k: Sz\u00ednm\u0171. Ford\u00edtotta Lajos Zolt\u00e1n. Sz\u00ednj\u00e1tsz\u00f3k K\u00f6nyvt\u00e1ra, 132-133. Budapest: N\u00e9pszava, 1956, 88 pp. [\u2019Sookollid.\u2019]Maj Talveszt, &#8230;<\/p>\n","protected":false},"author":43,"featured_media":0,"parent":2087,"menu_order":0,"comment_status":"closed","ping_status":"closed","template":"","meta":{"_acf_changed":false,"inline_featured_image":false,"footnotes":""},"class_list":["post-2095","page","type-page","status-publish","hentry"],"acf":[],"_links":{"self":[{"href":"https:\/\/sisu.ut.ee\/ewod\/wp-json\/wp\/v2\/pages\/2095","targetHints":{"allow":["GET"]}}],"collection":[{"href":"https:\/\/sisu.ut.ee\/ewod\/wp-json\/wp\/v2\/pages"}],"about":[{"href":"https:\/\/sisu.ut.ee\/ewod\/wp-json\/wp\/v2\/types\/page"}],"author":[{"embeddable":true,"href":"https:\/\/sisu.ut.ee\/ewod\/wp-json\/wp\/v2\/users\/43"}],"replies":[{"embeddable":true,"href":"https:\/\/sisu.ut.ee\/ewod\/wp-json\/wp\/v2\/comments?post=2095"}],"version-history":[{"count":1,"href":"https:\/\/sisu.ut.ee\/ewod\/wp-json\/wp\/v2\/pages\/2095\/revisions"}],"predecessor-version":[{"id":2984,"href":"https:\/\/sisu.ut.ee\/ewod\/wp-json\/wp\/v2\/pages\/2095\/revisions\/2984"}],"up":[{"embeddable":true,"href":"https:\/\/sisu.ut.ee\/ewod\/wp-json\/wp\/v2\/pages\/2087"}],"wp:attachment":[{"href":"https:\/\/sisu.ut.ee\/ewod\/wp-json\/wp\/v2\/media?parent=2095"}],"curies":[{"name":"wp","href":"https:\/\/api.w.org\/{rel}","templated":true}]}}