{"id":2094,"date":"2024-04-03T23:42:29","date_gmt":"2024-04-03T20:42:29","guid":{"rendered":"https:\/\/sisu.ut.ee\/ewod\/partna\/"},"modified":"2024-04-04T00:05:23","modified_gmt":"2024-04-03T21:05:23","slug":"partna","status":"publish","type":"page","link":"https:\/\/sisu.ut.ee\/ewod\/p\/partna\/","title":{"rendered":"Maarja P\u00e4rtna"},"content":{"rendered":"<p>\n\t<span style=\"font-family:Verdana,Geneva,sans-serif\"><a href=\"https:\/\/sisu.ut.ee\/ewod\/p\/partna\/poems\"><strong><span style=\"font-size: medium\">Poems <\/span><\/strong><\/a><a href=\"https:\/\/sisu.ut.ee\/wp-content\/uploads\/sites\/108\/maarja_partna_alar_madisson.jpg\" target=\"_self\" rel=\"noopener\"><img decoding=\"async\" alt=\"Maarja P\u00e4rtna\" src=\"https:\/\/sisu.ut.ee\/wp-content\/uploads\/sites\/108\/maarja_partna_alar_madisson_vaike.jpg\" style=\"float: right;width: 200px;height: 303px\" title=\"Photo: Alar Madisson\"><\/a><\/span>\n<\/p>\n<p>\n\t<span style=\"font-family:Verdana,Geneva,sans-serif\"><a href=\"https:\/\/sisu.ut.ee\/ewod\/p\/partna\/about\"><strong><span style=\"font-size: medium\">About Maarja P\u00e4rtna<\/span><\/strong><\/a><\/span>\n<\/p>\n<p><span style=\"color:#000000\"><span style=\"font-family:Verdana,Geneva,sans-serif\"><span style=\"font-weight:normal\"><span style=\"font-size:13px\">Maarja P\u00e4rtna<\/span><\/span><span style=\"font-size:13px\"><b>\u00a0<\/b>(b. 2. VII 1986) is an Estonian poet and translator.<\/span><\/span><\/span>\n<\/p>\n<p>\n\t<span style=\"color:#000000\"><span style=\"font-size:13px\"><span style=\"font-family:Verdana,Geneva,sans-serif\">P\u00e4rtna was born at L\u00fcganuse in Ida-Virumaa county and graduated from L\u00fcganuse secondary school in 2005. From 2005 to 2009 she studied English philology at the University of Tartu and continued with Master\u2019s studies in world literature, graduating in 2014. From 2011 to 2015 she worked in the editorial office of the newspaper <i><span style=\"font-style:italic\">M\u00fc\u00fcrileht<\/span><\/i>\u00a0and from 2014 to 2015 on the journal <i><span style=\"font-style:italic\">V\u00e4rske R\u00f5hk<\/span><\/i>. Since then she has been a freelance writer in Tartu. \u00a0<\/span><\/span><\/span>\n<\/p>\n<p>\n\t<span style=\"color:#000000\"><span style=\"font-size:13px\"><span style=\"font-family:Verdana,Geneva,sans-serif\">P\u00e4rtna has written lyrical poetry in free verse, but the narrative\u00a0element in her poetry\u00a0has steadily intensified. Her first collection <i><span style=\"font-style:italic\">Rohujuurte juures <\/span><\/i>(\u2018At the Grassroots\u2019, 2010) is somewhat more heterogeneous and romantic, compared with its successors. From her second collection, <i><span style=\"font-style:italic\">L\u00e4ved ja t\u00fcved <\/span><\/i>(\u2018Thresholds and Trunks\u2019, 2013) onwards, the objectifying tendency is strengthened. What remains essential is the sensual experience of the lyrical subject, but the subjective element often develops into a generally applicable description or a philosophical generalization. Although P\u00e4rtna has also published love poetry as well as texts that deal with the social aspects of human relations (especially in her third collection, <i><span style=\"font-style:italic\">Saamises, <\/span><\/i>\u2018In Becoming\u2019, 2015) what is especially characteristic of her work is that the sensual world takes origin in spatial experience, whether the space is houses, a city\u00a0or, for example, former industrial landscapes and habitations, where humanity has receded and nature has again taken over.<\/span><\/span><\/span>\n<\/p>\n<p>\n\t<span style=\"color:#000000\"><span style=\"font-size:13px\"><span style=\"font-family:Verdana,Geneva,sans-serif\">Concern\u00a0about environmental problems is evident in all of P\u00e4rtna\u2019s books, but the theme becomes especially significant in the collection <i><span style=\"font-style:italic\">Vivaarium <\/span><\/i>(\u2018Vivarium\u2019, 2019) which is her most complete collection compared with the others. One of the basic starting points of <i><span style=\"font-style:italic\">Vivaarium <\/span><\/i>is the wish to experience and raise awareness of what it means to live in a time of great environmental change \u2013 a time of climate change and ever more evident loss of diversity. The title <i><span style=\"font-style:italic\">Vivaarium <\/span><\/i>may be interpreted ironically: in a sense a human being is a guinea-pig who is placed in the sphere of influence of global processes that are unfolding in a particular environment \u2013 in such circumstances a sense of alienation is inevitable. An eco-critical approach is manifest in P\u00e4rtna\u2019s poetry, but as for her work as a whole one must concede that the great generalizations and conceptions still start from little things, and the abstract progressions of thought arise from subjective experiences. \u00a0<\/span><\/span><\/span>\n<\/p>\n<p>\n\t<span style=\"color:#000000\"><span style=\"font-size:13px\"><span style=\"font-family:Verdana,Geneva,sans-serif\">The tendencies revealed in P\u00e4rtna\u2019s poetry are partly due to her literary background. For example, she has translated William Carlos Williams\u2019 poetry into Estonian, and in <i><span style=\"font-style:italic\">Vivaarium <\/span><\/i>used verses by Elizabeth Bishop as an introductory motto for the collection. In separate books P\u00e4rtna has rendered essays by Margaret Atwood, Kathleen Jamie and Robert Macfarlane into Estonian.<\/span><\/span><\/span>\n<\/p>\n<p>\n\t<span style=\"color:#000000\"><span style=\"font-size:13px\"><span style=\"font-family:Verdana,Geneva,sans-serif\">In 2013 P\u00e4rtna received the Juhan Liiv poetry award, and in the same year the honorary title of Tartu\u00a0Young Culture Bearer. In 2020 her collection <i><span style=\"font-style:italic\">Vivaarium <\/span><\/i>was awarded the Gustav Suits poetry prize.<\/span><\/span><\/span>\n<\/p>\n<p>\n\t<span style=\"color:#000000\"><em><span style=\"font-size:13px\"><span style=\"font-family:Verdana,Geneva,sans-serif\">M. V. (Translated by C. M.)<\/span><\/span><\/em><\/span>\n<\/p>\n<p style=\"margin-bottom:0,0000pt\">\n<\/p><p><span style=\"color:#000000\"><span style=\"font-size:16px\"><span style=\"font-family:Verdana,Geneva,sans-serif\"><b><span style=\"font-weight:bold\">Books in Estonian<\/span><\/b><\/span><\/span><\/span>\n<\/p>\n<p>\n\t<span style=\"color:#000000\"><span style=\"font-family:Verdana,Geneva,sans-serif\"><span style=\"font-size:13px\"><b><i><span style=\"font-weight:bold\"><span style=\"font-style:italic\">Poetry<\/span><\/span><\/i><br><span style=\"font-weight:bold\">Rohujuurte juures. <\/span><\/b>Tartu: V\u00e4rske R\u00f5hk, 2010, 48 lk.<br><b><span style=\"font-weight:bold\">L\u00e4ved ja t\u00fcved. <\/span><\/b>Tallinn: Eesti Keele Sihtasutus, 2013, 84 lk.<br><b><span style=\"font-weight:bold\">Saamises. <\/span><\/b>Luige: Verb, 2015, 56 lk.<br><b><span style=\"font-weight:bold\">Vivaarium. <\/span><\/b>Tartu: Elusamus, 2019, 72 lk.<\/span><\/span><br><span style=\"font-size:13px\"><span style=\"font-family:Verdana,Geneva,sans-serif\"><strong>Elav linn<\/strong>. Tartu: Tedret\u00e4ht, 2022, 78 lk.<\/span><\/span><\/span>\n<\/p>\n<p>\n\t\u00a0<\/p>\n","protected":false},"excerpt":{"rendered":"<p>Poems About Maarja P\u00e4rtna Maarja P\u00e4rtna\u00a0(b. 2. VII 1986) is an Estonian poet and translator. P\u00e4rtna was born at L\u00fcganuse in Ida-Virumaa county and graduated from L\u00fcganuse secondary school in 2005. From 2005 to 2009 she studied English philology at &#8230;<\/p>\n","protected":false},"author":43,"featured_media":0,"parent":675,"menu_order":0,"comment_status":"closed","ping_status":"closed","template":"","meta":{"_acf_changed":false,"inline_featured_image":false,"footnotes":""},"class_list":["post-2094","page","type-page","status-publish","hentry"],"acf":[],"_links":{"self":[{"href":"https:\/\/sisu.ut.ee\/ewod\/wp-json\/wp\/v2\/pages\/2094","targetHints":{"allow":["GET"]}}],"collection":[{"href":"https:\/\/sisu.ut.ee\/ewod\/wp-json\/wp\/v2\/pages"}],"about":[{"href":"https:\/\/sisu.ut.ee\/ewod\/wp-json\/wp\/v2\/types\/page"}],"author":[{"embeddable":true,"href":"https:\/\/sisu.ut.ee\/ewod\/wp-json\/wp\/v2\/users\/43"}],"replies":[{"embeddable":true,"href":"https:\/\/sisu.ut.ee\/ewod\/wp-json\/wp\/v2\/comments?post=2094"}],"version-history":[{"count":1,"href":"https:\/\/sisu.ut.ee\/ewod\/wp-json\/wp\/v2\/pages\/2094\/revisions"}],"predecessor-version":[{"id":2983,"href":"https:\/\/sisu.ut.ee\/ewod\/wp-json\/wp\/v2\/pages\/2094\/revisions\/2983"}],"up":[{"embeddable":true,"href":"https:\/\/sisu.ut.ee\/ewod\/wp-json\/wp\/v2\/pages\/675"}],"wp:attachment":[{"href":"https:\/\/sisu.ut.ee\/ewod\/wp-json\/wp\/v2\/media?parent=2094"}],"curies":[{"name":"wp","href":"https:\/\/api.w.org\/{rel}","templated":true}]}}

Maarja Pärtna

<p>
	<span style="font-family:Verdana,Geneva,sans-serif"><a href="https://sisu.ut.ee/ewod/p/partna/poems"><strong><span style="font-size: medium">Poems </span></strong></a><a href="https://sisu.ut.ee/wp-content/uploads/sites/108/maarja_partna_alar_madisson.jpg" target="_self" rel="noopener"><img decoding="async" alt="Maarja Pärtna" src="https://sisu.ut.ee/wp-content/uploads/sites/108/maarja_partna_alar_madisson_vaike.jpg" style="float: right;width: 200px;height: 303px" title="Photo: Alar Madisson"></a></span>
</p>
<p>
	<span style="font-family:Verdana,Geneva,sans-serif"><a href="https://sisu.ut.ee/ewod/p/partna/about"><strong><span style="font-size: medium">About Maarja Pärtna</span></strong></a></span>
</p>
<p><span style="color:#000000"><span style="font-family:Verdana,Geneva,sans-serif"><span style="font-weight:normal"><span style="font-size:13px">Maarja Pärtna</span></span><span style="font-size:13px"><b> </b>(b. 2. VII 1986) is an Estonian poet and translator.</span></span></span>
</p>
<p>
	<span style="color:#000000"><span style="font-size:13px"><span style="font-family:Verdana,Geneva,sans-serif">Pärtna was born at Lüganuse in Ida-Virumaa county and graduated from Lüganuse secondary school in 2005. From 2005 to 2009 she studied English philology at the University of Tartu and continued with Master’s studies in world literature, graduating in 2014. From 2011 to 2015 she worked in the editorial office of the newspaper <i><span style="font-style:italic">Müürileht</span></i> and from 2014 to 2015 on the journal <i><span style="font-style:italic">Värske Rõhk</span></i>. Since then she has been a freelance writer in Tartu.  </span></span></span>
</p>
<p>
	<span style="color:#000000"><span style="font-size:13px"><span style="font-family:Verdana,Geneva,sans-serif">Pärtna has written lyrical poetry in free verse, but the narrative element in her poetry has steadily intensified. Her first collection <i><span style="font-style:italic">Rohujuurte juures </span></i>(‘At the Grassroots’, 2010) is somewhat more heterogeneous and romantic, compared with its successors. From her second collection, <i><span style="font-style:italic">Läved ja tüved </span></i>(‘Thresholds and Trunks’, 2013) onwards, the objectifying tendency is strengthened. What remains essential is the sensual experience of the lyrical subject, but the subjective element often develops into a generally applicable description or a philosophical generalization. Although Pärtna has also published love poetry as well as texts that deal with the social aspects of human relations (especially in her third collection, <i><span style="font-style:italic">Saamises, </span></i>‘In Becoming’, 2015) what is especially characteristic of her work is that the sensual world takes origin in spatial experience, whether the space is houses, a city or, for example, former industrial landscapes and habitations, where humanity has receded and nature has again taken over.</span></span></span>
</p>
<p>
	<span style="color:#000000"><span style="font-size:13px"><span style="font-family:Verdana,Geneva,sans-serif">Concern about environmental problems is evident in all of Pärtna’s books, but the theme becomes especially significant in the collection <i><span style="font-style:italic">Vivaarium </span></i>(‘Vivarium’, 2019) which is her most complete collection compared with the others. One of the basic starting points of <i><span style="font-style:italic">Vivaarium </span></i>is the wish to experience and raise awareness of what it means to live in a time of great environmental change – a time of climate change and ever more evident loss of diversity. The title <i><span style="font-style:italic">Vivaarium </span></i>may be interpreted ironically: in a sense a human being is a guinea-pig who is placed in the sphere of influence of global processes that are unfolding in a particular environment – in such circumstances a sense of alienation is inevitable. An eco-critical approach is manifest in Pärtna’s poetry, but as for her work as a whole one must concede that the great generalizations and conceptions still start from little things, and the abstract progressions of thought arise from subjective experiences.  </span></span></span>
</p>
<p>
	<span style="color:#000000"><span style="font-size:13px"><span style="font-family:Verdana,Geneva,sans-serif">The tendencies revealed in Pärtna’s poetry are partly due to her literary background. For example, she has translated William Carlos Williams’ poetry into Estonian, and in <i><span style="font-style:italic">Vivaarium </span></i>used verses by Elizabeth Bishop as an introductory motto for the collection. In separate books Pärtna has rendered essays by Margaret Atwood, Kathleen Jamie and Robert Macfarlane into Estonian.</span></span></span>
</p>
<p>
	<span style="color:#000000"><span style="font-size:13px"><span style="font-family:Verdana,Geneva,sans-serif">In 2013 Pärtna received the Juhan Liiv poetry award, and in the same year the honorary title of Tartu Young Culture Bearer. In 2020 her collection <i><span style="font-style:italic">Vivaarium </span></i>was awarded the Gustav Suits poetry prize.</span></span></span>
</p>
<p>
	<span style="color:#000000"><em><span style="font-size:13px"><span style="font-family:Verdana,Geneva,sans-serif">M. V. (Translated by C. M.)</span></span></em></span>
</p>
<p style="margin-bottom:0,0000pt">
</p><p><span style="color:#000000"><span style="font-size:16px"><span style="font-family:Verdana,Geneva,sans-serif"><b><span style="font-weight:bold">Books in Estonian</span></b></span></span></span>
</p>
<p>
	<span style="color:#000000"><span style="font-family:Verdana,Geneva,sans-serif"><span style="font-size:13px"><b><i><span style="font-weight:bold"><span style="font-style:italic">Poetry</span></span></i><br><span style="font-weight:bold">Rohujuurte juures. </span></b>Tartu: Värske Rõhk, 2010, 48 lk.<br><b><span style="font-weight:bold">Läved ja tüved. </span></b>Tallinn: Eesti Keele Sihtasutus, 2013, 84 lk.<br><b><span style="font-weight:bold">Saamises. </span></b>Luige: Verb, 2015, 56 lk.<br><b><span style="font-weight:bold">Vivaarium. </span></b>Tartu: Elusamus, 2019, 72 lk.</span></span><br><span style="font-size:13px"><span style="font-family:Verdana,Geneva,sans-serif"><strong>Elav linn</strong>. Tartu: Tedretäht, 2022, 78 lk.</span></span></span>
</p>
<p>
	 </p>

<p>Poems About Maarja Pärtna Maarja Pärtna (b. 2. VII 1986) is an Estonian poet and translator. Pärtna was born at Lüganuse in Ida-Virumaa county and graduated from Lüganuse secondary school in 2005. From 2005 to 2009 she studied English philology at &#8230;</p>
