{"id":2068,"date":"2024-04-03T23:42:26","date_gmt":"2024-04-03T20:42:26","guid":{"rendered":"https:\/\/sisu.ut.ee\/ewod\/maimuberg\/"},"modified":"2024-09-11T15:52:02","modified_gmt":"2024-09-11T12:52:02","slug":"maimuberg","status":"publish","type":"page","link":"https:\/\/sisu.ut.ee\/ewod\/b\/maimuberg\/","title":{"rendered":"Maimu Berg"},"content":{"rendered":"<h5 class=\"wp-block-heading\"><br><a href=\"https:\/\/sisu.ut.ee\/ewod\/b\/maimuberg\/poems\/\" data-type=\"page\" data-id=\"5465\"><strong>Poems<\/strong><\/a><\/h5>\n\n\n\n<h5 class=\"wp-block-heading\"><span style=\"font-size: medium; font-family: verdana, geneva;\"><a href=\"https:\/\/sisu.ut.ee\/ewod\/b\/maimuberg\/novels\"><span style=\"font-family: verdana, geneva; line-height: 1.6em;\"><strong>Novels<\/strong><\/span><\/a><a style=\"font-family: verdana, geneva; line-height: 1.6em;\" href=\"\/wp-content\/uploads\/sites\/108\/berg_maimu_1_alar_madissoni_foto.jpg\"><img loading=\"lazy\" decoding=\"async\" title=\"Photo by Alar Madisson\" width=\"200\" height=\"280\" style=\"float: right;\" src=\"\/wp-content\/uploads\/sites\/108\/maimu_berg_foto_alar_madisson_2.jpg\" alt=\"Maimu Berg. Photo: Alar Madisson\"><\/a><\/span><\/h5>\n\n\n\n<h5 class=\"wp-block-heading\"><span style=\"font-family: verdana, geneva; font-size: medium;\"><a href=\"https:\/\/sisu.ut.ee\/ewod\/b\/maimuberg\/stories\"><strong>Short stories<\/strong><\/a><\/span><\/h5>\n\n\n\n<h5 class=\"wp-block-heading\"><span style=\"font-family: verdana, geneva;\"><a href=\"https:\/\/sisu.ut.ee\/ewod\/b\/maimuberg\/nonfiction\"><span style=\"font-size: medium;\"><strong>Non-fiction<\/strong><\/span><\/a><\/span><\/h5>\n\n\n\n<h5 class=\"wp-block-heading\"><span style=\"font-family: verdana, geneva; font-size: medium;\"><a href=\"https:\/\/sisu.ut.ee\/ewod\/b\/maimuberg\/about\"><strong>About Maimu Berg<\/strong><\/a><\/span><\/h5>\n\n\n\n<p><br><span style=\"font-family: verdana, geneva;\"><span style=\"color: #000000;\">Maimu Berg (b. 27. VIII 1945), prosaist, journalist, translator and critic, was born in Tallinn to a family of intellectuals. She completed high school in 1963 and went on to study Estonian philology at the University of Tartu, graduating in 1968. Later, from 1982\u20131986, she returned to the university to complete her degree in journalism. From 1969\u20131974, Berg worked as a scientific secretary at the Tartu University Library. She then became head editor of <em style=\"font-family: verdana, geneva; line-height: 1.6em;\">Siluett<\/em>, a fashion magazine, for which she worked from 1974\u20131990. From 1990\u20131991, she was an editor for the academic journal <em style=\"font-family: verdana, geneva; line-height: 1.6em;\">Keel ja kirjandus<\/em>, and since 1991, she has worked as the cultural secretary in Tallinn at the Finnish Institute. She was a founding member of the literary group Wellesto in 1988, and in 1990 was inducted into the Estonian Writers\u2019 Union. Berg has also been active in politics, especially in the last fifteen years. From 2002\u20132006, she was a member of the Eestimaa Rahvaliit until she switched to the Social Democratic Party in 2006.<\/span><\/span><\/p>\n\n\n\n<p><span style=\"color: #000000;\"><span style=\"font-family: verdana, geneva;\">Berg debuted with a short story in the journal <em>Noorus<\/em> in 1969 under the pen-name Leen Kaiste; however, she did not gain national attention until the publication of her combined novels <em>Kirjutajad. Seisab \u00fcksi m\u00e4e peal <\/em>(\u2018Writers. Standing Alone on a Hill\u2019) in 1987, which explored cultural and historical problems of national identity. She published her first collection of short stroies and tales <em>On l\u00e4inud <\/em>(\u2018Bygones\u2019) in 1991, which was followed by a second collection of both short texts and longer stories called <em>Mina, moeajakirjanik <\/em>(\u2018Me, a Fashion Journalist\u2019, 1996), the latter of which was undoubtedly influenced by her work as a fashion editor during Soviet Occupation.<\/span><\/span><\/p>\n\n\n\n<p><span style=\"color: #000000;\"><span style=\"font-family: verdana, geneva;\">Much of Berg\u2019s work explores the fears and desires of women, especially within a psychoanalyical framework. Others have described her style as sarcastically humorous, ironic, and grotesque. Her stories often explore complex relationships, especially as a means of analyzing one\u2019s own ethnic identity, through love stories or the idea of escaping stagnation. Her novels <em>Ma armastasin venelast <\/em>(\u2018I Loved a Russian\u2019, 1994), an Estonian version of Lolita, and <em>\u00c4ra <\/em>(\u2018Away\u2019, 1999), which won the A.H. Tammsaare Literary Award in 2000, are both set in the last years of the Soviet Union. Her more recent work includes the short story collection <em>Unustatud inimesed <\/em>(\u2018Forgotten People\u2019, 2007), the plays <em>Vene rulett. Euroopasse! Euroopasse! <\/em>(\u2018Russian Roulette. To Europe! To Europe!\u2019, 2008), and the memoir <em>Moemaja <\/em>(\u2018The Fashion House\u2019, 2012).<\/span><\/span><\/p>\n\n\n\n<p><span style=\"color: #000000;\"><span style=\"font-family: verdana, geneva;\">In addition to writing, Berg is also a literary critic (debuted in 1983) and a translator. Sirje Olesk described Berg as having a feuilleton-like and subjective critical style. She has published literary historical accounts of other writers, including Jaan Oks and Oskar Luts. Berg\u2019s translations of Finnish drama won her the Aleksander Kurtna Translation Award in 2008, and she is also an honorary member of the Finnish Writers\u2019 Union. Her own work as been translated into several languages. <\/span><\/span><\/p>\n\n\n\n<p><span style=\"color: #000000;\"><span style=\"font-family: verdana, geneva;\"><em>M.M.<\/em><\/span><\/span><\/p>\n\n\n\n<p><span style=\"color: #000000;\"><strong><span style=\"font-family: verdana, geneva; font-size: medium;\">Books in Estonian<\/span><\/strong><\/span><\/p>\n\n\n\n<p><span style=\"color: #000000;\"><strong><em><span style=\"font-family: verdana, geneva;\">Novels<\/span><\/em><\/strong><br><span style=\"font-family: verdana, geneva;\"><strong>Kirjutajad; Seisab \u00fcksi m\u00e4e peal<\/strong>. Tallinn: Eesti Raamat, 1987, 316 lk.<\/span><br><span style=\"font-family: verdana, geneva;\"><strong>Ma armastasin venelast; Nemad<\/strong>. Tallinn: Kupar, 1994, 191 lk. [2. tr\u00fckk: Tallinn: T\u00e4nap\u00e4ev, 2004, 278 lk.]<\/span><br><span style=\"font-family: verdana, geneva;\">Kristjan Jaak Peterson, <strong>Laulud ja p\u00e4evaraamat<\/strong>; Maimu Berg, <strong>Seisab \u00fcksi m\u00e4e peal<\/strong>. Tallinn: Huma, 1998, 278 lk.<\/span><br><span style=\"font-family: verdana, geneva;\"><strong>\u00c4ra<\/strong>. Tallinn: Tuum, 1999, 260 lk.<\/span><\/span><\/p>\n\n\n\n<p><span style=\"color: #000000;\"><strong><em><span style=\"font-family: verdana, geneva;\">Short stories<\/span><\/em><\/strong><br><span style=\"font-family: verdana, geneva;\"><strong>On l\u00e4inud: lugusid ja kunstmuinasjutte<\/strong>. Tallinn: Eesti Raamat, 1991, 179 lk.<\/span><br><span style=\"font-family: verdana, geneva;\"><strong>Mina, moeajakirjanik<\/strong>. Tallinn: Huma, 1996, 243 lk.<\/span><br><span style=\"font-family: verdana, geneva;\"><strong>Unustatud inimesed<\/strong>. Tallinn: Tuum, 2007, 228 lk.<\/span><br><span style=\"font-family: verdana, geneva;\"><strong>Hitler Mustjalas<\/strong>. Tallinn: Tuum, 2016, 221 lk.<\/span><\/span><\/p>\n\n\n\n<p><span style=\"color: #000000;\"><strong><em><span style=\"font-family: verdana, geneva;\">Plays<\/span><\/em><\/strong><br><span style=\"font-family: verdana, geneva;\"><strong>Vene rulett; Euroopasse! Euroopasse!: kaks n\u00e4idendit<\/strong>. Tallinn: Kultuurileht (Loomingu Raamatukogu), 2008, 127 lk. [E-raamat: Tallinn: Kultuurileht (Loomingu Raamatukogu), 2008.]<\/span><\/span><\/p>\n\n\n\n<p><span style=\"color: #000000;\"><strong><em><span style=\"font-family: verdana, geneva;\">Non-fiction<\/span><\/em><\/strong><br><span style=\"font-family: verdana, geneva;\"><strong>Tants lahkunud isaga: vaateid Eesti ellu<\/strong>. Tallinn: Kirilille Kirjastus, 2003, 119 lk. [Artiklid.]<\/span><br><span style=\"font-family: verdana, geneva;\"><strong>Moemaja<\/strong>. Tartu: Petrone Print, 2012, 198 lk. [2. tr\u00fckk: Tartu: Petrone Print, 2014, 212 lk; E-raamat: Tartu: Petrone Print, 2012.]<\/span><\/span><\/p>\n","protected":false},"excerpt":{"rendered":"<p>Poems Novels Short stories Non-fiction About Maimu Berg Maimu Berg (b. 27. VIII 1945), prosaist, journalist, translator and critic, was born in Tallinn to a family of intellectuals. She completed high school in 1963 and went on to study Estonian &#8230;<\/p>\n","protected":false},"author":43,"featured_media":0,"parent":530,"menu_order":0,"comment_status":"closed","ping_status":"closed","template":"","meta":{"_acf_changed":false,"inline_featured_image":false,"footnotes":""},"class_list":["post-2068","page","type-page","status-publish","hentry"],"acf":[],"_links":{"self":[{"href":"https:\/\/sisu.ut.ee\/ewod\/wp-json\/wp\/v2\/pages\/2068","targetHints":{"allow":["GET"]}}],"collection":[{"href":"https:\/\/sisu.ut.ee\/ewod\/wp-json\/wp\/v2\/pages"}],"about":[{"href":"https:\/\/sisu.ut.ee\/ewod\/wp-json\/wp\/v2\/types\/page"}],"author":[{"embeddable":true,"href":"https:\/\/sisu.ut.ee\/ewod\/wp-json\/wp\/v2\/users\/43"}],"replies":[{"embeddable":true,"href":"https:\/\/sisu.ut.ee\/ewod\/wp-json\/wp\/v2\/comments?post=2068"}],"version-history":[{"count":3,"href":"https:\/\/sisu.ut.ee\/ewod\/wp-json\/wp\/v2\/pages\/2068\/revisions"}],"predecessor-version":[{"id":5469,"href":"https:\/\/sisu.ut.ee\/ewod\/wp-json\/wp\/v2\/pages\/2068\/revisions\/5469"}],"up":[{"embeddable":true,"href":"https:\/\/sisu.ut.ee\/ewod\/wp-json\/wp\/v2\/pages\/530"}],"wp:attachment":[{"href":"https:\/\/sisu.ut.ee\/ewod\/wp-json\/wp\/v2\/media?parent=2068"}],"curies":[{"name":"wp","href":"https:\/\/api.w.org\/{rel}","templated":true}]}}