{"id":2064,"date":"2024-04-03T23:42:26","date_gmt":"2024-04-03T20:42:26","guid":{"rendered":"https:\/\/sisu.ut.ee\/ewod\/poems-et-287\/"},"modified":"2024-04-04T00:05:28","modified_gmt":"2024-04-03T21:05:28","slug":"poems","status":"publish","type":"page","link":"https:\/\/sisu.ut.ee\/ewod\/p\/eevapark\/poems\/","title":{"rendered":"Eeva Park &#8211; poems"},"content":{"rendered":"<p>\n\t<span style=\"font-size:16px\"><span style=\"font-family: verdana, geneva\"><strong><strong>Books<\/strong><\/strong><\/span><\/span>\n<\/p>\n<p>\n\t<span style=\"font-size:13px\"><span style=\"font-family:Verdana,Geneva,sans-serif\"><strong><em>English<\/em><br>The Rules of Bird Hunting<\/strong>. Translated by Jayde Will. Swansea: Parthian, 2018. [\u2018Linnujahireeglid\u2019.]<\/span><\/span><\/p>\n<p><strong><em>Finnish<\/em><\/strong><br><strong>Pitk\u00e4ll\u00e4 penkill\u00e4<\/strong>. Suomentanut Raija H\u00e4m\u00e4l\u00e4inen; toimittanut ja j\u00e4lkisanat: Hannu Oittinen; kuvittanut Reti Saks. Tallinn: NyNorden, 2009, 79 pp.\u00a0<br>\u00a0\n<\/p>\n<p>\n\t<span style=\"font-size:16px\"><span style=\"font-family: verdana, geneva\"><strong><strong>In compilations, anthologies, magazines<\/strong><\/strong><\/span><\/span>\n<\/p>\n<p>\n\t<span style=\"font-size:13px\"><span style=\"font-family: verdana, geneva\"><strong><em>Danish<\/em><br>Vaikuste varjus: P\u00f5hjamaade luulet<\/strong>. Tekste teiselt P\u00f5hjamaade luulefestivalilt Tallinnas 2002. aasta kevadel. Edited by Eha Vain and Jan Kaus, foreword by Kalli Klement. Tallinn : Eesti Raamat, 2003, 109 pp. [Parallel text in Estonian, Danish, Swedish, Norwegian and Finnish. Includes poems by Indrek Hirv, Eeva Park, Doris Kareva, K\u00e4tlin Vainola and Elo Viiding.]<\/span><\/span>\n<\/p>\n<p>\n\t<span style=\"font-size:13px\"><span style=\"font-family: verdana, geneva\"><strong><em>English<\/em><\/strong><\/span><br><span style=\"font-family: verdana, geneva\"><strong>Poetry by Eeva Park<\/strong>. \u2013\u00a0Estonian Literary Magazine, no 46, 2018, p 46-48\u00a0[Translated by Adam Cullen]<\/span><br><span style=\"font-family: verdana, geneva\"><strong>L\u00f5pmatuse l\u00e4vel: eesti luuletajad Niguliste kirikus = The brink of infinity: Estonian poets in St. Nicholas\u2019 church<\/strong>. Edited by Veronika Kivisilla, translated by Adam Cullen, Matthew Hyde, Miriam McIlfatrick-Ksenofontov. Tallinn: HeadRead, 2015, 166 pp. [Poems by Kristjan Haljak, Viiu H\u00e4rm, Peep Ilmet, K\u00e4tlin Kaldmaa, Doris Kareva, Jan Kaus, Veronika Kivisilla, Indrek Koff, Igor Kotjuh, Asko K\u00fcnnap, Eeva Park, J\u00fcrgen Rooste, Karl Martin Sinij\u00e4rv. Parallel text in Estonian and English.]<br><strong>Contemporary Estonian poetry: a Baltic anthology. Book three<\/strong>. Ed by Inara Cedrins.\u00a0Introduction \u2018(Post)modern Estonian poetry\u2019 by J\u00fcri Talvet. Translated by\u00a0Eva Liina Asu-Garcia, Eric Dickens,\u00a0Sam Hamill,\u00a0Harvey Lee Hix,\u00a0Kalju Kruusa,\u00a0Brandon Lussier,\u00a0Miriam Anne McIlfatrick-Ksenofontov,\u00a0Elin S\u00fctiste,\u00a0J\u00fcri Talvet,\u00a0Riina Tamm,\u00a0Jayde Will.\u00a0[New Orleans]: UNO Press, c2013. 270 pp. [Poems by Andres Ehin,\u00a0fs,\u00a0Indrek Hirv,\u00a0Jaan Kaplinski,\u00a0Doris Kareva,\u00a0Kalev Kesk\u00fcla,\u00a0Hasso Krull,\u00a0Kalju Kruusa,\u00a0Asko K\u00fcnnap,\u00a0Viivi Luik,\u00a0Ene Mihkelson,\u00a0Eeva Park,\u00a0\u00dclar Ploom,\u00a0Maarja P\u00e4rtna,\u00a0Paul-Eerik Rummo,\u00a0Hando Runnel,\u00a0Triin Soomets,\u00a0J\u00fcri Talvet,\u00a0Andra Teede,\u00a0Mats Traat,\u00a0Mari Vallisoo,\u00a0Tuuli Velling,\u00a0Elo Viiding,\u00a0Kaarel B. V\u00e4ljam\u00e4e,\u00a0T\u00f5nu \u00d5nnepalu,\u00a0Kauksi \u00dclle.]<br><a href=\"http:\/\/elm.estinst.ee\/issue\/25\/poetry-eeva-park\/\"><strong>Poetry by Eeva Park<\/strong><\/a>. \u2013 Estonian Literary Magazine, no 25, 2007 [Translated by Jayde Will].<\/span><\/span>\n<\/p>\n<p>\n\t<span style=\"font-size:13px\"><span style=\"font-family: verdana, geneva\"><em><strong>Finnish<\/strong><\/em><br><strong>8+8: Eesti ja Soome luulet = Suomalaista ja virolaista runoutta<\/strong>. Edited by Eeva Park, Translated by Marja Aho, Varja Arola, K\u00e4tlin Kaldmaa et al. Tallinn: NyNorden, 2013, 219 pp. [Includes poems by Aapo Ilves, Mihkel Kaevats, K\u00e4tlin Kaldmaa, Doris Kareva, Kalju Kruusa, Eeva Park, J\u00fcrgen Rooste and Triin Soomets.]<br><strong>Ajattelen koko ajan rahaa: kivikovaa virolaista nykyrunoutta<\/strong>. Translated by Varja Arola, Raija H\u00e4m\u00e4l\u00e4inen, Mika Ker\u00e4nen, Heli Laaksonen, Kaisu Lahikainen, Anu Laitila, Katja Meriluoto, Hannu Oittinen. [Helsinki:] Johnny Kniga, 2006, 106 pp. [Poems by Kristiina Ehin, fs, Kivisildnik, Hasso Krull, Kalju Kruusa, Asko K\u00fcnnap, Fagira D. Morti, Eeva Park, Aare Pilv, J\u00fcrgen Rooste, Karl Martin Sinij\u00e4rv, Triin Soomets, Aleksander Suuman, Mats Traat, Elo Viiding, Wimberg.]<br><strong>Vaikuste varjus: P\u00f5hjamaade luulet<\/strong>. Tekste teiselt P\u00f5hjamaade luulefestivalilt Tallinnas 2002. aasta kevadel. Edited by Eha Vain and Jan Kaus, foreword by Kalli Klement. Tallinn : Eesti Raamat, 2003, 109 pp. [Parallel text in Estonian, Danish, Swedish, Norwegian and Finnish. Includes poems by Indrek Hirv, Eeva Park, Doris Kareva, K\u00e4tlin Vainola and Elo Viiding.]<\/span><\/span>\n<\/p>\n<p>\n\t<span style=\"font-size:13px\"><span style=\"font-family: verdana, geneva\"><strong><em>Norwegian<\/em><\/strong><br><strong>Vaikuste varjus: P\u00f5hjamaade luulet<\/strong>. Tekste teiselt P\u00f5hjamaade luulefestivalilt Tallinnas 2002. aasta kevadel. Edited by Eha Vain and Jan Kaus, foreword by Kalli Klement. Tallinn : Eesti Raamat, 2003, 109 pp. [Parallel text in Estonian, Danish, Swedish, Norwegian and Finnish. Includes poems by Indrek Hirv, Eeva Park, Doris Kareva, K\u00e4tlin Vainola and Elo Viiding.]<\/span><\/span>\n<\/p>\n<p>\n\t<span style=\"font-size:13px\"><span style=\"font-family:Verdana,Geneva,sans-serif\"><strong><em>Spanish<\/em><\/strong><br><strong>Poes\u00eda sin fronteras. IV. Antolog\u00eda de poesia estonio \u2013 espa\u00f1ola<\/strong>. 10 poetas estonios y 10 poetas espa\u00f1oles en dos idiomas. Compilado por Jaime B. Rosa y Triin Soomets. = <strong>Piirideta luule. IV. Eesti \u2013 hispaania luuleantoloogia<\/strong>. 10 eesti ja 10 hispaania luuuletajat kahes keeles. Koostanud Jaime B. Rosa ja Triin Soomets. Traductores \/ T\u00f5lkijad: Carolina Pihelgas, Kaisa Maria Ling, Mariliin Vassenin, Jaime B. Rosa, Anneli Ramos. JB Rosa Ediciones, 2020. [Poems by Clara Jan\u00e9s (pp 13-42), Jaime B. Rosa (pp 43-56), Jos\u00e9 Albi (pp 57-68), Lizabel M\u00f3nica (pp 69-80), Jenaro Talens (pp 81-90), Antonio Colinas (pp 91-100), Jaime Siles (pp 101-116), Rafael Soler (pp 117-128), Tino Villanueva (pp 129-140), Manuel Quiroga Cl\u00e9rigo (pp 141-154), J\u00fcri Talvet (pp 155-166), Elo Viiding (pp 167-180), Eeva Park (pp 181-192), Doris Kareva (pp 193-208), Triin Soomets (pp 209-220), Hasso Krull (pp 221-232), Peep Ilmet (pp 233-244), Mathura (pp 245-256), Carolina Pihelgas (pp 257-268), J\u00fcrgen Rooste (pp 269-278).<\/span><\/span>\n<\/p>\n<p>\n\t<span style=\"font-size:13px\"><span style=\"font-family: verdana, geneva\"><strong><em>Swedish<\/em><\/strong><br><strong>Vaikuste varjus: P\u00f5hjamaade luulet<\/strong>. Tekste teiselt P\u00f5hjamaade luulefestivalilt Tallinnas 2002. aasta kevadel. Edited by Eha Vain and Jan Kaus, foreword by Kalli Klement. Tallinn : Eesti Raamat, 2003, 109 pp. [Parallel text in Estonian, Danish, Swedish, Norwegian and Finnish. Includes poems by Indrek Hirv, Eeva Park, Doris Kareva, K\u00e4tlin Vainola and Elo Viiding.]<\/span><\/span>\n<\/p>\n<p class=\"MsoNormal\" style=\"text-align: justify\">\n\t<span style=\"font-size:13px\"><span style=\"font-family: verdana, geneva\">\u00a0<\/span><\/span><\/p>\n","protected":false},"excerpt":{"rendered":"<p>Books EnglishThe Rules of Bird Hunting. Translated by Jayde Will. Swansea: Parthian, 2018. [\u2018Linnujahireeglid\u2019.] FinnishPitk\u00e4ll\u00e4 penkill\u00e4. Suomentanut Raija H\u00e4m\u00e4l\u00e4inen; toimittanut ja j\u00e4lkisanat: Hannu Oittinen; kuvittanut Reti Saks. Tallinn: NyNorden, 2009, 79 pp.\u00a0\u00a0 In compilations, anthologies, magazines DanishVaikuste varjus: P\u00f5hjamaade luulet. &#8230;<\/p>\n","protected":false},"author":43,"featured_media":0,"parent":2084,"menu_order":0,"comment_status":"closed","ping_status":"closed","template":"","meta":{"_acf_changed":false,"inline_featured_image":false,"footnotes":""},"class_list":["post-2064","page","type-page","status-publish","hentry"],"acf":[],"_links":{"self":[{"href":"https:\/\/sisu.ut.ee\/ewod\/wp-json\/wp\/v2\/pages\/2064","targetHints":{"allow":["GET"]}}],"collection":[{"href":"https:\/\/sisu.ut.ee\/ewod\/wp-json\/wp\/v2\/pages"}],"about":[{"href":"https:\/\/sisu.ut.ee\/ewod\/wp-json\/wp\/v2\/types\/page"}],"author":[{"embeddable":true,"href":"https:\/\/sisu.ut.ee\/ewod\/wp-json\/wp\/v2\/users\/43"}],"replies":[{"embeddable":true,"href":"https:\/\/sisu.ut.ee\/ewod\/wp-json\/wp\/v2\/comments?post=2064"}],"version-history":[{"count":1,"href":"https:\/\/sisu.ut.ee\/ewod\/wp-json\/wp\/v2\/pages\/2064\/revisions"}],"predecessor-version":[{"id":3013,"href":"https:\/\/sisu.ut.ee\/ewod\/wp-json\/wp\/v2\/pages\/2064\/revisions\/3013"}],"up":[{"embeddable":true,"href":"https:\/\/sisu.ut.ee\/ewod\/wp-json\/wp\/v2\/pages\/2084"}],"wp:attachment":[{"href":"https:\/\/sisu.ut.ee\/ewod\/wp-json\/wp\/v2\/media?parent=2064"}],"curies":[{"name":"wp","href":"https:\/\/api.w.org\/{rel}","templated":true}]}}