{"id":2045,"date":"2024-04-03T23:42:24","date_gmt":"2024-04-03T20:42:24","guid":{"rendered":"https:\/\/sisu.ut.ee\/ewod\/about-et-268\/"},"modified":"2024-04-04T00:05:32","modified_gmt":"2024-04-03T21:05:32","slug":"about","status":"publish","type":"page","link":"https:\/\/sisu.ut.ee\/ewod\/b\/brockmann\/about\/","title":{"rendered":"Reiner Brockmann &#8211; about"},"content":{"rendered":"<p><span style=\"font-family: verdana, geneva\"><strong><span style=\"font-size: medium\">Articles<\/span><\/strong><\/span><\/p>\n<p><span style=\"font-family: verdana, geneva\"><em><strong>English<\/strong><\/em><\/span><br><span style=\"font-family: verdana, geneva\">Aigi Heero,\u00a0<strong>Timotheus Polus and Reiner Brockmann: the Nexus between the Estonian and European literary discourse<\/strong>. \u2013 Interlitteraria, vol 17, no 1-2, 2012, pp 366-376.<br>Marju Lepaj\u00f5e,\u00a0<a href=\"http:\/\/elm.estinst.ee\/issue\/29\/reiner-brockmann\/\"><strong>Reiner Brockmann<\/strong><\/a>. \u2013 Estonian Literary Magazine, no 29, 2009.<\/span><\/p>\n<p><span style=\"font-family: verdana, geneva\"><em><strong>German<\/strong><\/em><br>Marju Lepaj\u00f5e: <strong>Reiner Brockmann und die Anf\u00e4nge der estnischen Kunstpoesie<\/strong>. \u2013 Kulturgeschichte der baltischen L\u00e4nder in der Fr\u00fchen Neuzeit. Mit einem Ausblick in die Moderne. Hrsg. von Klaus Garber und Martin Kl\u00f6ker. T\u00fcbingen: Max Niemeyer Verlag, 2003, pp 319-335.<\/span><\/p>\n","protected":false},"excerpt":{"rendered":"<p>Articles EnglishAigi Heero,\u00a0Timotheus Polus and Reiner Brockmann: the Nexus between the Estonian and European literary discourse. \u2013 Interlitteraria, vol 17, no 1-2, 2012, pp 366-376.Marju Lepaj\u00f5e,\u00a0Reiner Brockmann. \u2013 Estonian Literary Magazine, no 29, 2009. GermanMarju Lepaj\u00f5e: Reiner Brockmann und die &#8230;<\/p>\n","protected":false},"author":43,"featured_media":0,"parent":55,"menu_order":0,"comment_status":"closed","ping_status":"closed","template":"","meta":{"_acf_changed":false,"inline_featured_image":false,"footnotes":""},"class_list":["post-2045","page","type-page","status-publish","hentry"],"acf":[],"_links":{"self":[{"href":"https:\/\/sisu.ut.ee\/ewod\/wp-json\/wp\/v2\/pages\/2045","targetHints":{"allow":["GET"]}}],"collection":[{"href":"https:\/\/sisu.ut.ee\/ewod\/wp-json\/wp\/v2\/pages"}],"about":[{"href":"https:\/\/sisu.ut.ee\/ewod\/wp-json\/wp\/v2\/types\/page"}],"author":[{"embeddable":true,"href":"https:\/\/sisu.ut.ee\/ewod\/wp-json\/wp\/v2\/users\/43"}],"replies":[{"embeddable":true,"href":"https:\/\/sisu.ut.ee\/ewod\/wp-json\/wp\/v2\/comments?post=2045"}],"version-history":[{"count":1,"href":"https:\/\/sisu.ut.ee\/ewod\/wp-json\/wp\/v2\/pages\/2045\/revisions"}],"predecessor-version":[{"id":3035,"href":"https:\/\/sisu.ut.ee\/ewod\/wp-json\/wp\/v2\/pages\/2045\/revisions\/3035"}],"up":[{"embeddable":true,"href":"https:\/\/sisu.ut.ee\/ewod\/wp-json\/wp\/v2\/pages\/55"}],"wp:attachment":[{"href":"https:\/\/sisu.ut.ee\/ewod\/wp-json\/wp\/v2\/media?parent=2045"}],"curies":[{"name":"wp","href":"https:\/\/api.w.org\/{rel}","templated":true}]}}