{"id":2032,"date":"2024-04-03T23:42:22","date_gmt":"2024-04-03T20:42:22","guid":{"rendered":"https:\/\/sisu.ut.ee\/ewod\/eszaki\/"},"modified":"2024-04-04T00:05:36","modified_gmt":"2024-04-03T21:05:36","slug":"eszaki","status":"publish","type":"page","link":"https:\/\/sisu.ut.ee\/ewod\/anthologies\/hungarian\/eszaki\/","title":{"rendered":"\u00c9szaki v\u00e1rt\u00e1n: \u00e9szt rokonaink irodalma"},"content":{"rendered":"<p><strong><span style=\"font-family: verdana, geneva\" data-mce-mark=\"1\">\u00c9szaki v\u00e1rt\u00e1n: \u00e9szt rokonaink irodalma. Szerkesztette [\u00e9s a bevezet\u00e9st \u00edrta] K\u00e9pes G\u00e9za; ill. F\u00e1y Dezs\u0151. Budapest: 1944, 129 pp.<\/span><\/strong><\/p>\n<p><strong><span style=\"font-family: verdana, geneva\" data-mce-mark=\"1\"><\/span><span style=\"font-family: verdana, geneva\" data-mce-mark=\"1\">Contents:<\/span><span style=\"font-family: verdana, geneva\" data-mce-mark=\"1\">\u00a0<\/span><\/strong><\/p>\n<p><span style=\"font-family: verdana, geneva\" data-mce-mark=\"1\"><strong><em>Extracts from <\/em>Kalevipoeg.<\/strong><br><\/span><span style=\"font-family: verdana, geneva\" data-mce-mark=\"1\"><strong>Linda \u00e9s a k\u00e9r\u0151k; Kalevfi a pokolban<\/strong>.<\/span><span style=\"font-family: verdana, geneva\" data-mce-mark=\"1\">\u00a0<\/span><\/p>\n<p><span style=\"font-family: verdana, geneva\" data-mce-mark=\"1\"><strong><em>Poems by:<\/em><\/strong><br><\/span><span style=\"font-family: verdana, geneva\" data-mce-mark=\"1\">Friedrich Reinhold Kreutzwald, J. V. Jannsen, Lydia Koidula, Anna Haava, M. I. Eisen, A. Piirikivi, M. Lipp, K. E. S\u00f6\u00f6t, Nikolai P\u00e4ts, Juhan Liiv, Ernst Enno, Gustav Suits, Maria Under, Henrik Visnapuu, Johannes Semper, Villem Ridala, Johannes Barbarus, Betti Alver, Heiti Talvik.<\/span><\/p>\n<p><span style=\"font-family: verdana, geneva\" data-mce-mark=\"1\"><span style=\"font-family: verdana, geneva\" data-mce-mark=\"1\"><em><strong>Excerpts from novels:<\/strong><\/em><br><\/span><span style=\"font-family: verdana, geneva\" data-mce-mark=\"1\">Eduard Vilde, <strong>A hegyfalvi tejesember: Kis\u00e9rt\u00e9s<\/strong>. [\u2019M\u00e4ek\u00fcla piimamees\u2019.]<br><\/span><span style=\"font-family: verdana, geneva\" data-mce-mark=\"1\">A. H. Tammsaare, <strong>Az elromlott \u00fcnnep<\/strong>. [\u2019K\u00f5rboja peremees\u2019.]<br><\/span><span style=\"font-family: verdana, geneva\" data-mce-mark=\"1\">August Gailit, <strong>Paap Meeme z\u00e1szl\u00f3s a halal r\u00e9v\u00e9n<\/strong>. [\u2019Isade maa\u2019.]<\/span><\/span><\/p>\n<p><span style=\"font-family: verdana, geneva\" data-mce-mark=\"1\"><strong><em>Short stories:<\/em><\/strong><br><\/span><span style=\"font-family: verdana, geneva\" data-mce-mark=\"1\">Mait Metsanurk, <strong>T\u0171z\u00f6n \u00e1t<\/strong>. [\u2019L\u00e4bi tule\u2019.]<br><\/span><span style=\"font-family: verdana, geneva\" data-mce-mark=\"1\">Juhan Liiv, <strong>Mindennapi t\u00f6rt\u00e9net; Eredeti gondolat; A hires ember<\/strong>. [\u2018Igap\u00e4evane lugu\u2019, \u2018Algup\u00e4rane m\u00f5te\u2019 and \u2018Kuulus mees\u2019.]<br><\/span><span style=\"font-family: verdana, geneva\" data-mce-mark=\"1\">Friedebert Tuglas, <strong>A vilag v\u00e9g\u00e9n; Szabadsag \u00e9s halal<\/strong>. [\u2018Maailma l\u00f5pus\u2019 and \u2018Vabadus ja surm\u2019.]<br><\/span><span style=\"font-family: verdana, geneva\" data-mce-mark=\"1\">August Gailit, <strong>V\u00f6r\u00f6s parip\u00e1k<\/strong>. [\u2019Punased hobused\u2019.]<br><\/span><span style=\"font-family: verdana, geneva\" data-mce-mark=\"1\">Albert Kivikas, <strong>T\u00fal a l\u00e1pon<\/strong>. [\u2018\u00dcle soo\u2019.]<\/span><\/p>\n","protected":false},"excerpt":{"rendered":"<p>\u00c9szaki v\u00e1rt\u00e1n: \u00e9szt rokonaink irodalma. Szerkesztette [\u00e9s a bevezet\u00e9st \u00edrta] K\u00e9pes G\u00e9za; ill. F\u00e1y Dezs\u0151. Budapest: 1944, 129 pp. Contents:\u00a0 Extracts from Kalevipoeg.Linda \u00e9s a k\u00e9r\u0151k; Kalevfi a pokolban.\u00a0 Poems by:Friedrich Reinhold Kreutzwald, J. V. Jannsen, Lydia Koidula, Anna Haava, &#8230;<\/p>\n","protected":false},"author":43,"featured_media":0,"parent":1650,"menu_order":0,"comment_status":"closed","ping_status":"closed","template":"","meta":{"_acf_changed":false,"inline_featured_image":false,"footnotes":""},"class_list":["post-2032","page","type-page","status-publish","hentry"],"acf":[],"_links":{"self":[{"href":"https:\/\/sisu.ut.ee\/ewod\/wp-json\/wp\/v2\/pages\/2032","targetHints":{"allow":["GET"]}}],"collection":[{"href":"https:\/\/sisu.ut.ee\/ewod\/wp-json\/wp\/v2\/pages"}],"about":[{"href":"https:\/\/sisu.ut.ee\/ewod\/wp-json\/wp\/v2\/types\/page"}],"author":[{"embeddable":true,"href":"https:\/\/sisu.ut.ee\/ewod\/wp-json\/wp\/v2\/users\/43"}],"replies":[{"embeddable":true,"href":"https:\/\/sisu.ut.ee\/ewod\/wp-json\/wp\/v2\/comments?post=2032"}],"version-history":[{"count":1,"href":"https:\/\/sisu.ut.ee\/ewod\/wp-json\/wp\/v2\/pages\/2032\/revisions"}],"predecessor-version":[{"id":3054,"href":"https:\/\/sisu.ut.ee\/ewod\/wp-json\/wp\/v2\/pages\/2032\/revisions\/3054"}],"up":[{"embeddable":true,"href":"https:\/\/sisu.ut.ee\/ewod\/wp-json\/wp\/v2\/pages\/1650"}],"wp:attachment":[{"href":"https:\/\/sisu.ut.ee\/ewod\/wp-json\/wp\/v2\/media?parent=2032"}],"curies":[{"name":"wp","href":"https:\/\/api.w.org\/{rel}","templated":true}]}}