{"id":2018,"date":"2024-04-03T23:42:21","date_gmt":"2024-04-03T20:42:21","guid":{"rendered":"https:\/\/sisu.ut.ee\/ewod\/kilusk\/"},"modified":"2024-04-04T00:05:36","modified_gmt":"2024-04-03T21:05:36","slug":"kilusk","status":"publish","type":"page","link":"https:\/\/sisu.ut.ee\/ewod\/k\/kilusk\/","title":{"rendered":"Ott Kilusk"},"content":{"rendered":"<p>Ott Kilusk (20 August 1975) is a dramaturge, playwright, poet and prose writer.\n<\/p>\n<p>\n\tKilusk completed Merem\u00e4e secondary school in Setumaa area in South-eastern Estonia. He studied at Viljandi Culture College and literature and folklore at the University of Tartu. There, he also completed his master\u2019s studies in literature and theatre studies with the thesis <em>Implikatuuri poeetika Nikolai Baturini loomingus. Mittes\u00f5naline tuletamine v\u00e4ljam\u00f5eldises<\/em> (\u2018Poetics of Implicature in <a data-url=\"https:\/\/sisu.ut.ee\/ewod\/b\/baturin\" href=\"https:\/\/sisu.ut.ee\/ewod\/b\/baturin\" title=\"\">Nikolai Baturin<\/a>\u2019s Poetics. Non-verbal Derivation in Fantasy\u2019, 2013). Among other jobs, Kilusk has worked as a supervisor of stagehands, stage manager and teacher; since 2019 he has been dramaturge of the Endla theatre. Kilusk is a member of the Estonian Directors\u2019 and Dramaturges\u2019 Union (2001).\n<\/p>\n<p>\n\tKilusk made his debut in literature with the poetry collection <em>Oktoobrikuine tuuker<\/em> (\u2018Diver in October\u2019, 2010) which is centred on the eerie atmosphere of a peripheral village with equally freaky characters. The collection oozes gloomy nostalgia, it also has a surreal level. Thematically, the prose collection <em>Veidrikud ja v\u00f5patused<\/em> (\u2018Weirdos and Flinches\u2019, 2012) is linked to the poetry collection; it depicts the periphery of Estonia at the end of the Soviet period through the eyes of boy growing up and evolving there. Kilusk stands out for his folksy and colourful usage of the language.\n<\/p>\n<p>\n\tThe play <em>Kirvet\u00fc\u00fc<\/em> (\u2018Rough Work\u2019), written in the Seto variety of Estonian, depicts the life in a peripheral Seto village in the confusing early 1990s. It premiered in 2019. The play received the first prize in the playwriting competition of the Estonian Theatre Agency in 2017 and in 2021 the award of the Estonian Theatre Union for original Estonian plays. Kilusk is the text author of several popular summer productions, for example <em>Ada. R\u00e4\u00e4kimata lugu<\/em> (\u2018Ada. The Unspoken Story\u2019) about the actor <em>Ada Lundver and Vana klaver ehk Suusabaasis on tantsupidu<\/em> (\u2018The Old Piano or Dance Party at a Ski Camp\u2019) about the singer Kalmer Tennosaar.\n<\/p>\n<p>\n\tKilusk is primarily known as a dramaturge who has written arrangements for <a data-url=\"https:\/\/sisu.ut.ee\/ewod\/k\/koidula\" href=\"https:\/\/sisu.ut.ee\/ewod\/k\/koidula\" title=\"\">Lydia Koidula<\/a>\u2019s play <em>S\u00e4\u00e4rane mulk ehk sada vakka tangusoola<\/em> (\u2018The Man from Mulgimaa, or A hundred Bushels of Groats\u2019), <a data-url=\"https:\/\/sisu.ut.ee\/ewod\/g\/augustgailit\" href=\"https:\/\/sisu.ut.ee\/ewod\/g\/augustgailit\" title=\"\">August Gailit<\/a>\u2019s novel <em>Toomas Nipernaadi<\/em> and <a data-url=\"https:\/\/sisu.ut.ee\/ewod\/t\/tammsaare\" href=\"https:\/\/sisu.ut.ee\/ewod\/t\/tammsaare\" title=\"\">A. H. Tammsaare<\/a>\u2019s novel <em>P\u00f5rgup\u00f5hja uus Vanapagan<\/em> (\u2018The Misadventures of the New Satan\u2019).\n<\/p>\n<p>\n\tKilusk has published literary criticism and written filmscripts. He is a member of the music groups \u00d5\u00f5vastus and K\u00fcmme Minutit Hirmu.\n<\/p>\n<p>\n\t<em>A. K. (Translated by I. A.)<\/em>\n<\/p>\n<p><strong><span style=\"font-size:16px\">Books in Estonian<\/span><\/strong><\/p>\n<p><strong><em>Short prose<\/em><\/strong><br><strong>Veidrikud ja v\u00f5patused<\/strong>. Tallinn: Menu Kirjastus, 2012, 159 lk\n<\/p>\n<p>\n\t<strong><em>Poetry collections<\/em><\/strong><br><strong>Oktoobrikuine tuuker<\/strong>. Tallinn: Kirjastuskeskus, 2010, 63 lk<br><strong>Elajas ja videvikumadu<\/strong>. P\u00e4rnu: Grotesk, 2018, 60 lk\n<\/p>\n<p>\n\t<strong><em>Miscellaneous<\/em><\/strong><br><strong>Kirjandus meie \u00fcmber: \u00f5pik-lugemik 7. klassile<\/strong>. Tallinn: Maurus, 2022, 176 lk<\/p>\n","protected":false},"excerpt":{"rendered":"<p>Ott Kilusk (20 August 1975) is a dramaturge, playwright, poet and prose writer. Kilusk completed Merem\u00e4e secondary school in Setumaa area in South-eastern Estonia. He studied at Viljandi Culture College and literature and folklore at the University of Tartu. There, &#8230;<\/p>\n","protected":false},"author":43,"featured_media":0,"parent":498,"menu_order":0,"comment_status":"closed","ping_status":"closed","template":"","meta":{"_acf_changed":false,"inline_featured_image":false,"footnotes":""},"class_list":["post-2018","page","type-page","status-publish","hentry"],"acf":[],"_links":{"self":[{"href":"https:\/\/sisu.ut.ee\/ewod\/wp-json\/wp\/v2\/pages\/2018","targetHints":{"allow":["GET"]}}],"collection":[{"href":"https:\/\/sisu.ut.ee\/ewod\/wp-json\/wp\/v2\/pages"}],"about":[{"href":"https:\/\/sisu.ut.ee\/ewod\/wp-json\/wp\/v2\/types\/page"}],"author":[{"embeddable":true,"href":"https:\/\/sisu.ut.ee\/ewod\/wp-json\/wp\/v2\/users\/43"}],"replies":[{"embeddable":true,"href":"https:\/\/sisu.ut.ee\/ewod\/wp-json\/wp\/v2\/comments?post=2018"}],"version-history":[{"count":1,"href":"https:\/\/sisu.ut.ee\/ewod\/wp-json\/wp\/v2\/pages\/2018\/revisions"}],"predecessor-version":[{"id":3059,"href":"https:\/\/sisu.ut.ee\/ewod\/wp-json\/wp\/v2\/pages\/2018\/revisions\/3059"}],"up":[{"embeddable":true,"href":"https:\/\/sisu.ut.ee\/ewod\/wp-json\/wp\/v2\/pages\/498"}],"wp:attachment":[{"href":"https:\/\/sisu.ut.ee\/ewod\/wp-json\/wp\/v2\/media?parent=2018"}],"curies":[{"name":"wp","href":"https:\/\/api.w.org\/{rel}","templated":true}]}}