{"id":2014,"date":"2024-04-03T23:42:21","date_gmt":"2024-04-03T20:42:21","guid":{"rendered":"https:\/\/sisu.ut.ee\/ewod\/ikomaran\/"},"modified":"2024-04-04T00:05:36","modified_gmt":"2024-04-03T21:05:36","slug":"ikomaran","status":"publish","type":"page","link":"https:\/\/sisu.ut.ee\/ewod\/m\/ikomaran\/","title":{"rendered":"Iko Maran"},"content":{"rendered":"<p>\n\t<a href=\"https:\/\/sisu.ut.ee\/wp-content\/uploads\/sites\/108\/iko_maran_armin_alla.jpg\" target=\"_self\" rel=\"noopener\"><img decoding=\"async\" alt=\"Iko Maran\" class=\"\" src=\"https:\/\/sisu.ut.ee\/wp-content\/uploads\/sites\/108\/iko_maran_armin_alla.jpg\" style=\"float: right;width: 200px;height: 297px\" title=\"Photo: Armin Alla\"><\/a><strong>Children\u2019s stories<\/strong>\n<\/p>\n<p>\n\t<a href=\"https:\/\/sisu.ut.ee\/ewod\/m\/ikomaran\/plays\"><strong><span style=\"font-family: verdana, geneva;font-size: medium\">Plays<\/span><\/strong><\/a>\n<\/p>\n<p><span style=\"font-size:13px\"><span style=\"font-family:Verdana,Geneva,sans-serif\">Iko Maran (until 1935, known as Voldermar Madison, 1915\u20131999) was an Estonian children\u2019s and prose writer, and a playwright, who is known for his versatile and funny children\u2019s and young adult stories.<\/span><\/span>\n<\/p>\n<p>\n\t<span style=\"font-size:13px\"><span style=\"font-family:Verdana,Geneva,sans-serif\">He was born in Pskov to a military family. His early childhood was spent in Pensa city and in 1922, the family moved to Tallinn. He graduated primary school in H\u00e4rgla, Juuru parish. From 1929-1935, he studied at Gustav Adolf Gymnasium and in 1940, he graduated from the law department of the University of Tartu. From 1940-1941 and 1945-1951, he worked at the literature department of Estonian Radio. From 1953-1959, he was a dramaturge at Tallinn Drama Theatre and from 1965-1971, he held the same position at the Estonian Youth Theatre. He was a member of the Estonian Writers\u2019 Union from 1958.<\/span><\/span>\n<\/p>\n<p>\n\t<span style=\"font-size:13px\"><span style=\"font-family:Verdana,Geneva,sans-serif\">He began writing together with Bernhard L\u00fclle and under the collective pseudonym Lall Kahas, they published plays, young adult and children\u2019s stories. Their story <em>S\u00f5brad<\/em> (\u2018Friends\u2019, 1949) was remarkable for its colorful characters, humor and a balanced treatment of history. In the story collection <em>Pisilugusid Jalukselt<\/em> (\u2018Small Stories from Jalukse\u2019, 1956), Estonian history from prehistory to World War 2 is introduced to the students of a small country school. The story collection <em>Tere j\u00e4lle<\/em> (\u2018Hello Again\u2019, 1958) describes the rich inner world of a toddler, which sheds both honest and critical light on country life of the period. The historical story <em>Vabaduskiri<\/em> (\u2018Freedom Letter\u2019, 1961) depicts the farmer uprising in Kose-Uuem\u00f5isa at the beginning of 19th century.<\/span><\/span>\n<\/p>\n<p>\n\t<span style=\"font-size:13px\"><span style=\"font-family:Verdana,Geneva,sans-serif\">His first independent work is the science fiction children\u2019s story <em>Lauri ja Kaie kummaline matk<\/em> (\u2018The Strange Trek of Lauri and Kaie\u2019, 1964) which transports two regular children to a new world with a completely different, microscopic perspective on space. The collection <em>Kirjud lood<\/em> (\u2018Multicolored Stories\u2019, 1970) is more aimed at boys and focuses on revealing important ethical points through exciting and funny situations.<\/span><\/span>\n<\/p>\n<p>\n\t<span style=\"font-size:13px\"><span style=\"font-family:Verdana,Geneva,sans-serif\">Maran\u2019s most well-known story <em>Londiste, \u00f5ige nimega Vant<\/em> (\u2018Londiste, Real Name Phant\u2019,1972) combines an everyday situation with a nonsensical fantasy plot in a lyrical and emotional way. The rich fantasy element is reflected in the toy elephant Londiste, who learns to move and talk in the imagination of 4-year-old Siim, thereby echoing his own growing up.<\/span><\/span>\n<\/p>\n<p>\n\t<span style=\"font-size:13px\"><span style=\"font-family:Verdana,Geneva,sans-serif\">In the children\u2019s book <em>Jass<\/em> (1975), the adventures of a monkey and his relationship with humans is described in a straightforward manner. The story <em>Pikk p\u00e4ev<\/em> (\u2018Long Day\u2019, 1975) describes a summer in the country, by the sea, with two city children. The children\u2019s book <em>Tuline j\u00e4\u00e4tis<\/em> (\u2018Hot Ice Cream\u2019, 1978) has a captivating plot and realistic characters and discusses the impossible being possible while using dreamlike nonsense logic. The toy fantasy <em>Piki ja Tohotiise<\/em> (\u2018Piki and Tohotiise\u2019, 1980) and Christmas mystery <em>Kuidas kasvatada lapsevanemaid. P\u00e4kapikk Ninatarga pajatused<\/em> (\u2018How to Raise Parents. The Stories of the Elf Know-It-All\u2019, 1995) are aimed at pre-school children.<\/span><\/span>\n<\/p>\n<p>\n\t<span style=\"font-size:13px\"><span style=\"font-family:Verdana,Geneva,sans-serif\">Maran\u2019s versatile works are known for their sensitive sense of nature, interest in science and technology and his skills at depicting a child in their familial setting. He had a talent for understanding the nuances of the inner worlds, mentality and speech of children of various ages. He has also translated plays from Russian, Ukrainian and Polish.<\/span><\/span>\n<\/p>\n<p>\n\t<em><span style=\"font-size:13px\"><span style=\"font-family:Verdana,Geneva,sans-serif\">A. O. (Translated by A. S.)<\/span><\/span><\/em>\n<\/p>\n<p><strong><span style=\"font-size:16px\"><span style=\"font-family:Verdana,Geneva,sans-serif\">Books in Estonian<\/span><\/span><\/strong>\n<\/p>\n<p>\n\t<span style=\"font-size:13px\"><span style=\"font-family:Verdana,Geneva,sans-serif\"><strong><em>Stories for children and young adults<\/em><\/strong><br>Lall Kahas, <strong>S\u00f5brad<\/strong>. Tallinn: Ilukirjandus ja Kunst, 1949, 180 lk. [2. tr\u00fckk: 1957.]<br>Lall Kahas, <strong>Pisilugusid Jalukselt<\/strong>. Tallinn: Eesti Riiklik Kirjastus, 1956, 138 lk.<br>Lall Kahas, <strong>Tere j\u00e4lle<\/strong>. Tallinn: Eesti Riiklik Kirjastus, 1958, 143 lk.<br>Lall Kahas, <strong>Vabaduskiri<\/strong>. Tallinn: Eesti Riiklik Kirjastus, 1961, 328 lk.<br><strong>Lauri ja Kaie kummaline matk<\/strong>. Tallinn: Eesti Riiklik Kirjastus, 1964, 148 lk.<br><strong>Kirjud lood<\/strong>. Tallinn: Eesti Raamat, 1970, 176 lk.<br><strong>Londiste, \u00f5ige nimega Vant<\/strong>. Tallinn: Eesti Riiklik Kirjastus, 1964, 148 lk. [J\u00e4rgnevad tr\u00fckid: 1972, 1989, 2001, 2002, 2008, 2017.]<br><strong>Jass<\/strong>. Tallinn: Eesti Raamat, 1975, 151 lk.<br><strong>Pikk p\u00e4ev<\/strong>. Tallinn: Eesti Raamat, 1975, 109 lk. [J\u00e4rgnevad tr\u00fckid: 1987, 2010.]<br><strong>Aga palju kasse! M\u00f5ned \u00f5petlikud lood<\/strong>. Tallinn: Eesti Raamat, 1977, 32 lk. [2. tr\u00fckk: 2012.]<br><strong>Tuline j\u00e4\u00e4tis<\/strong>. Tallinn: Eesti Raamat, 1978, 72 lk.<br><strong>Piki ja Tohotiise<\/strong>. Tallinn: Eesti Raamat, 1980, 65 lk.<br><strong>Kuidas kasvatada lapsevanemaid. P\u00e4kapikk Ninatarga pajatused<\/strong>. Tallinn: Koolibri, 1995, 143 lk. [2. tr\u00fckk: 2014.]<\/span><\/span>\n<\/p>\n<p>\n\t<span style=\"font-size:13px\"><span style=\"font-family:Verdana,Geneva,sans-serif\"><strong><em>Plays<\/em><\/strong><br>Iko\u00a0Maran, Bernhard\u00a0L\u00fclle, <strong>Aknad valla<\/strong>. Tallinn: Ilukirjandus ja Kunst, 1946, 112 lk.<br>Lall Kahas, P\u00e4hklim\u00e4gi. Tallinn: Eesti Riiklik Kirjastus, 1957, 71 lk.<\/span><\/span>\n<\/p>\n<p>\n\t<span style=\"font-size:13px\"><span style=\"font-family:Verdana,Geneva,sans-serif\"><strong><em>Plays for children<\/em><\/strong><br><strong>Heinaritsik, kellele meeldis naljatada<\/strong>. Tallinn: Eesti Raamat, 1970, 120 lk.<\/span><\/span>\n<\/p>\n<p>\n\t<span style=\"font-size:13px\"><span style=\"font-family:Verdana,Geneva,sans-serif\"><strong><em>Narrative poems for children<\/em><\/strong><br><strong>L\u00e4ki metsa<\/strong>. Tallinn: Eesti Raamat, 1966, 32 lk. [2. tr\u00fckk: Tallinn: Eesti Raamat, 1980, 13 lk.]<\/span><\/span><\/p>\n","protected":false},"excerpt":{"rendered":"<p>Children\u2019s stories Plays Iko Maran (until 1935, known as Voldermar Madison, 1915\u20131999) was an Estonian children\u2019s and prose writer, and a playwright, who is known for his versatile and funny children\u2019s and young adult stories. He was born in Pskov &#8230;<\/p>\n","protected":false},"author":43,"featured_media":0,"parent":642,"menu_order":0,"comment_status":"closed","ping_status":"closed","template":"","meta":{"_acf_changed":false,"inline_featured_image":false,"footnotes":""},"class_list":["post-2014","page","type-page","status-publish","hentry"],"acf":[],"_links":{"self":[{"href":"https:\/\/sisu.ut.ee\/ewod\/wp-json\/wp\/v2\/pages\/2014","targetHints":{"allow":["GET"]}}],"collection":[{"href":"https:\/\/sisu.ut.ee\/ewod\/wp-json\/wp\/v2\/pages"}],"about":[{"href":"https:\/\/sisu.ut.ee\/ewod\/wp-json\/wp\/v2\/types\/page"}],"author":[{"embeddable":true,"href":"https:\/\/sisu.ut.ee\/ewod\/wp-json\/wp\/v2\/users\/43"}],"replies":[{"embeddable":true,"href":"https:\/\/sisu.ut.ee\/ewod\/wp-json\/wp\/v2\/comments?post=2014"}],"version-history":[{"count":1,"href":"https:\/\/sisu.ut.ee\/ewod\/wp-json\/wp\/v2\/pages\/2014\/revisions"}],"predecessor-version":[{"id":3055,"href":"https:\/\/sisu.ut.ee\/ewod\/wp-json\/wp\/v2\/pages\/2014\/revisions\/3055"}],"up":[{"embeddable":true,"href":"https:\/\/sisu.ut.ee\/ewod\/wp-json\/wp\/v2\/pages\/642"}],"wp:attachment":[{"href":"https:\/\/sisu.ut.ee\/ewod\/wp-json\/wp\/v2\/media?parent=2014"}],"curies":[{"name":"wp","href":"https:\/\/api.w.org\/{rel}","templated":true}]}}