{"id":201,"date":"2024-04-03T23:39:29","date_gmt":"2024-04-03T20:39:29","guid":{"rendered":"https:\/\/sisu.ut.ee\/ewod\/stories-et-30\/"},"modified":"2024-04-04T00:10:46","modified_gmt":"2024-04-03T21:10:46","slug":"stories","status":"publish","type":"page","link":"https:\/\/sisu.ut.ee\/ewod\/r\/reinraud\/stories\/","title":{"rendered":"Rein Raud &#8211; short stories"},"content":{"rendered":"<p><span style=\"font-family: verdana, geneva;font-size: medium\"><strong>In anthologies and magazines<\/strong><\/span><\/p>\n<p><span style=\"font-family: verdana, geneva\"><strong><em>English<br><\/em>The Demise of Engineer G<\/strong>. Translated by Matthew Hyde. \u2013 Best European Fiction 2015. Champaign [etc.]: Dalkey Archive Press, 2014, 320 pp. [\u2018Insener G. lahkumine.]<br><a href=\"http:\/\/elm.estinst.ee\/issue\/11\/rein-raud-little-things-matter\/\"><strong>Little things that matter<\/strong><\/a>. Translated by Rein Raud. \u2013 Estonian Literary Magazine, no 11, 2000. [A selection from a book with the same title]<\/span><\/p>\n<p><span style=\"font-family: verdana, geneva\"><strong><em>French<\/em><\/strong><\/span><br><span style=\"font-family: verdana, geneva\"><span><strong>Mon ami B.; Le mariage de Mlle U.; L\u2019artiste W.; Le professeur P.<\/strong>.<\/span>\u00a0\u2013\u00a0Labyrinthes du r\u00e9el: \u00e9crivains estoniens contemporains. Textes r\u00e9unis et pr\u00e9sent\u00e9s par Antoine Chalvin. Traduit de l\u2019estonien par Martin Carayol, Jean Pascal Ollivry, Antoine Chalvin\u2026 et al.\u00a0Paris: Maison des cultures du monde; Arles: Actes Sud; Qu\u00e9bec: Lem\u00e9ac, 2011, 219 pp. [Contents of the anthology:\u00a0Les gars de chez Wikman \/ Jaan Kross. La disparition de K\u00f5tu \/ Madis K\u00f5iv. Le m\u00eame fleuve \/ Jaan Kaplinski. Le paradis \/ T\u00f5nu \u00d5nnepalu. Coeur d\u2019ours \/ Nikolai Baturin. Le lion sous les jasmins \/ Mati Unt. L\u2019int\u00e9r\u00eat humain pour le bonheur \/ Mati Unt. Un incident au th\u00e9\u00e2tre \/ Mati Unt. Anamn\u00e8se \/ J\u00fcri Ehlvest. Lettre de province \/ Jaan Undusk. Fatigue printani\u00e8re \/ Kerttu Rakke. Mon ami B. \/ Rein Raud. Le mariage de Mlle U. \/ Rein Raud. L\u2019artiste W. \/ Rein Raud. Le professeur P. \/ Rein Raud. L\u2019histoire d\u2019Oliver Helves \/ Mehis Heinsaar. Le spectre des bl\u00e9s \/ Indrek Hargla. Mon histoire d\u2019amour \/ Andrus Kivir\u00e4hk.]<\/span><\/p>\n<p><span style=\"font-family: verdana, geneva\"><strong><em>German<\/em><\/strong><br><strong>Gr\u00e4fin de Richter<\/strong>. \u2013 Estonia 2007. Jahrbuch estnischer Literatur. Herausgegeben von Irja Gr\u00f6nholm. Bremen: Hempen Verlag, 2007, 280 pp.\u00a0\u00a0[\u2018Krahvinna de Richter\u2019. See\u00a0<strong><a href=\"https:\/\/sisu.ut.ee\/ewod\/anthologies\/german\/estonia2007\">contents<\/a><\/strong>\u00a0of the 2007 yearbook dedicated to the Estonian literature.]<br><\/span><\/p>\n","protected":false},"excerpt":{"rendered":"<p>In anthologies and magazines EnglishThe Demise of Engineer G. Translated by Matthew Hyde. \u2013 Best European Fiction 2015. Champaign [etc.]: Dalkey Archive Press, 2014, 320 pp. [\u2018Insener G. lahkumine.]Little things that matter. Translated by Rein Raud. \u2013 Estonian Literary Magazine, &#8230;<\/p>\n","protected":false},"author":43,"featured_media":0,"parent":191,"menu_order":0,"comment_status":"closed","ping_status":"closed","template":"","meta":{"_acf_changed":false,"inline_featured_image":false,"footnotes":""},"class_list":["post-201","page","type-page","status-publish","hentry"],"acf":[],"_links":{"self":[{"href":"https:\/\/sisu.ut.ee\/ewod\/wp-json\/wp\/v2\/pages\/201","targetHints":{"allow":["GET"]}}],"collection":[{"href":"https:\/\/sisu.ut.ee\/ewod\/wp-json\/wp\/v2\/pages"}],"about":[{"href":"https:\/\/sisu.ut.ee\/ewod\/wp-json\/wp\/v2\/types\/page"}],"author":[{"embeddable":true,"href":"https:\/\/sisu.ut.ee\/ewod\/wp-json\/wp\/v2\/users\/43"}],"replies":[{"embeddable":true,"href":"https:\/\/sisu.ut.ee\/ewod\/wp-json\/wp\/v2\/comments?post=201"}],"version-history":[{"count":1,"href":"https:\/\/sisu.ut.ee\/ewod\/wp-json\/wp\/v2\/pages\/201\/revisions"}],"predecessor-version":[{"id":4887,"href":"https:\/\/sisu.ut.ee\/ewod\/wp-json\/wp\/v2\/pages\/201\/revisions\/4887"}],"up":[{"embeddable":true,"href":"https:\/\/sisu.ut.ee\/ewod\/wp-json\/wp\/v2\/pages\/191"}],"wp:attachment":[{"href":"https:\/\/sisu.ut.ee\/ewod\/wp-json\/wp\/v2\/media?parent=201"}],"curies":[{"name":"wp","href":"https:\/\/api.w.org\/{rel}","templated":true}]}}