{"id":200,"date":"2024-04-03T23:39:29","date_gmt":"2024-04-03T20:39:29","guid":{"rendered":"https:\/\/sisu.ut.ee\/ewod\/elm\/"},"modified":"2024-04-04T00:10:46","modified_gmt":"2024-04-03T21:10:46","slug":"elm","status":"publish","type":"page","link":"https:\/\/sisu.ut.ee\/ewod\/e\/elm\/","title":{"rendered":"Gregor Elm"},"content":{"rendered":"<p>\n\t<br><span style=\"color:#000000\"><span style=\"font-size:13px\"><span style=\"font-family:Verdana,Geneva,sans-serif\">Gregor Elm (born 25. August 1978) is a writer and poet.<\/span><\/span><\/span>\n<\/p>\n<p>\n\t<span style=\"color:#000000\"><span style=\"font-size:13px\"><span style=\"font-family:Verdana,Geneva,sans-serif\">He has mostly held jobs related to seafaring. From 1997, Elm worked as an ordinary seaman on ocean-going ships, later as a deck officer on passenger ships. He has studied at Kymenlaakso University of Applied Sciences to become a sea captain. Elm has been captain of Lahesuu and Nasva harbours, but he has also studied at Tallinn Law Institute of the University of Tartu and cultural anthropology at the Institute of Theology of the Estonian Evangelical Lutheran Church. Gregor Elm has been a member of the Estonian Writers\u2019 Union from 2014.<\/span><\/span><\/span>\n<\/p>\n<p>\n\t<span style=\"color:#000000\"><span style=\"font-size:13px\"><span style=\"font-family:Verdana,Geneva,sans-serif\">Gregor Elm has published three prose books: the collection of short stories <em>Kahel jalal kahevahel<\/em> (\u2018On Two Feet in Two Minds\u2019, 2002), the story <em>Valmis nagu redis<\/em> (\u2018Ready as a Radish\u2019, 2005), the novel <em>Karvane metseesel<\/em> (\u2018Hairy Wild Donkey\u2019, 2014) and several poetry collections. The characteristic feature of 24-year-old Gregor Elm\u2019s first book, the prose collection <em>Kahel jalal kahevahel<\/em>, was tender poetics. <em>Valmis nagu redis<\/em>, the sequel to his first book, continued reflecting the moods of the moment, sometimes tending towards surrealism. In Elm\u2019s novel <em>Karvane metseesel<\/em>, the author\u2019s semi-autobiographical narrative mingles with the protagonist\u2019s or protagonists\u2019 viewpoints. Critics have called <em>Karvane metseesel<\/em> a punk or fantasy novel.<\/span><\/span><\/span>\n<\/p>\n<p>\n\t<span style=\"color:#000000\"><span style=\"font-size:13px\"><span style=\"font-family:Verdana,Geneva,sans-serif\">In his later creation, Elm has continued the shrew game with absurd humour, self-irony, sometimes with sarcasm.<\/span><\/span><\/span>\n<\/p>\n<p>\n\t<span style=\"color:#000000\"><em><span style=\"font-size:13px\"><span style=\"font-family:Verdana,Geneva,sans-serif\">L. P. (Translated by I. A.)<\/span><\/span><\/em><\/span><\/p>\n<p>\u00a0\n<\/p>\n<p>\n\t<span style=\"color:#000000\"><span style=\"font-family:Verdana,Geneva,sans-serif\"><strong><span style=\"font-size:16px\">Books in Estonian<\/span><\/strong><\/span><\/span>\n<\/p>\n<p>\n\t<span style=\"color:#000000\"><span style=\"font-family:Verdana,Geneva,sans-serif\"><strong><em>Poems<\/em><\/strong><br><span style=\"font-size:13px\"><strong>Varastatud jalaj\u00e4lg<\/strong>. Toimetanud Karl Martin Sinij\u00e4rv. Tallinn: Jutulind, 2008, 54 lk.<br>Gregorelmik, <strong>Heinapalli n\u00f6\u00f6r<\/strong>. P\u00e4rnu; Saarde: Jumalikud Ilmutused, 2012. P\u00e4rnu: Gutenbergi Pojad, 76 lk.<br><strong>Sinine ahv<\/strong>. Koostas (:)kivisildnik; toimetas Triin Marjapuu. Saarde; P\u00e4rnu: Jumalikud Ilmutused, 2017, 59 lk.<br><strong>Laulud Cr\u00e8me Br\u00fbl\u00e9e\u2019le<\/strong>. P\u00fc\u00fcnsi: Gregor Elm, 2020, 48 lk.<\/span><\/span><\/span>\n<\/p>\n<p>\n\t<span style=\"color:#000000\"><span style=\"font-size:13px\"><span style=\"font-family:Verdana,Geneva,sans-serif\"><strong><em>Novels<\/em><\/strong><br><strong>Karvane metseesel<\/strong>. P\u00e4rnu: Jumalikud Ilmutused, 2013, 240 lk.<\/span><\/span><\/span>\n<\/p>\n<p>\n\t<span style=\"color:#000000\"><span style=\"font-size:13px\"><span style=\"font-family:Verdana,Geneva,sans-serif\"><strong><em>Stories<\/em><\/strong><br><strong>Kahel jalal kahevahel<\/strong>. Toimetaja \u00dclle Tarum. Tallinn: Wellesto, 2002, 159 lk.<br><strong>Valmis nagu redis<\/strong>. Tallinn: Wellesto, 2005, 216 lk. [Jutustus.]<br><strong>Ricordi di una stanza che scompare = (M\u00e4lestused kaduvast toast)<\/strong>. P\u00fc\u00fcnsi: N\u00e4o Kirik, 2021, 134 lk.<\/span><\/span><\/span><\/p>\n","protected":false},"excerpt":{"rendered":"<p>Gregor Elm (born 25. August 1978) is a writer and poet. He has mostly held jobs related to seafaring. From 1997, Elm worked as an ordinary seaman on ocean-going ships, later as a deck officer on passenger ships. He has &#8230;<\/p>\n","protected":false},"author":43,"featured_media":0,"parent":566,"menu_order":0,"comment_status":"closed","ping_status":"closed","template":"","meta":{"_acf_changed":false,"inline_featured_image":false,"footnotes":""},"class_list":["post-200","page","type-page","status-publish","hentry"],"acf":[],"_links":{"self":[{"href":"https:\/\/sisu.ut.ee\/ewod\/wp-json\/wp\/v2\/pages\/200","targetHints":{"allow":["GET"]}}],"collection":[{"href":"https:\/\/sisu.ut.ee\/ewod\/wp-json\/wp\/v2\/pages"}],"about":[{"href":"https:\/\/sisu.ut.ee\/ewod\/wp-json\/wp\/v2\/types\/page"}],"author":[{"embeddable":true,"href":"https:\/\/sisu.ut.ee\/ewod\/wp-json\/wp\/v2\/users\/43"}],"replies":[{"embeddable":true,"href":"https:\/\/sisu.ut.ee\/ewod\/wp-json\/wp\/v2\/comments?post=200"}],"version-history":[{"count":1,"href":"https:\/\/sisu.ut.ee\/ewod\/wp-json\/wp\/v2\/pages\/200\/revisions"}],"predecessor-version":[{"id":4886,"href":"https:\/\/sisu.ut.ee\/ewod\/wp-json\/wp\/v2\/pages\/200\/revisions\/4886"}],"up":[{"embeddable":true,"href":"https:\/\/sisu.ut.ee\/ewod\/wp-json\/wp\/v2\/pages\/566"}],"wp:attachment":[{"href":"https:\/\/sisu.ut.ee\/ewod\/wp-json\/wp\/v2\/media?parent=200"}],"curies":[{"name":"wp","href":"https:\/\/api.w.org\/{rel}","templated":true}]}}