{"id":1997,"date":"2024-04-03T23:42:19","date_gmt":"2024-04-03T20:42:19","guid":{"rendered":"https:\/\/sisu.ut.ee\/ewod\/about-et-261\/"},"modified":"2024-04-04T00:05:39","modified_gmt":"2024-04-03T21:05:39","slug":"about","status":"publish","type":"page","link":"https:\/\/sisu.ut.ee\/ewod\/l\/levi\/about\/","title":{"rendered":"Ahto Levi &#8211; about"},"content":{"rendered":"<p><strong><span style=\"font-family: verdana, geneva;font-size: medium\">Reviews<\/span><\/strong><\/p>\n<p><strong><em><span style=\"font-family: verdana, geneva\">Hungarian<\/span><\/em><\/strong><br><span style=\"font-family: verdana, geneva\">Vil\u00e1girodalmi T\u00e1j\u00e9koztat\u00f3, no 2, 1982.<\/span><\/p>\n","protected":false},"excerpt":{"rendered":"<p>Reviews HungarianVil\u00e1girodalmi T\u00e1j\u00e9koztat\u00f3, no 2, 1982.<\/p>\n","protected":false},"author":43,"featured_media":0,"parent":1872,"menu_order":0,"comment_status":"closed","ping_status":"closed","template":"","meta":{"_acf_changed":false,"inline_featured_image":false,"footnotes":""},"class_list":["post-1997","page","type-page","status-publish","hentry"],"acf":[],"_links":{"self":[{"href":"https:\/\/sisu.ut.ee\/ewod\/wp-json\/wp\/v2\/pages\/1997","targetHints":{"allow":["GET"]}}],"collection":[{"href":"https:\/\/sisu.ut.ee\/ewod\/wp-json\/wp\/v2\/pages"}],"about":[{"href":"https:\/\/sisu.ut.ee\/ewod\/wp-json\/wp\/v2\/types\/page"}],"author":[{"embeddable":true,"href":"https:\/\/sisu.ut.ee\/ewod\/wp-json\/wp\/v2\/users\/43"}],"replies":[{"embeddable":true,"href":"https:\/\/sisu.ut.ee\/ewod\/wp-json\/wp\/v2\/comments?post=1997"}],"version-history":[{"count":1,"href":"https:\/\/sisu.ut.ee\/ewod\/wp-json\/wp\/v2\/pages\/1997\/revisions"}],"predecessor-version":[{"id":3075,"href":"https:\/\/sisu.ut.ee\/ewod\/wp-json\/wp\/v2\/pages\/1997\/revisions\/3075"}],"up":[{"embeddable":true,"href":"https:\/\/sisu.ut.ee\/ewod\/wp-json\/wp\/v2\/pages\/1872"}],"wp:attachment":[{"href":"https:\/\/sisu.ut.ee\/ewod\/wp-json\/wp\/v2\/media?parent=1997"}],"curies":[{"name":"wp","href":"https:\/\/api.w.org\/{rel}","templated":true}]}}