{"id":1989,"date":"2024-04-03T23:42:18","date_gmt":"2024-04-03T20:42:18","guid":{"rendered":"https:\/\/sisu.ut.ee\/ewod\/about-et-259\/"},"modified":"2024-04-04T00:05:41","modified_gmt":"2024-04-03T21:05:41","slug":"about","status":"publish","type":"page","link":"https:\/\/sisu.ut.ee\/ewod\/r\/rooste\/about\/","title":{"rendered":"J\u00fcrgen Rooste &#8211; about"},"content":{"rendered":"<div class=\"field field-name-body field-type-text-with-summary field-label-hidden view-mode-full\">\n<div class=\"field-items\">\n<div class=\"field-item even\">\n<p><span style=\"font-size: medium;font-family: verdana,geneva\"><strong>Articles<\/strong><\/span><\/p>\n<p><span style=\"font-size: medium;font-family: verdana,geneva\"><strong><em><span style=\"font-size: small\">English<\/span><\/em><br><\/strong><span style=\"font-size: small;font-family: verdana, geneva\">Aare Pilv, <a href=\"http:\/\/elm.estinst.ee\/issue\/23\/jurgen-rooste-love-and-pain\/\"><strong>J\u00fcrgen Rooste \u2013 Love and Pain<\/strong><\/a>. \u2013 Estonian Literary Magazine, no 23, 2006.<\/span><\/span><\/p>\n<p><\/p>\n<p><span style=\"font-size: medium;font-family: verdana,geneva\"><strong>Reviews<\/strong><\/span><\/p>\n<p><span style=\"font-family: verdana,geneva\"><span style=\"font-family: verdana,geneva\"><strong><em>English<\/em><\/strong><\/span><br><span style=\"font-family: verdana,geneva\">Rutt Hinrikus, Janika Kronberg, <a href=\"http:\/\/elm.estinst.ee\/issue\/27\/short-overviews-books-estonian-authors\/\" target=\"_blank\" rel=\"noopener\"><strong>Short Outlines of Books by Estonian Authors<\/strong><\/a>. \u2013 Estonian Literary Magazine, no 27, 2008. [About \u2019Tavaline eesti idioot\u2019 (\u2019Ordinary Estonian Idiot\u2019).]<br>Janika Kronberg, <a href=\"http:\/\/elm.estinst.ee\/issue\/13\/short-outlines-books-estonian-authors\/\"><strong>Short Outlines of Books by Estonian Authors<\/strong><\/a>. \u2013 Estonian Literary Magazine, no 13, 2001. [About the poetry collection \u2018Kaardipakk\u2019 (\u2018A Pack of Cards\u2019) by\u00a0Asko K\u00fcnnap, J\u00fcrgen Rooste, Karl Martin Sinij\u00e4rv, Triin Soomets and Elo Viiding.]<\/span><\/span><\/p>\n<\/div>\n<\/div>\n<\/div>\n","protected":false},"excerpt":{"rendered":"<p>Articles EnglishAare Pilv, J\u00fcrgen Rooste \u2013 Love and Pain. \u2013 Estonian Literary Magazine, no 23, 2006. Reviews EnglishRutt Hinrikus, Janika Kronberg, Short Outlines of Books by Estonian Authors. \u2013 Estonian Literary Magazine, no 27, 2008. [About \u2019Tavaline eesti idioot\u2019 (\u2019Ordinary &#8230;<\/p>\n","protected":false},"author":43,"featured_media":0,"parent":808,"menu_order":0,"comment_status":"closed","ping_status":"closed","template":"","meta":{"_acf_changed":false,"inline_featured_image":false,"footnotes":""},"class_list":["post-1989","page","type-page","status-publish","hentry"],"acf":[],"_links":{"self":[{"href":"https:\/\/sisu.ut.ee\/ewod\/wp-json\/wp\/v2\/pages\/1989","targetHints":{"allow":["GET"]}}],"collection":[{"href":"https:\/\/sisu.ut.ee\/ewod\/wp-json\/wp\/v2\/pages"}],"about":[{"href":"https:\/\/sisu.ut.ee\/ewod\/wp-json\/wp\/v2\/types\/page"}],"author":[{"embeddable":true,"href":"https:\/\/sisu.ut.ee\/ewod\/wp-json\/wp\/v2\/users\/43"}],"replies":[{"embeddable":true,"href":"https:\/\/sisu.ut.ee\/ewod\/wp-json\/wp\/v2\/comments?post=1989"}],"version-history":[{"count":1,"href":"https:\/\/sisu.ut.ee\/ewod\/wp-json\/wp\/v2\/pages\/1989\/revisions"}],"predecessor-version":[{"id":3085,"href":"https:\/\/sisu.ut.ee\/ewod\/wp-json\/wp\/v2\/pages\/1989\/revisions\/3085"}],"up":[{"embeddable":true,"href":"https:\/\/sisu.ut.ee\/ewod\/wp-json\/wp\/v2\/pages\/808"}],"wp:attachment":[{"href":"https:\/\/sisu.ut.ee\/ewod\/wp-json\/wp\/v2\/media?parent=1989"}],"curies":[{"name":"wp","href":"https:\/\/api.w.org\/{rel}","templated":true}]}}