{"id":1937,"date":"2024-04-03T23:42:12","date_gmt":"2024-04-03T20:42:12","guid":{"rendered":"https:\/\/sisu.ut.ee\/ewod\/stories-et-222\/"},"modified":"2024-04-04T00:05:51","modified_gmt":"2024-04-03T21:05:51","slug":"stories","status":"publish","type":"page","link":"https:\/\/sisu.ut.ee\/ewod\/m\/mannik\/stories\/","title":{"rendered":"Eduard M\u00e4nnik &#8211; short stories"},"content":{"rendered":"<p>\n\t<span data-mce-mark=\"1\" style=\"font-family: verdana, geneva;font-size: medium\"><strong>Books<\/strong><\/span>\n<\/p>\n<p>\n\t<span data-mce-mark=\"1\" style=\"font-family: verdana, geneva\"><strong><em>Hungarian<\/em><\/strong>\u00a0<\/span><br><span data-mce-mark=\"1\" style=\"font-family: verdana, geneva\"><strong>Sz\u00edvek pr\u00f3b\u00e1ja: elbesz\u00e9l\u00e9sek<\/strong>. Ford\u00edtotta Ina Sultson. Budapest: \u00daj magyar k\u00f6nyvkiad\u00f3, 1952, 200 pp. [\u2018S\u00fcdamete proov: novellid\u2019.]<\/span><br>\u00a0\n<\/p>\n<p>\n\t<span style=\"font-family: verdana, geneva\"><strong><span data-mce-mark=\"1\" style=\"font-size: medium\">In anthologies and\u00a0magazines<\/span><\/strong><\/span>\n<\/p>\n<p>\n\t<span style=\"font-family:Verdana,Geneva,sans-serif\"><strong><em>German<\/em><\/strong><br><strong>Das Stahlseil<\/strong>. \u00dcbersetzung: Corrinna Wojtek, Gottfried Wojtek. \u2013 Iwans Kindheit. Sowjetische Kriegserz\u00e4hlungen. Berlin: Verlag Volk und Welt, 1979, pp 651-659. [\u2018Terasvaier\u2019.]<\/span>\n<\/p>\n<p>\n\t<span style=\"font-size: small;font-family: verdana, geneva\"><strong><em>Polish<\/em><\/strong><br><strong>Droga okr\u0119tu; Stalowa linia<\/strong>. \u2013\u00a0Nowele esto\u0144skie. Prze\u0142. Irena Halber. Warszawa: Pa\u0144stwowy Instytut Wydawniczy, 1950, 312 pp. [Translations of \u2018Laeva tee\u2019 and \u2018Terasvaier\u2019. Contents of the anthology: E. Vilde \u2019Doktor Grauenfels\u2019; F. Tuglas \u2019Przydzia\u0142 ziemi\u2019; A. H. Tammsaare \u2019Ostatnie pieni\u0105dze\u2019, \u2019Gazeciarka nr. 17\u2019; R. Roht \u2019Stary rybak\u2019; J. Semper \u2019Z tamtej strony rzeki\u2019; M. Raud \u2019Rocznica\u2019; E. M\u00e4nnik \u2019Droga okr\u0119tu\u2019, \u2019Stalowa linia\u2019; R. Sirge \u2019Log\u2019; A. Hint \u2019Bracia\u2019; M. Nurme \u2019Dni\u2019; D. Vaarandi \u2019Brat\u2019; P. Viiding \u2019Most\u2019; E. Krusten \u2019Wiosna\u2019. 2nd edition: 1951, 262 pp.]<\/span>\n<\/p>\n<p>\n\t<span style=\"font-size: small;font-family: verdana, geneva\"><strong><em>Russian<\/em><\/strong><br>\u042d. \u041c\u044f\u043d\u043d\u0438\u043a, <strong>\u041f\u044f\u0442\u043d\u0430\u0434\u0446\u0430\u0442\u044c \u0448\u0430\u0433\u043e\u0432<\/strong>. \u2013 \u042d\u0441\u0442\u043e\u043d\u0441\u043a\u0430\u044f \u0441\u043e\u0432\u0435\u0442\u0441\u043a\u0430\u044f \u043d\u043e\u0432\u0435\u043b\u043b\u0430. \u0421\u043e\u0441\u0442\u0430\u0432\u0438\u0442\u0435\u043b\u044c \u0425. \u041f\u0443\u0445\u0432\u0435\u043b\u044c; [\u0440\u0435\u0434\u043a\u043e\u043b\u043b\u0435\u0433\u0438\u044f: \u0412. \u0413\u0440\u043e\u0441\u0441 \u2026 \u0438 \u0434\u0440.]. \u0422\u0430\u043b\u043b\u0438\u043d\u043d: \u042d\u044d\u0441\u0442\u0438 \u0440\u0430\u0430\u043c\u0430\u0442, 1977, 599 pp. [\u2019Viisteist sammu\u2019. See <strong><a href=\"https:\/\/sisu.ut.ee\/ewod\/anthologies\/puhvelrussian\">contents<\/a><\/strong> of the anthology.]<br>\u042d. \u041c\u044f\u043d\u043d\u0438\u043a, <strong>\u041f\u0443\u0442\u044c \u043a\u043e\u0440\u0430\u0431\u043b\u044f; \u0421\u0442\u0430\u043b\u044c\u043d\u043e\u0439 \u0442\u0440\u043e\u0441<\/strong>. \u2013 \u042d\u0441\u0442\u043e\u043d\u0441\u043a\u0438\u0435 \u043d\u043e\u0432\u0435\u043b\u043b\u044b. C\u043e\u0441\u0442\u0430\u0432\u0438\u0442\u0435\u043b\u044c: \u041d. \u041a\u043e\u043e\u043b\u044c; \u043f\u0440\u0435\u0434\u0438\u0441\u043b\u043e\u0432\u0438\u0435 \u041b. \u0422\u043e\u043e\u043c; \u043f\u0435\u0440\u0435\u0432\u0435\u043b\u0438 \u041d. \u041a\u043e\u043e\u043b\u044c \u0418 \u041b. \u0422\u043e\u043e\u043c. \u041c\u043e\u0441\u043a\u0432\u0430: \u0421\u043e\u0432\u0435\u0442\u0441\u043a\u0438\u0439 \u043f\u0438\u0441\u0430\u0442\u0435\u043b\u044c, 1948, 312 pp. [\u2019Laeva tee\u2019; \u2019Terasvaier\u2019. See <strong><a href=\"https:\/\/sisu.ut.ee\/ewod\/anthologies\/novelly1948\">contents<\/a><\/strong> of the anthology.]<\/span>\n<\/p>\n<p>\n\t<strong><em><span style=\"font-family: verdana, geneva\">Ukrainian<\/span><\/em><\/strong><br><span style=\"font-family: verdana, geneva\"><span style=\"font-family: verdana, geneva\">\u0415. \u041c\u044f\u043d\u043di\u043a,\u00a0<\/span><strong>\u041f\u044f\u0442\u043d\u0430\u0434\u0446\u044f\u0442\u044c \u043a\u0440\u043e\u043ai\u0432<\/strong>. \u2013\u00a0\u0415\u0441\u0442\u043e\u043d\u0441\u044c\u043a\u0435 \u0440\u0430\u0434\u044f\u043d\u0441\u044c\u043a\u0435 \u043e\u043f\u043e\u0432i\u0434\u0430\u043d\u043d\u044f. \u041f\u0435\u0440\u0435\u043a\u043b\u0430\u0434 \u0437 \u0435\u0441\u0442\u043e\u043d\u0441\u044c\u043a\u043e\u0439: \u041e. \u0417\u0430\u0432\u0433\u043e\u0440\u043e\u0434\u043di\u0439, \u0410. \u0421\u043f\u0440\u043e\u0433i\u0441, \u041f. \u0413\u0430\u043d\u0434\u0437\u044e\u0440\u0430, \u0415. \u041b\u0438\u0441\u0435\u0446\u044c\u043a\u0430; \u0443\u043f\u043e\u0440\u044f\u0434\u043d\u0438\u043a \u041e. \u0421. \u0417\u0430\u0432\u0433\u043e\u0440\u043e\u0434\u043di\u0439. \u041a\u0438i\u0432: \u0414\u043di\u043f\u0440\u043e, 1982, 280 pp. <span>[\u2019Viisteist sammu\u2019.<\/span>\u00a0See\u00a0<a href=\"https:\/\/sisu.ut.ee\/ewod\/anthologies\/ukrainianstories\"><strong>contents<\/strong><\/a>\u00a0of the anthology.]<br>\u0415. \u041c\u044f\u043d\u043di\u043a, <strong>\u041f\u2019\u044f\u0442\u043d\u0430\u0434\u0446\u044f\u0442\u044c \u043a\u0440\u043e\u043ai\u0432<\/strong>. \u2013 \u0415\u0441\u0442\u043e\u043d\u0441\u044c\u043a\u0430 \u043d\u043e\u0432\u0435\u043b\u0430 = Eesti novell. \u0423\u043f\u043e\u0440\u044f\u0434\u043d\u0438\u043a\u0438: \u042e\u0440i\u0439 \u041f\u0435\u0442\u0440\u0435\u043d\u043a\u043e \u0442\u0430 \u0410\u043b\u0435\u0432\u0442\u0438\u043d\u0430 \u0421\u043f\u0440\u043e\u0433i\u0441. \u041a\u0438\u00ef\u0432: \u0420\u0430\u0434\u044f\u043d\u0441\u044c\u043a\u0438\u0439 \u043f\u0438\u0441\u044c\u043c\u0435\u043d\u043d\u0438\u043a, 1975, 289 pp. [\u2019Viisteist sammu\u2019. See <strong><a href=\"https:\/\/sisu.ut.ee\/ewod\/anthologies\/estonskanovela\">contents<\/a><\/strong> of the anthology.]<\/span><\/p>\n","protected":false},"excerpt":{"rendered":"<p>Books Hungarian\u00a0Sz\u00edvek pr\u00f3b\u00e1ja: elbesz\u00e9l\u00e9sek. Ford\u00edtotta Ina Sultson. Budapest: \u00daj magyar k\u00f6nyvkiad\u00f3, 1952, 200 pp. [\u2018S\u00fcdamete proov: novellid\u2019.]\u00a0 In anthologies and\u00a0magazines GermanDas Stahlseil. \u00dcbersetzung: Corrinna Wojtek, Gottfried Wojtek. \u2013 Iwans Kindheit. Sowjetische Kriegserz\u00e4hlungen. Berlin: Verlag Volk und Welt, 1979, pp 651-659. &#8230;<\/p>\n","protected":false},"author":43,"featured_media":0,"parent":1928,"menu_order":0,"comment_status":"closed","ping_status":"closed","template":"","meta":{"_acf_changed":false,"inline_featured_image":false,"footnotes":""},"class_list":["post-1937","page","type-page","status-publish","hentry"],"acf":[],"_links":{"self":[{"href":"https:\/\/sisu.ut.ee\/ewod\/wp-json\/wp\/v2\/pages\/1937","targetHints":{"allow":["GET"]}}],"collection":[{"href":"https:\/\/sisu.ut.ee\/ewod\/wp-json\/wp\/v2\/pages"}],"about":[{"href":"https:\/\/sisu.ut.ee\/ewod\/wp-json\/wp\/v2\/types\/page"}],"author":[{"embeddable":true,"href":"https:\/\/sisu.ut.ee\/ewod\/wp-json\/wp\/v2\/users\/43"}],"replies":[{"embeddable":true,"href":"https:\/\/sisu.ut.ee\/ewod\/wp-json\/wp\/v2\/comments?post=1937"}],"version-history":[{"count":1,"href":"https:\/\/sisu.ut.ee\/ewod\/wp-json\/wp\/v2\/pages\/1937\/revisions"}],"predecessor-version":[{"id":3141,"href":"https:\/\/sisu.ut.ee\/ewod\/wp-json\/wp\/v2\/pages\/1937\/revisions\/3141"}],"up":[{"embeddable":true,"href":"https:\/\/sisu.ut.ee\/ewod\/wp-json\/wp\/v2\/pages\/1928"}],"wp:attachment":[{"href":"https:\/\/sisu.ut.ee\/ewod\/wp-json\/wp\/v2\/media?parent=1937"}],"curies":[{"name":"wp","href":"https:\/\/api.w.org\/{rel}","templated":true}]}}