{"id":1930,"date":"2024-04-03T23:42:11","date_gmt":"2024-04-03T20:42:11","guid":{"rendered":"https:\/\/sisu.ut.ee\/ewod\/stories-et-221\/"},"modified":"2024-04-04T00:05:52","modified_gmt":"2024-04-03T21:05:52","slug":"stories","status":"publish","type":"page","link":"https:\/\/sisu.ut.ee\/ewod\/l\/lulle\/stories\/","title":{"rendered":"Bernhard L\u00fclle &#8211; short stories and novellas"},"content":{"rendered":"<p><span style=\"font-size: medium\"><strong><span style=\"font-family: verdana, geneva\">Books<\/span><\/strong><\/span><\/p>\n<p><strong><em><span style=\"font-family: verdana, geneva\">Chinese<\/span><\/em><\/strong><br><span style=\"font-family: verdana, geneva\">Lall Kahas [Bernhard L\u00fclle and Iko Maran], <strong>[S\u00f5brad]<\/strong>. Translated by Su Sjue-min. Nanking: Tzsjansu Venji T\u0161uban\u0161e, 1959.<\/span><\/p>\n","protected":false},"excerpt":{"rendered":"<p>Books ChineseLall Kahas [Bernhard L\u00fclle and Iko Maran], [S\u00f5brad]. Translated by Su Sjue-min. Nanking: Tzsjansu Venji T\u0161uban\u0161e, 1959.<\/p>\n","protected":false},"author":43,"featured_media":0,"parent":1922,"menu_order":0,"comment_status":"closed","ping_status":"closed","template":"","meta":{"_acf_changed":false,"inline_featured_image":false,"footnotes":""},"class_list":["post-1930","page","type-page","status-publish","hentry"],"acf":[],"_links":{"self":[{"href":"https:\/\/sisu.ut.ee\/ewod\/wp-json\/wp\/v2\/pages\/1930","targetHints":{"allow":["GET"]}}],"collection":[{"href":"https:\/\/sisu.ut.ee\/ewod\/wp-json\/wp\/v2\/pages"}],"about":[{"href":"https:\/\/sisu.ut.ee\/ewod\/wp-json\/wp\/v2\/types\/page"}],"author":[{"embeddable":true,"href":"https:\/\/sisu.ut.ee\/ewod\/wp-json\/wp\/v2\/users\/43"}],"replies":[{"embeddable":true,"href":"https:\/\/sisu.ut.ee\/ewod\/wp-json\/wp\/v2\/comments?post=1930"}],"version-history":[{"count":1,"href":"https:\/\/sisu.ut.ee\/ewod\/wp-json\/wp\/v2\/pages\/1930\/revisions"}],"predecessor-version":[{"id":3152,"href":"https:\/\/sisu.ut.ee\/ewod\/wp-json\/wp\/v2\/pages\/1930\/revisions\/3152"}],"up":[{"embeddable":true,"href":"https:\/\/sisu.ut.ee\/ewod\/wp-json\/wp\/v2\/pages\/1922"}],"wp:attachment":[{"href":"https:\/\/sisu.ut.ee\/ewod\/wp-json\/wp\/v2\/media?parent=1930"}],"curies":[{"name":"wp","href":"https:\/\/api.w.org\/{rel}","templated":true}]}}