{"id":1928,"date":"2024-04-03T23:42:11","date_gmt":"2024-04-03T20:42:11","guid":{"rendered":"https:\/\/sisu.ut.ee\/ewod\/mannik\/"},"modified":"2024-04-04T00:05:52","modified_gmt":"2024-04-03T21:05:52","slug":"mannik","status":"publish","type":"page","link":"https:\/\/sisu.ut.ee\/ewod\/m\/mannik\/","title":{"rendered":"Eduard M\u00e4nnik"},"content":{"rendered":"<p>\n\t<span style=\"font-family:Verdana,Geneva,sans-serif\"><a href=\"https:\/\/sisu.ut.ee\/ewod\/m\/mannik\/stories\"><strong><span style=\"font-size: medium\">Short stories <\/span><\/strong><\/a><strong><a href=\"https:\/\/sisu.ut.ee\/wp-content\/uploads\/sites\/108\/eduard_mannik.jpg\" target=\"_self\" rel=\"noopener\"><img decoding=\"async\" alt=\"Eduard M\u00e4nnik\" src=\"https:\/\/sisu.ut.ee\/wp-content\/uploads\/sites\/108\/eduard_mannik.jpg\" style=\"float: right;width: 200px;height: 263px\"><\/a><\/strong><\/span>\n<\/p>\n<p>\u00a0\n<\/p>\n<p>\n\t<span style=\"font-size:13px\"><span style=\"font-family:Verdana,Geneva,sans-serif\">Eduard M\u00e4nnik (12. I 1906 \/ 30.XII 1905 -30. I 1966) was a writer of prose, topical satire and children\u2019s books.<\/span><\/span>\n<\/p>\n<p>\n\t<span style=\"font-size:13px\"><span style=\"font-family:Verdana,Geneva,sans-serif\">He was born in Tartu, and attended the Tartu School of Science, later the Tartu Secondary School of Business. After abandoning his studies he continued with casual work and literary and journalistic activities. In the nineteen-forties he worked in the People\u2019s Commissariat for State Security (the future KGB) as an officer and investigator, and took part in military operations in the Soviet side. He worked as a report writer on the Presidium of the Supreme Soviet of the Estonian SSR, and from 1945 as a professional writer. He was a member of the Soviet Communist Party from 1942, and of the Writers\u2019 Union from 1945. He was Deputy Chairman of the Writers\u2019 Union (1950-1951), was member of its board, and its consultant on prose. In 1948 he won the State Prize of the Soviet Estonia for his short-story collection <em>Viisteist sammu<\/em> (\u2018Fifteen Steps\u2019, 1947), and in 1965 was made a Merited Writer of the Estonian SSR. He is buried in the Metsakalmistu (\u2018Forest Cemetery\u2019) in Tallinn.<\/span><\/span>\n<\/p>\n<p>\n\t<span style=\"font-size:13px\"><span style=\"font-family:Verdana,Geneva,sans-serif\">He began his literary activity in periodicals in 1921, with various writings appearing in journals. His first work, <em>Hall maja<\/em> (\u2018The Grey House\u2019, 1930), a novel with an undertone of social criticism, describes a brothel and its residents against the background of the slums of Tartu. In the nineteen-thirties he wrote pieces in periodicals, a selection of which later appeared in the collection <em>Piibujutud<\/em> (\u2018Pipe Stories\u2019, 1964). In the twenties and thirties he wrote children\u2019s stories under the name Aadi Virges: <em>J\u00e4nesepoeg To-Too<\/em> (\u2018To-Too the Bunny-rabbit\u2019, 1935), <em>Rajamaa talu<\/em> (\u2018Rajamaa Farm\u2019, 1935), which tells of the War of Independence, and the children\u2019s play <em>Tarkuse m\u00fcts<\/em> (\u2018The Wisdom Hat\u2019, 1937).<\/span><\/span>\n<\/p>\n<p>\n\t<span style=\"font-size:13px\"><span style=\"font-family:Verdana,Geneva,sans-serif\">The subject-matter changes in the nineteen-forties; the bulk of his work now consists of personal experience of the war carried over into tales and stories on war themes. The collections <em>S\u00fcdamete proov<\/em> (\u2018Trial of Hearts\u2019, 1946), <em>Viisteist sammu<\/em> (\u2018Fifteen Steps\u2019, 1947) and <em>V\u00f5itlus kestab<\/em> (\u2018The Struggle Continues\u2019, 1950), depict military action from a Soviet ideological perspective. Heroic Soviet fighters and the inhuman \u2018fascist\u2019 enemy are contrasted in black and white. The motif of tempering in battle and effort runs through the stories.<\/span><\/span>\n<\/p>\n<p>\n\t<span style=\"font-size:13px\"><span style=\"font-family:Verdana,Geneva,sans-serif\">The stories from the nineteen-fifties deal with the lives of workers, social problems and the ideological struggle in the Republic of Estonia, like in the collection <em>Traataed<\/em> (\u2018The Wire Fence\u2019, 1954) and <em>Inimesed vaekausil<\/em> (\u2018People in the Balance\u2019, 1959), which includes <em>\u00dche armastuse lugu<\/em> (\u2018A Love Story\u2019), which received first prize in the Looming short story competition in 1954.<\/span><\/span><\/p>\n<p><em>A. K. (Translated by C. M.)<\/em>\n<\/p>\n<p><span style=\"font-family:Verdana,Geneva,sans-serif\"><strong><span style=\"font-size: medium\">Books in Estonian<\/span><\/strong><\/span>\n<\/p>\n<p>\n\t<span style=\"font-family:Verdana,Geneva,sans-serif\"><span style=\"font-size:13px\"><strong><em>Novels<\/em><\/strong><br><strong>Hall maja<\/strong>. Tartu: Loodus, 1930, 223 lk. [2. tr\u00fckk: 1973.]<\/span><\/span>\n<\/p>\n<p>\n\t<span style=\"font-family:Verdana,Geneva,sans-serif\"><span style=\"font-size:13px\"><strong><em>Stories<\/em><\/strong><br><strong>S\u00fcdamete proov<\/strong>. Tallinn: Ilukirjandus ja Kunst, 1946, 288 lk.<br><strong>Viisteist sammu<\/strong>. Tallinn: Ilukirjandus ja Kunst, 1947, 280 lk.<br><strong>Paljassaare tipul<\/strong>. Tallinn: Eesti Riiklik Kirjastus, 1949, 92 lk. [Valikkogu.]<br><strong>V\u00f5itlus kestab<\/strong>. Tallinn: Eesti Riiklik Kirjastus, 1950, 303 lk.<br><strong>\u00dcle m\u00e4gede<\/strong>. Tallinn: Eesti Riiklik Kirjastus, 1953, 350 lk. [Valikkogu. 2. tr\u00fckk: 1955.]<br><strong>Traataed<\/strong>. Tallinn: Eesti Riiklik Kirjastus, 1954, 204 lk.<br><strong>Inimesed vaekausil<\/strong>. Tallinn: Eesti Riiklik Kirjastus, 1959, 320 lk.<br><strong>Rindejutud<\/strong>. Tallinn: Eesti Riiklik Kirjastus, 1962, 348 lk. [Valikkogu.]<br><strong>H\u00e4rrasp\u00e4ev<\/strong>. Tallinn: Eesti Raamat, 1966, 388 lk.<br><strong>Terasvaier<\/strong>. Koostanud V. Villandi. Tallinn: Eesti Raamat, 1984, 208 lk. [Valikkogu.]<\/span><\/span>\n<\/p>\n<p>\n\t<span style=\"font-family:Verdana,Geneva,sans-serif\"><span style=\"font-size:13px\"><strong><em>Humour<\/em><\/strong><br><strong>Piibujutud<\/strong>. Tallinn: Eesti Riiklik Kirjastus, 1964, 460 lk.<br><strong>T\u00fchja t\u00fcnni h\u00e4\u00e4l<\/strong>. Tallinn: Eesti Raamat, 1965, 144 lk.<\/span><\/span>\n<\/p>\n<p>\n\t<span style=\"font-family:Verdana,Geneva,sans-serif\"><span style=\"font-size:13px\"><strong><em>Children\u2019s books<\/em><\/strong><br>Aadi Virges, <strong>Rajamaa talu<\/strong>. Tartu: Loodus, 1935, 48 lk.<br>Aadi Virges, <strong>Tarkuse m\u00fcts<\/strong>. Tallinn: Autorikaitse \u00dching, 1937, 56 lk.<br>Aadi Virges, <strong>J\u00e4nesepoeg To-Too<\/strong>. Tartu: Loodus, 1935, 64 lk. [J\u00e4rgnevad tr\u00fckid: 1978, 2004.]<br><strong>Kukeristi Kaalu tarkuses\u00f5nad<\/strong>. Koostanud Andres Jaaksoo. Tallinn: Eesti Raamat, 1976, 72 lk.<br><strong>Jutte<\/strong>. Koostanud Andres Jaaksoo. Tallinn: Eesti Raamat, 1979, 72 lk.<\/span><\/span>\n<\/p>\n<p>\n\t<span style=\"font-family:Verdana,Geneva,sans-serif\"><span style=\"font-size:13px\"><strong><em>Selected works<\/em><\/strong><br><strong>Teosed. Hall maja. S\u00f5jajutud. Inimesed vaekausil. Ajalehepoisid<\/strong>. Koostanud V\u00e4ino Ilus. Tallinn: Eesti Raamat, 1973, 548 lk.<\/span><\/span><\/p>\n","protected":false},"excerpt":{"rendered":"<p>Short stories \u00a0 Eduard M\u00e4nnik (12. I 1906 \/ 30.XII 1905 -30. I 1966) was a writer of prose, topical satire and children\u2019s books. He was born in Tartu, and attended the Tartu School of Science, later the Tartu Secondary &#8230;<\/p>\n","protected":false},"author":43,"featured_media":0,"parent":642,"menu_order":0,"comment_status":"closed","ping_status":"closed","template":"","meta":{"_acf_changed":false,"inline_featured_image":false,"footnotes":""},"class_list":["post-1928","page","type-page","status-publish","hentry"],"acf":[],"_links":{"self":[{"href":"https:\/\/sisu.ut.ee\/ewod\/wp-json\/wp\/v2\/pages\/1928","targetHints":{"allow":["GET"]}}],"collection":[{"href":"https:\/\/sisu.ut.ee\/ewod\/wp-json\/wp\/v2\/pages"}],"about":[{"href":"https:\/\/sisu.ut.ee\/ewod\/wp-json\/wp\/v2\/types\/page"}],"author":[{"embeddable":true,"href":"https:\/\/sisu.ut.ee\/ewod\/wp-json\/wp\/v2\/users\/43"}],"replies":[{"embeddable":true,"href":"https:\/\/sisu.ut.ee\/ewod\/wp-json\/wp\/v2\/comments?post=1928"}],"version-history":[{"count":1,"href":"https:\/\/sisu.ut.ee\/ewod\/wp-json\/wp\/v2\/pages\/1928\/revisions"}],"predecessor-version":[{"id":3150,"href":"https:\/\/sisu.ut.ee\/ewod\/wp-json\/wp\/v2\/pages\/1928\/revisions\/3150"}],"up":[{"embeddable":true,"href":"https:\/\/sisu.ut.ee\/ewod\/wp-json\/wp\/v2\/pages\/642"}],"wp:attachment":[{"href":"https:\/\/sisu.ut.ee\/ewod\/wp-json\/wp\/v2\/media?parent=1928"}],"curies":[{"name":"wp","href":"https:\/\/api.w.org\/{rel}","templated":true}]}}