{"id":1905,"date":"2024-04-03T23:42:08","date_gmt":"2024-04-03T20:42:08","guid":{"rendered":"https:\/\/sisu.ut.ee\/ewod\/prose-et-4\/"},"modified":"2024-04-04T00:05:57","modified_gmt":"2024-04-03T21:05:57","slug":"prose","status":"publish","type":"page","link":"https:\/\/sisu.ut.ee\/ewod\/k\/madiskoiv\/prose\/","title":{"rendered":"Madis K\u00f5iv &#8211; short stories"},"content":{"rendered":"<p><span style=\"font-family: verdana, geneva;font-size: medium\"><strong>In anthologies and magazines<\/strong><\/span><\/p>\n<p><span style=\"font-family: verdana, geneva\"><strong><em>English<\/em><br>Nuuma Aljla<\/strong>. \u2013 Jan Kaus (ed), The Dedalus Book of Estonian Literature.\u00a0Sawtry: Dedalus, 2011, 303 pp. [Translation of \u2018Nuuma Aljla\u2019. Contents of the anthology:\u00a0Upheavals in the Borderlands \/ Jan Kaus; Maiden of the North \/ August Gailit; Flash Photography \/ Karl August Hindrey; Bread \/ Eduard Vilde; On Lake Peipsi \/ Juhan Liiv; Bird Cherry Petals \/ Friedebert Tuglas; Grandfather\u2019s Death \/ Anton Hansen Tammsaare; Night of Souls \/ Karl Ristikivi; Eight Japanese Ladies \/ Arvo Valton; Uncle \/ Jaan Kross; An Empty Beach \/ Mati Unt; The Collector \/ Rein Saluri; The Rococo Lady \/ Maimu Berg; Chance Encounter \/ Eeva Park; Stomach Ache \/ Peeter Sauter; Nuuma Aljla \/ Madis K\u00f5iv; Aspendal the Rainmaker \/ Mehis Heinsaar.]<\/span><\/p>\n<p><span style=\"font-family: verdana, geneva\"><strong><em>French<\/em><\/strong><br><span><strong>La disparition de K\u00f5tu<\/strong>. \u2013\u00a0Labyrinthes du r\u00e9el : \u00e9crivains estoniens contemporains. Textes r\u00e9unis et pr\u00e9sent\u00e9s par Antoine Chalvin. Traduit de l\u2019estonien par Martin Carayol, Jean Pascal Ollivry, Antoine Chalvin\u2026 et al.\u00a0Paris: Maison des cultures du monde; Arles: Actes Sud; Qu\u00e9bec: Lem\u00e9ac, 2011, 219 pp. [Translation of \u2018Kadunud K\u00f5tu\u2019. Contents of the anthology:\u00a0Les gars de chez Wikman \/ Jaan Kross. La disparition de K\u00f5tu \/ Madis K\u00f5iv. Le m\u00eame fleuve \/ Jaan Kaplinski. Le paradis \/ T\u00f5nu \u00d5nnepalu. Coeur d\u2019ours \/ Nikolai Baturin. Le lion sous les jasmins \/ Mati Unt. L\u2019int\u00e9r\u00eat humain pour le bonheur \/ Mati Unt. Un incident au th\u00e9\u00e2tre \/ Mati Unt. Anamn\u00e8se \/ J\u00fcri Ehlvest. Lettre de province \/ Jaan Undusk. Fatigue printani\u00e8re \/ Kerttu Rakke. Mon ami B. \/ Rein Raud. Le mariage de Mlle U. \/ Rein Raud. L\u2019artiste W. \/ Rein Raud. Le professeur P. \/ Rein Raud. L\u2019histoire d\u2019Oliver Helves \/ Mehis Heinsaar. Le spectre des bl\u00e9s \/ Indrek Hargla. Mon histoire d\u2019amour \/ Andrus Kivir\u00e4hk.]<\/span><\/span><\/p>\n<p><span style=\"font-family: verdana, geneva\"><span style=\"font-family: verdana, geneva\"><em><strong>Hungarian<\/strong><\/em><br><span style=\"font-family: verdana, geneva\"><strong>A t\u00e9vedhetetlens\u00e9g iszonya;\u00a0<\/strong><span style=\"font-family: verdana, geneva\"><strong>A felh\u0151k sz\u00edne;\u00a0<\/strong><span style=\"font-family: verdana, geneva\"><strong>\u00dcnnepi besz\u00e9dtervezet<\/strong>.<span style=\"font-family: verdana, geneva\">\u00a0Translated by Bereczki G\u00e1bor. \u2013<span style=\"font-family: verdana, geneva\">\u00a0<\/span><span style=\"font-family: verdana, geneva\">Kookonist kooruv liblikas. I &amp; II: l\u00fchiproosat sajandil\u00f5pu Eestist = Babjabol kikelo pillango. I &amp; II: mint\u00e1k a sz\u00e1zzadv\u00e9gi \u00c9szt r\u00f6vidpr\u00f3z\u00e1b\u00f3l<\/span><span style=\"font-family: verdana, geneva\">. Selected, edited and foreword by Mai Kiisk-Bereczki. Translated by Bereczki G\u00e1bor, illustrations by Masszi Ferenc. Szombathely: Berzsenyi Daniel F\u00f6iskola, 2002, 190 +252 pp. [<span>\u2018Eksimatuse\u00f5udus\u2019,\u00a0<span>\u2018Pilvede v\u00e4rvid\u2019,\u00a0<span>\u2018Aktusek\u00f5ne projekt\u2019<\/span><\/span><\/span>.\u00a0Parallel text in Estonian and Hungarian. See\u00a0<strong><a href=\"https:\/\/sisu.ut.ee\/ewod\/anthologies\/kookon\">contents<\/a>\u00a0<\/strong>of the anthology.]<\/span><\/span><\/span><\/span><\/span><br><\/span><\/span><\/p>\n","protected":false},"excerpt":{"rendered":"<p>In anthologies and magazines EnglishNuuma Aljla. \u2013 Jan Kaus (ed), The Dedalus Book of Estonian Literature.\u00a0Sawtry: Dedalus, 2011, 303 pp. [Translation of \u2018Nuuma Aljla\u2019. Contents of the anthology:\u00a0Upheavals in the Borderlands \/ Jan Kaus; Maiden of the North \/ August &#8230;<\/p>\n","protected":false},"author":43,"featured_media":0,"parent":1899,"menu_order":0,"comment_status":"closed","ping_status":"closed","template":"","meta":{"_acf_changed":false,"inline_featured_image":false,"footnotes":""},"class_list":["post-1905","page","type-page","status-publish","hentry"],"acf":[],"_links":{"self":[{"href":"https:\/\/sisu.ut.ee\/ewod\/wp-json\/wp\/v2\/pages\/1905","targetHints":{"allow":["GET"]}}],"collection":[{"href":"https:\/\/sisu.ut.ee\/ewod\/wp-json\/wp\/v2\/pages"}],"about":[{"href":"https:\/\/sisu.ut.ee\/ewod\/wp-json\/wp\/v2\/types\/page"}],"author":[{"embeddable":true,"href":"https:\/\/sisu.ut.ee\/ewod\/wp-json\/wp\/v2\/users\/43"}],"replies":[{"embeddable":true,"href":"https:\/\/sisu.ut.ee\/ewod\/wp-json\/wp\/v2\/comments?post=1905"}],"version-history":[{"count":1,"href":"https:\/\/sisu.ut.ee\/ewod\/wp-json\/wp\/v2\/pages\/1905\/revisions"}],"predecessor-version":[{"id":3181,"href":"https:\/\/sisu.ut.ee\/ewod\/wp-json\/wp\/v2\/pages\/1905\/revisions\/3181"}],"up":[{"embeddable":true,"href":"https:\/\/sisu.ut.ee\/ewod\/wp-json\/wp\/v2\/pages\/1899"}],"wp:attachment":[{"href":"https:\/\/sisu.ut.ee\/ewod\/wp-json\/wp\/v2\/media?parent=1905"}],"curies":[{"name":"wp","href":"https:\/\/api.w.org\/{rel}","templated":true}]}}