{"id":1889,"date":"2024-04-03T23:42:07","date_gmt":"2024-04-03T20:42:07","guid":{"rendered":"https:\/\/sisu.ut.ee\/ewod\/molder\/"},"modified":"2024-04-04T00:05:58","modified_gmt":"2024-04-03T21:05:58","slug":"molder","status":"publish","type":"page","link":"https:\/\/sisu.ut.ee\/ewod\/m\/molder\/","title":{"rendered":"Vassili M\u00f6lder"},"content":{"rendered":"<p>\n\t<a href=\"https:\/\/sisu.ut.ee\/ewod\/m\/molder\/poems\"><strong><span style=\"font-family: verdana, geneva;font-size: medium\">Poems<\/span><\/strong><\/a><strong><span style=\"font-family: verdana, geneva;font-size: medium\"> <a href=\"https:\/\/sisu.ut.ee\/wp-content\/uploads\/sites\/108\/v._molder.jpg\" target=\"_self\" rel=\"noopener\"><img decoding=\"async\" alt=\"Vassili M\u00f6lder\" src=\"https:\/\/sisu.ut.ee\/wp-content\/uploads\/sites\/108\/v._molder.jpg\" style=\"float: right;width: 200px;height: 308px\"><\/a><\/span><\/strong>\n<\/p>\n<p>\u00a0\n<\/p>\n<p class=\"western\" style=\"margin-bottom:0.08in\" lang=\"et-EE\">\n<\/p><p><span style=\"color:#000000\"><span style=\"font-size:13px\"><span style=\"font-family:Verdana,Geneva,sans-serif\"><span style=\"line-height:150%\"><font style=\"12pt\">Vassili M\u00f6lder (pseudonym Proletarlane, 25\/13 XII 1878 \u2013 5 VII 1943) was a revolutionary poet.<\/font><\/span><\/span><\/span><\/span>\n<\/p>\n<p class=\"western\" style=\"margin-bottom:0.08in\" lang=\"et-EE\">\n\t<span style=\"color:#000000\"><span style=\"font-size:13px\"><span style=\"font-family:Verdana,Geneva,sans-serif\"><span style=\"line-height:150%\"><font style=\"12pt\">M\u00f6lder was born in Saaremaa Island and attended Kahtla village and parish school for a short time. He made his living by doing odd jobs and participated in the revolutionary events of 1905 at P\u00f6ide. Of essential importance for M\u00f6lder was his contact with publisher Juhan Lilienbach to whose publications he contributed. Following Lilienbach\u2019s advice, he worked for some time as a travelling bookseller. From 1913\u20131915, M\u00f6lder worked at the editorial office of the <i>Kuressaare H\u00e4\u00e4l<\/i> newspaper; thereafter he was a small landholder at P\u00f6ide. He had contacts with the local illegal group of the Communist Party of Estonia. In 1924, he was arrested and imprisoned for his revolutionary activities and was released in 1932. In 1940, he supported the Soviet rule in Estonia and left Estonia in 1941 with the withdrawing Soviet troops. In the Soviet Union, he contributed to the local Estonian-language press. He died of starvation in Verkhneuralsk where he was buried.<\/font><\/span><\/span><\/span><\/span>\n<\/p>\n<p class=\"western\" style=\"margin-bottom:0.08in\" lang=\"et-EE\">\n\t<span style=\"color:#000000\"><span style=\"font-size:13px\"><span style=\"font-family:Verdana,Geneva,sans-serif\"><span style=\"line-height:150%\"><font style=\"12pt\">M\u00f6lder\u2019s first attempts at poetry fall into the turn of the century and were published in the <i>Saarlane<\/i> newspaper. His poetry is simple in its essence; its main themes reflect the world vision of poorish rural people and the belief that a revolution might bring improvements. M\u00f6lder\u2019s poetry reveals contacts with newer folk songs of Saaremaa. The best poems of his initial period were published in the collection <i>S\u00f5najalad<\/i> (\u2018Ferns\u2019, 1910). M\u00f6lder has remained in Estonian poetry with his working-class poetry which stands out with its folksy and simple character.<\/font><\/span><\/span><\/span><\/span>\n<\/p>\n<p class=\"western\" style=\"margin-bottom:0.08in\" lang=\"et-EE\">\n\t<span style=\"color:#000000\"><span style=\"font-size:13px\"><span style=\"font-family:Verdana,Geneva,sans-serif\"><span style=\"line-height:150%\"><font style=\"12pt\"><i>A. K. (Translated by I. A.)<\/i><\/font><\/span><\/span><\/span><\/span>\n<\/p>\n<p class=\"western\" style=\"margin-bottom:0.08in\" lang=\"et-EE\">\n<\/p><p><span style=\"font-size:16px\"><span style=\"color:#000000\"><span style=\"font-family:Verdana,Geneva,sans-serif\"><span style=\"line-height:150%\"><font style=\"12pt\"><b>Books in Estonian<\/b><\/font><\/span><\/span><\/span><\/span>\n<\/p>\n<p class=\"western\" style=\"margin-bottom:0.08in\" lang=\"et-EE\">\n\t<span style=\"color:#000000\"><span style=\"font-size:13px\"><span style=\"font-family:Verdana,Geneva,sans-serif\"><span style=\"line-height:150%\"><font style=\"12pt\"><em><b>Poetry<\/b><\/em><br>V. Proletarlane, <strong>S\u00f5najalad<\/strong>. Tallinn: M\u00f5te, 1910, 126 lk.<\/font><\/span><\/span><\/span><\/span><\/p>\n","protected":false},"excerpt":{"rendered":"<p>Poems \u00a0 Vassili M\u00f6lder (pseudonym Proletarlane, 25\/13 XII 1878 \u2013 5 VII 1943) was a revolutionary poet. M\u00f6lder was born in Saaremaa Island and attended Kahtla village and parish school for a short time. He made his living by doing &#8230;<\/p>\n","protected":false},"author":43,"featured_media":0,"parent":642,"menu_order":0,"comment_status":"closed","ping_status":"closed","template":"","meta":{"_acf_changed":false,"inline_featured_image":false,"footnotes":""},"class_list":["post-1889","page","type-page","status-publish","hentry"],"acf":[],"_links":{"self":[{"href":"https:\/\/sisu.ut.ee\/ewod\/wp-json\/wp\/v2\/pages\/1889","targetHints":{"allow":["GET"]}}],"collection":[{"href":"https:\/\/sisu.ut.ee\/ewod\/wp-json\/wp\/v2\/pages"}],"about":[{"href":"https:\/\/sisu.ut.ee\/ewod\/wp-json\/wp\/v2\/types\/page"}],"author":[{"embeddable":true,"href":"https:\/\/sisu.ut.ee\/ewod\/wp-json\/wp\/v2\/users\/43"}],"replies":[{"embeddable":true,"href":"https:\/\/sisu.ut.ee\/ewod\/wp-json\/wp\/v2\/comments?post=1889"}],"version-history":[{"count":1,"href":"https:\/\/sisu.ut.ee\/ewod\/wp-json\/wp\/v2\/pages\/1889\/revisions"}],"predecessor-version":[{"id":3182,"href":"https:\/\/sisu.ut.ee\/ewod\/wp-json\/wp\/v2\/pages\/1889\/revisions\/3182"}],"up":[{"embeddable":true,"href":"https:\/\/sisu.ut.ee\/ewod\/wp-json\/wp\/v2\/pages\/642"}],"wp:attachment":[{"href":"https:\/\/sisu.ut.ee\/ewod\/wp-json\/wp\/v2\/media?parent=1889"}],"curies":[{"name":"wp","href":"https:\/\/api.w.org\/{rel}","templated":true}]}}