{"id":1872,"date":"2024-04-03T23:42:05","date_gmt":"2024-04-03T20:42:05","guid":{"rendered":"https:\/\/sisu.ut.ee\/ewod\/levi\/"},"modified":"2024-04-04T00:06:01","modified_gmt":"2024-04-03T21:06:01","slug":"levi","status":"publish","type":"page","link":"https:\/\/sisu.ut.ee\/ewod\/l\/levi\/","title":{"rendered":"Ahto Levi"},"content":{"rendered":"<p>\n\t<a href=\"https:\/\/sisu.ut.ee\/ewod\/l\/levi\/novels\"><strong><span style=\"font-size: medium;font-family: verdana, geneva\">Novels<\/span><\/strong><\/a><strong><span style=\"font-size: medium;font-family: verdana, geneva\"> <\/span><\/strong><span style=\"font-size: medium;font-family: verdana, geneva\"><a href=\"https:\/\/sisu.ut.ee\/wp-content\/uploads\/sites\/108\/ahto_levi.jpeg\" target=\"_self\" rel=\"noopener\"><img decoding=\"async\" alt=\"Ahto Levi\" src=\"https:\/\/sisu.ut.ee\/wp-content\/uploads\/sites\/108\/ahto_levi.jpeg\" style=\"float: right;width: 200px;height: 320px\" title=\" CC BY-SA 4.0 (Wikipedia)\"><\/a><\/span>\n<\/p>\n<p>\n\t<a href=\"https:\/\/sisu.ut.ee\/ewod\/l\/levi\/about\"><strong><span style=\"font-size: medium;font-family: verdana, geneva\">About Ahto Levi<\/span><\/strong><\/a>\n<\/p>\n<p>Ahto Levi (real name Levi Lippu, 18 June 1931 \u2013 20 January 2006) was a prose writer of Estonian origin who wrote in Russian. His autobiographical novel about life in the prison camp, <em>Halli Hundi p\u00e4evik<\/em> (\u2018Gray Wolf\u2019s Diary\u2019, 1968), enjoyed immense popularity.\n<\/p>\n<p>\n\tLevi was born in Saaremaa Island and attended the primary schools of Kaali and Kuressaare from 1938\u20131944. In 1944, he was conscripted to the auxiliary service of the German Air Force and ended up in Germany from where he returned to Estonia in 1947. He spent the years 1948\u20131963 in prison camps; he fled repeatedly and was detained for that in the prisons and camps of Tomsk, Kaluga and Kirovograd. After being released, he lived in Moldova. From 1965\u20131967, he worked on geological expeditions in the Carpathians and, from 1967\u20131968, as a fisherman in Sakhalin.\n<\/p>\n<p>\n\tIn 1968, his autobiographical novel <em>\u0417\u0430\u043f\u0438\u0441\u043a\u0438 \u0421\u0435\u0440\u043e\u0433\u043e \u0412\u043e\u043b\u043a\u0430<\/em> (\u2018Gray Wolf\u2019s Diary\u2019), written in Russian, was published in Moscow. The novel was written in prison camps. From that time onwards, Levi lived in Moscow as a freelance writer. The novel appeared in Estonian in the same year. It was translated into 16 languages, for example, Latvian, Finnish, German, Georgian, Slovak, Hungarian, Czech, Ukrainian, Bulgarian, Polish, and Moldovan. Based on the novel, the Mosfilm studio produced the film <em>\u0412\u043e\u0441\u0432\u0440\u0430\u0449\u0435\u043d\u0438\u0435 \u043a \u0436\u0438\u0437\u043d\u0438<\/em> (\u2018Return to Life\u2019) in 1971. His following novels were Fortuna\u2019s Smile (1973), Running from One\u2019s Shadow (1979, in Latvian in 1989) and On Halfway (1988) on the theme of Tartu. The two latter were written in Tartu. The novel Such a Funny King (1988) speaks about the author\u2019s childhood. None of those novels except \u2018Gray Wold\u2019s Diary\u2019 has been published in Estonian. In 1996, the novel <em>Valdemor: lugu varaste elust<\/em> (\u2018Valdemor: A Story about the Life of Thieves\u2019) was published in Tallinn.\n<\/p>\n<p>\n\tAt the end of his life, Ahto Levi lived intermittently in Tartu and Moscow; he died in Moscow.\n<\/p>\n<p>\n\t<em>L. P. (Translated by I. A.)<\/em>\n<\/p>\n<p>\n\t\u00a0\n<\/p>\n<p>\n\t<strong><span style=\"font-size:16px\">Novels in Russian<\/span><\/strong>\n<\/p>\n<p>\n\t\u0410\u0445\u0442\u043e \u041b\u0435\u0432\u0438, <strong>\u0417\u0430\u043f\u0438\u0441\u043a\u0438 \u0421\u0435\u0440\u043e\u0433\u043e \u0412\u043e\u043b\u043a\u0430<\/strong>. \u041c\u043e\u0441\u043a\u0432\u0430: \u041c\u043e\u043b\u043e\u0434\u0430\u044f \u0433\u0432\u0430\u0440\u0434\u0438\u044f, 1969, 239 pp. [2nd ed: 1975, 1988, 1994, 1995.]<br>\u0410\u0445\u0442\u043e \u041b\u0435\u0432\u0438, <strong>\u0417\u0430\u043f\u0438\u0441\u043a\u0438 \u0421\u0435\u0440\u043e\u0433\u043e \u0412\u043e\u043b\u043a\u0430; \u0423\u043b\u044b\u0431\u043a\u0430 \u0424\u043e\u0440\u0442\u0443\u043d\u044b<\/strong>. \u041c\u043e\u0441\u043a\u0432\u0430: \u042e\u0440\u0438\u0434\u0438\u0447\u0435\u0441\u043a\u0430\u044f \u043b\u0438\u0442\u0435\u0440\u0430\u0442\u0443\u0440\u0430, 1975, 237 pp.<br>\u0410\u0445\u0442\u043e \u041b\u0435\u0432\u0438, <strong>\u0411\u0435\u0436\u0430\u0442\u044c \u043e\u0442 \u0442\u0435\u043d\u0438 \u0441\u0432\u043e\u0435\u0439<\/strong>. \u041c\u043e\u0441\u043a\u0432\u0430: \u0421\u043e\u0432\u0440\u0435\u043c\u0435\u043d\u043d\u0438\u043a, 1983, 174 pp. [2nd ed: 1994.]<br>\u0410\u0445\u0442\u043e \u041b\u0435\u0432\u0438, <strong>\u0422\u0430\u043a\u043e\u0439 \u0441\u043c\u0435\u0448\u043d\u043e\u0439 \u043a\u043e\u0440\u043e\u043b\u044c. \u041f\u043e\u0432\u0435\u0441\u0442\u044c \u043f\u0435\u0440\u0432\u0430\u044f, \u041a\u043e\u0440\u043e\u043b\u044c<\/strong>. \u041c\u043e\u0441\u043a\u0432\u0430 : \u041c\u043e\u0441\u043a\u043e\u0432\u0441\u043a\u0438\u0439 \u0440\u0430\u0431\u043e\u0447\u0438\u0439, 1989, 234 pp.<br>\u0410\u0445\u0442\u043e \u041b\u0435\u0432\u0438, <strong>T\u0430\u043a\u043e\u0439 \u0441\u043c\u0435\u0448\u043d\u043e\u0439 \u043a\u043e\u0440\u043e\u043b\u044c. \u041f\u043e\u0432\u0435\u0441\u0442\u044c \u0432\u0442\u043e\u0440\u0430\u044f, \u041e\u043a\u043a\u0443\u043f\u0430\u0446\u0438\u044f<\/strong>. \u041c\u043e\u0441\u043a\u0432\u0430: \u041c\u043e\u0441\u043a\u043e\u0432\u0441\u043a\u0438\u0439 \u0440\u0430\u0431\u043e\u0447\u0438\u0439, 1990, 286 pp.<br>\u0410\u0445\u0442\u043e \u041b\u0435\u0432\u0438, <strong>\u041f\u043e\u0441\u0440\u0435\u0434\u0438\u043d\u0435 \u043f\u0443\u0442\u0438<\/strong>. \u041c\u043e\u0441\u043a\u0432\u0430: \u0421\u043e\u0432\u0440\u0435\u043c\u0435\u043d\u043d\u0438\u043a, 1990, 237 pp. [2nd ed: 1994.]<br>\u0410\u0445\u0442\u043e \u041b\u0435\u0432\u0438, <strong>\u0422\u0430\u043a\u043e\u0439 \u0441\u043c\u0435\u0448\u043d\u043e\u0439 \u043a\u043e\u0440\u043e\u043b\u044c. \u041f\u043e\u0432\u0435\u0441\u0442\u044c \u0442\u0440\u0435\u0442\u044c\u044f, \u041a\u0430\u043f\u043a\u0430\u043d<\/strong>. \u041c\u043e\u0441\u043a\u0432\u0430: \u041c\u043e\u0441\u043a\u043e\u0432\u0441\u043a\u0438\u0439 \u0440\u0430\u0431\u043e\u0447\u0438\u0439, 1991, 251 pp.<br>\u0410\u0445\u0442\u043e \u041b\u0435\u0432\u0438, <strong>\u0417\u0430\u043f\u0438\u0441\u043a\u0438 \u0421\u0435\u0440\u043e\u0433\u043e \u0412\u043e\u043b\u043a\u0430: \u0440\u043e\u043c\u0430\u043d\u044b<\/strong>. \u041c\u043e\u0441\u043a\u0432\u0430: \u041a\u043e\u043d\u0441\u0442\u0430\u043d\u0442\u0430, 1994, 379 pp. [Contents: \u2018\u0417\u0430\u043f\u0438\u0441\u043a\u0438 \u0421\u0435\u0440\u043e\u0433\u043e \u0412\u043e\u043b\u043a\u0430\u2019, \u2018\u041c\u043e\u0440\u2019.]\n<\/p>\n<p>\n\t<br><strong><span style=\"font-size:16px\">Novels in Estonian<\/span><\/strong>\n<\/p>\n<p>\n\t<strong>Halli Hundi p\u00e4evik<\/strong>. Tallinn : Eesti Raamat, 1973. 192 lk. [2. tr\u00fckk: 2023]<br><strong>Valdemor: lugu varaste elust, verisest v\u00f5imuv\u00f5itlusest ja vargaseadusest<\/strong>. Tallinn: Olion, 1996. 255 lk.<\/p>\n","protected":false},"excerpt":{"rendered":"<p>Novels About Ahto Levi Ahto Levi (real name Levi Lippu, 18 June 1931 \u2013 20 January 2006) was a prose writer of Estonian origin who wrote in Russian. His autobiographical novel about life in the prison camp, Halli Hundi p\u00e4evik &#8230;<\/p>\n","protected":false},"author":43,"featured_media":0,"parent":631,"menu_order":0,"comment_status":"closed","ping_status":"closed","template":"","meta":{"_acf_changed":false,"inline_featured_image":false,"footnotes":""},"class_list":["post-1872","page","type-page","status-publish","hentry"],"acf":[],"_links":{"self":[{"href":"https:\/\/sisu.ut.ee\/ewod\/wp-json\/wp\/v2\/pages\/1872","targetHints":{"allow":["GET"]}}],"collection":[{"href":"https:\/\/sisu.ut.ee\/ewod\/wp-json\/wp\/v2\/pages"}],"about":[{"href":"https:\/\/sisu.ut.ee\/ewod\/wp-json\/wp\/v2\/types\/page"}],"author":[{"embeddable":true,"href":"https:\/\/sisu.ut.ee\/ewod\/wp-json\/wp\/v2\/users\/43"}],"replies":[{"embeddable":true,"href":"https:\/\/sisu.ut.ee\/ewod\/wp-json\/wp\/v2\/comments?post=1872"}],"version-history":[{"count":1,"href":"https:\/\/sisu.ut.ee\/ewod\/wp-json\/wp\/v2\/pages\/1872\/revisions"}],"predecessor-version":[{"id":3202,"href":"https:\/\/sisu.ut.ee\/ewod\/wp-json\/wp\/v2\/pages\/1872\/revisions\/3202"}],"up":[{"embeddable":true,"href":"https:\/\/sisu.ut.ee\/ewod\/wp-json\/wp\/v2\/pages\/631"}],"wp:attachment":[{"href":"https:\/\/sisu.ut.ee\/ewod\/wp-json\/wp\/v2\/media?parent=1872"}],"curies":[{"name":"wp","href":"https:\/\/api.w.org\/{rel}","templated":true}]}}