{"id":1865,"date":"2024-04-03T23:42:04","date_gmt":"2024-04-03T20:42:04","guid":{"rendered":"https:\/\/sisu.ut.ee\/ewod\/poems-et-264\/"},"modified":"2024-04-04T00:06:03","modified_gmt":"2024-04-03T21:06:03","slug":"poems","status":"publish","type":"page","link":"https:\/\/sisu.ut.ee\/ewod\/k\/kasemaa\/poems\/","title":{"rendered":"Andrus Kasemaa &#8211; poems"},"content":{"rendered":"<p><span style=\"font-size: medium\"><strong><span style=\"font-family: verdana, geneva\">In anthologies and magazines<\/span><\/strong><\/span><\/p>\n<p><strong><em><span style=\"font-family: verdana, geneva\">Finnish<\/span><\/em><\/strong><br><span style=\"font-family: verdana, geneva\"><strong><strong>8+8 II: Eesti ja Soome luulet = Suomalaista ja virolaista runoutta<\/strong><\/strong>. Edited by Eeva Park, Translated by Merja Aho, Varja Arola, K\u00e4tlin Kaldmaa et al. Tallinn: NyNorden, 2015, 206 pp. [Includes poems by Maarja Kangro, Andrus Kasemaa, Mathura, Liisi Ojamaa, Ly Seppel, Karl Martin Sinij\u00e4rv, Andra Teede, T\u00f5nu \u00d5nnepalu.]<\/span><\/p>\n","protected":false},"excerpt":{"rendered":"<p>In anthologies and magazines Finnish8+8 II: Eesti ja Soome luulet = Suomalaista ja virolaista runoutta. Edited by Eeva Park, Translated by Merja Aho, Varja Arola, K\u00e4tlin Kaldmaa et al. Tallinn: NyNorden, 2015, 206 pp. [Includes poems by Maarja Kangro, Andrus &#8230;<\/p>\n","protected":false},"author":43,"featured_media":0,"parent":1853,"menu_order":0,"comment_status":"closed","ping_status":"closed","template":"","meta":{"_acf_changed":false,"inline_featured_image":false,"footnotes":""},"class_list":["post-1865","page","type-page","status-publish","hentry"],"acf":[],"_links":{"self":[{"href":"https:\/\/sisu.ut.ee\/ewod\/wp-json\/wp\/v2\/pages\/1865","targetHints":{"allow":["GET"]}}],"collection":[{"href":"https:\/\/sisu.ut.ee\/ewod\/wp-json\/wp\/v2\/pages"}],"about":[{"href":"https:\/\/sisu.ut.ee\/ewod\/wp-json\/wp\/v2\/types\/page"}],"author":[{"embeddable":true,"href":"https:\/\/sisu.ut.ee\/ewod\/wp-json\/wp\/v2\/users\/43"}],"replies":[{"embeddable":true,"href":"https:\/\/sisu.ut.ee\/ewod\/wp-json\/wp\/v2\/comments?post=1865"}],"version-history":[{"count":1,"href":"https:\/\/sisu.ut.ee\/ewod\/wp-json\/wp\/v2\/pages\/1865\/revisions"}],"predecessor-version":[{"id":3212,"href":"https:\/\/sisu.ut.ee\/ewod\/wp-json\/wp\/v2\/pages\/1865\/revisions\/3212"}],"up":[{"embeddable":true,"href":"https:\/\/sisu.ut.ee\/ewod\/wp-json\/wp\/v2\/pages\/1853"}],"wp:attachment":[{"href":"https:\/\/sisu.ut.ee\/ewod\/wp-json\/wp\/v2\/media?parent=1865"}],"curies":[{"name":"wp","href":"https:\/\/api.w.org\/{rel}","templated":true}]}}