{"id":1861,"date":"2024-04-03T23:42:03","date_gmt":"2024-04-03T20:42:03","guid":{"rendered":"https:\/\/sisu.ut.ee\/ewod\/jankaus\/"},"modified":"2025-06-02T14:00:06","modified_gmt":"2025-06-02T11:00:06","slug":"jankaus","status":"publish","type":"page","link":"https:\/\/sisu.ut.ee\/ewod\/k\/jankaus\/","title":{"rendered":"Jan Kaus"},"content":{"rendered":"<h4 class=\"wp-block-heading\"><span style=\"font-family: verdana, geneva; font-size: medium;\"><strong><a href=\"https:\/\/sisu.ut.ee\/ewod\/k\/jankaus\/poems\">Poems<\/a> <\/strong><a href=\"https:\/\/sisu.ut.ee\/wp-content\/uploads\/sites\/108\/jan_kaus_alar_madisson.jpg\" target=\"_self\" rel=\"noopener\"><img decoding=\"async\" style=\"float: right; width: 200px; height: 249px;\" title=\"Photo: Alar Madisson\" src=\"https:\/\/sisu.ut.ee\/wp-content\/uploads\/sites\/108\/jan_kaus_alar_madisson.jpg\" alt=\"Jan Kaus\"><\/a><\/span><\/h4>\n\n\n\n<h4 class=\"wp-block-heading\"><span style=\"font-family: verdana, geneva; font-size: medium;\"><strong><a href=\"https:\/\/sisu.ut.ee\/ewod\/k\/jankaus\/novels\">Novels<\/a><\/strong><\/span><\/h4>\n\n\n\n<h4 class=\"wp-block-heading\"><span style=\"font-family: verdana, geneva; font-size: medium;\"><a href=\"\/ewod\/k\/jankaus\/prose\"><strong>Short stories<\/strong><\/a><\/span><\/h4>\n\n\n\n<h4 class=\"wp-block-heading\"><span style=\"font-family: verdana, geneva; font-size: medium;\"><a href=\"https:\/\/sisu.ut.ee\/ewod\/k\/jankaus\/essays\"><strong>Essays and articles<\/strong><\/a><\/span><\/h4>\n\n\n\n<h4 class=\"wp-block-heading\"><a href=\"https:\/\/sisu.ut.ee\/ewod\/k\/jankaus\/about\"><strong><span style=\"font-size: medium; font-family: verdana,geneva;\">About Jan Kaus<\/span><\/strong><\/a><\/h4>\n\n\n\n<p><br>\u00a0<\/p>\n\n\n\n<p><span style=\"color: #000000;\"><span style=\"font-size: 13px;\"><span style=\"font-family: Verdana,Geneva,sans-serif;\"><span style=\"font-weight: normal;\">Jan Kaus <\/span>(b. 22. I 1971) is a poet, prose writer, translator and essayist.<\/span><\/span><\/span><\/p>\n\n\n\n<p class=\"has-text-align-left\"><span style=\"color: #000000;\"><span style=\"font-size: 13px;\"><span style=\"font-family: Verdana,Geneva,sans-serif;\">He was born in Aegviidu, and studied in Tallinn: teacher training at the Tallinn Pedagogical University and philosophy at the Estonian Institute of the Humanities. His multiple talents have been connected to various fields and positions. Among other jobs he has worked as a lecturer, a copywriter, an editor on the newspaper <i><span style=\"font-style: italic;\">Sirp<\/span><\/i>, chairman of the Estonian Writers\u2019 Union from 2004 to 2007 (a member since 2003); he was one of the founders and organizers of the international Head Read literature festival. He has been active in Jan Helsing and several other bands, has taken part in art exhibitions, illustrated books, written libretti, translated, and performed as an actor. <\/span><\/span><\/span><\/p>\n\n\n\n<p class=\"has-text-align-left\"><span style=\"color: #000000;\"><span style=\"font-size: 13px;\"><span style=\"font-family: Verdana,Geneva,sans-serif;\">Initially he came into the cultural arena in the sphere of meta-literature: in the mid-nineties he published articles and essays about literature, philosophy, art, theatre, films and so on. He achieved wider recognition with fiction later on. As a versatile author he has published both poetry and prose; what is closest to him is the short form, in particular mini-prose (\u2018miniatuur\u2019 in Estonian). The stories in his debut prose collection, <i><span style=\"font-style: italic;\">\u00dcle ja \u00fcmber <\/span><\/i>(\u2018Over and Around\u2019, 2000) display a social sensitivity and a philosophical attitude that marks out Kaus\u2019 work as a whole. The time and space of the prose is mostly the present; Kaus treats the contemporary world sensitively, and people with their own feelings and natures. Kaus\u2019 work contains a post-modernist interplay, a blend of different genres and parodies of texts, games with language. It might be said that a considered use of words and empathy with his characters are typical of him; they tend to be solitary wanderers who have been set aside from success in the modern world. Although the focus of the action is mostly Estonia, there is something universal, with a wider application, in Kaus\u2019 works. In the texts, the city of Tallinn has a prominent place, such as in the novel <i><span style=\"font-style: italic;\">Hetk <\/span><\/i>(\u2018The Moment\u2019, 2009) is dedicated to the city; in the novel <i><span style=\"font-style: italic;\">Koju <\/span><\/i>(\u2018Homeward\u2019, 2012) Tallinn has a crucial role, and the city is mapped out in the collection of mini-prose <i><span style=\"font-style: italic;\">Tallinna kaart <\/span><\/i>(\u2018Map of Tallinn\u2019, 2014) as well as <i><span style=\"font-style: italic;\">Kompass <\/span><\/i>(\u2018Compass\u2019, 2017), which has been defined as a novel consisting of pieces of mini-prose. This last is at the same time an attempt to unite Kaus\u2019 favoured genres \u2013 the novel and the miniature.<\/span><\/span><\/span><\/p>\n\n\n\n<p class=\"has-text-align-left\"><span style=\"color: #000000;\"><span style=\"font-size: 13px;\"><span style=\"font-family: Verdana,Geneva,sans-serif;\">Kaus\u2019 work includes both psychological novels, such as <i><span style=\"font-style: italic;\">Tema <\/span><\/i>(\u2018She\u2019, 2006), and those that move on the painful paths of history, for instance the novel <i><span style=\"font-style: italic;\">Ma olen elus <\/span><\/i>(\u2018I\u2019m Alive\u2019, 2014), in whose fictional location, called Tarurootsi, one may see a generalised Estonia, a story over generations narrated in Kaus\u2019 recognisable and poetic style. <\/span><\/span><\/span><\/p>\n\n\n\n<p class=\"has-text-align-left\"><span style=\"color: #000000;\"><span style=\"font-size: 13px;\"><span style=\"font-family: Verdana,Geneva,sans-serif;\">A survey of the reviews, essays, meditations that have appeared in the press is provided, for instance, in <i><span style=\"font-style: italic;\">L\u00e4bi Minotaurse: artikleid aastatest 1998-2002 <\/span><\/i>(\u2018Through the Minotaur: Articles 1998-2002\u2019, 2003), <i><span style=\"font-style: italic;\">Elu ja kirjandus: teksti eesti kirjandusest 2004-2011 <\/span><\/i>(\u2018Life and Literature: texts about Estonian literature 2004-2011\u2019, 2012), <i><span style=\"font-style: italic;\">Kui mina ei ole mina <\/span><\/i>(\u2018When I am not I\u2019, 2018) and <strong>Kolm punkti<\/strong> (\u2018Three dots\u2019, 2022). <\/span><\/span><\/span><\/p>\n\n\n\n<p class=\"has-text-align-left\"><span style=\"color: #000000;\"><span style=\"font-size: 13px;\"><span style=\"font-family: Verdana,Geneva,sans-serif;\">Kaus has found distinction from several cultural publications: the journal <i><span style=\"font-style: italic;\">Looming<\/span><\/i>\u2019s annual prize for criticism in 2001 and for the play <i><span style=\"font-style: italic;\">P\u00fcstol <\/span><\/i>(\u2018Pistol\u2019) in 2004; he was laureate of the journal <i><span style=\"font-style: italic;\">Sirp <\/span><\/i>(2005, 2022); the annual award of the journal <i><span style=\"font-style: italic;\">Teater, Muusika, Kino <\/span><\/i>(2019); the Golden Award of the journal Akadeemia (2021). He won the E.W. Ponkala fund\u2019s prize (2003), the Eduard Vilde literature prize in 2007 for the novel <i><span style=\"font-style: italic;\">Tema <\/span><\/i>(2006); the University of Tallinn literature award for the novel <i><span style=\"font-style: italic;\">Mina olen elus <\/span><\/i>(2014) and the title of Author of the Year (2015), and in 2019 the Friedebert Tuglas short story prize for \u2018\u00d5nnelik l\u00f5pp\u2019 (\u2018Happy Ending\u2019), which appeared in the collection <i><span style=\"font-style: italic;\">Enne kui unisusest saab reegel <\/span><\/i>(\u2018Before Sleepiness Becomes the Rule\u2019, 2018). In addition he has won the prize of the President of the Republic of Estonia for a young cultural figure (2003), the Estonian Cultural Endowment scholarship \u2018Ela ja s\u00e4ra\u2019 (\u2018Live and Shine\u2019, 2007), the Literature Endowment annual award in 2015 for <i><span style=\"font-style: italic;\">Ma olen elus <\/span><\/i>and <i><span style=\"font-style: italic;\">Tallinna kaart <\/span><\/i>(2014), and he has been one of the recipients of a writer\u2019s salary from the Ministry of Culture.<\/span><\/span><\/span> In 2025 Kaus received the City of Tallinn Merit Badge.<\/p>\n\n\n\n<p class=\"has-text-align-left\"><span style=\"color: #000000;\"><span style=\"font-size: 13px;\"><span style=\"font-family: Verdana,Geneva,sans-serif;\"><i><span style=\"font-style: italic;\">A. K. (Translated by C. M.)<\/span><\/i><\/span><\/span><\/span><\/p>\n\n\n\n<p><br><span style=\"color: #000000;\"><span style=\"font-size: 16px;\"><span style=\"font-family: Verdana,Geneva,sans-serif;\"><span style=\"line-height: 150%;\"><b><span style=\"font-weight: bold;\">Books in Estonian<\/span><\/b><\/span><\/span><\/span><\/span><\/p>\n\n\n\n<p class=\"has-text-align-left\"><span style=\"color: #000000;\"><span style=\"font-size: 13px;\"><span style=\"font-family: Verdana,Geneva,sans-serif;\"><span style=\"line-height: 150%;\"><em><b><span style=\"font-weight: bold;\">Novels<\/span><\/b><\/em><br><strong>Maailm ja m\u00f5ni<\/strong>. Tallinn: \u00d5igem Valem, 2001, 142 lk.<br><strong>Tema<\/strong>. Tallinn: Tuum, 2006, 268 lk. [2. tr\u00fckk: 2007.]<br><strong>Hetk<\/strong>. Tallinn: Tuum, 2009, 208 lk.<br><strong>Koju<\/strong>. Tallinn: Tuum, 2012, 208 lk.<br><strong>Ma olen elus<\/strong>. Tallinn: Tuum, 2014, 280 lk.<br><strong>Kompass<\/strong>: miniatuurromaan. Tallinn: Hea Lugu, 2017, 110 lk.<\/span><\/span><\/span><\/span><br><strong>Imelik peegel. Muinaslugu f\u00fc\u00fcsikas<\/strong>. M\u00fctoopia Juhan Kunderi samanimelise muinasjutu laineil. Tallinn: S\u00f5nasilm, 2023, 228 lk<\/p>\n\n\n\n<p class=\"has-text-align-left\"><span style=\"color: #000000;\"><span style=\"font-size: 13px;\"><span style=\"font-family: Verdana,Geneva,sans-serif;\"><span style=\"line-height: 150%;\"><em><b><span style=\"font-weight: bold;\">Short prose<\/span><\/b><\/em><br><strong>\u00dcle ja \u00fcmber<\/strong>: jutud. Tallinn: Tuum, 2000, 146 lk.<br><strong>\u00d5ndsate tund<\/strong>: jutud. Tallinn: Tuum, 2003, 164 lk.<br><strong>Miniatuurid<\/strong>. P\u00e4rnu: Jumalikud Ilmutused, 2009, 76 lk.<br><strong>Kaart ja teekond<\/strong>. Saarde, P\u00e4rnu: Jumalikud Ilmutused, 2014, 67 lk.<br><strong>Tallinna kaart<\/strong>: miniatuurid. Loomingu Raamatukogu 20. Tallinn: Kultuurileht, 2014, 50 lk. [2. tr\u00fckk: 2021.]<br><strong>T\u00f5rv<\/strong>: jutustus. Tallinn: Tuum, 2015, 112 lk.<br><strong>L\u00e4heduste raamat<\/strong>. Tallinn: Verb, 2016, \u00a072 lk.<br><strong>Enne kui unisusest saab reegel<\/strong>. Tallinn: Post Factum, 2018, 287 lk.<\/span><\/span><\/span><\/span><\/p>\n\n\n\n<p class=\"has-text-align-left\"><span style=\"color: #000000;\"><span style=\"font-size: 13px;\"><span style=\"font-family: Verdana,Geneva,sans-serif;\"><span style=\"line-height: 150%;\"><em><b><span style=\"font-weight: bold;\">Poetry collections<\/span><\/b><\/em><br><strong>\u00d6\u00f6sel n\u00e4eb halvemini kui p\u00e4eval<\/strong>: m\u00f5ned m\u00f5tteterad 92-94. Eesti, 1994, 48 lk.<br><strong>Aeg on vaha<\/strong>. Tallinn: Verb, 2005, 78 lk.<br>Raido M\u00fcrk [= Jan Kaus, Indrek Koff],\u00a0<strong>Asja\u00f5igusest<\/strong>. Tallinn: Roheline Kuu, 2012, 143 lk<\/span><\/span><\/span><\/span><br><span style=\"color: #000000;\"><span style=\"font-size: 13px;\"><span style=\"font-family: Verdana,Geneva,sans-serif;\"><span style=\"line-height: 150%;\"><strong>Vasaraheitja<\/strong>. Saarde, P\u00e4rnu: Jumalikud Ilmutused, 2013, 92 lk.<\/span><span style=\"line-height: 150%;\"><\/span><\/span><\/span><\/span><\/p>\n\n\n\n<p class=\"has-text-align-left\"><span style=\"color: #000000;\"><span style=\"font-size: 13px;\"><span style=\"line-height: 150%;\"><span style=\"font-family: Verdana,Geneva,sans-serif;\"><em><b><span style=\"font-weight: bold;\">Miscellaneous<\/span><\/b><\/em><br><strong>L\u00e4bi Minotauruse<\/strong>: artikleid aastatest 1998-2002. Tallinn: Sirp, 2003, 191 lk.<br><strong>Elu ja kirjandus<\/strong>: tekste eesti kirjandusest 2004-2011. Saarde, P\u00e4rnu: Jumalikud Ilmutused, 2012, 187 lk.<br><strong>Uuem kirjandus<\/strong>. G\u00fcmnaasiumi\u00f5pik. Tallinn: Maurus, 2015, 192 lk<\/span><\/span><\/span><\/span><br><span style=\"color: #000000;\"><span style=\"font-size: 13px;\"><span style=\"line-height: 150%;\"><span style=\"font-family: Verdana,Geneva,sans-serif;\"><strong>20. sajandi kirjandus<\/strong>. G\u00fcmnaasiumi kirjandus\u00f5pik. Tallinn: Maurus, 2015, 175 lk<\/span><\/span><\/span><\/span><br><span style=\"color: #000000;\"><span style=\"font-size: 13px;\"><span style=\"line-height: 150%;\"><span style=\"font-family: Verdana,Geneva,sans-serif;\"><strong>Kui mina ei ole mina<\/strong>. Tallinn: Hea Lugu, 2018, 127 lk.<\/span><\/span><\/span><\/span><br><span style=\"color: #000000;\"><span style=\"font-size: 13px;\"><span style=\"line-height: 150%;\"><span style=\"font-family: Verdana,Geneva,sans-serif;\"><strong>Homme tuntud avarus. V\u00e4ikeste lausete konstellatsioon<\/strong>. Tallinn: Tallinna \u00dclikooli Kirjastus, 2020, 179 lk.<\/span><\/span><\/span><\/span><br><span style=\"color: #000000;\"><span style=\"font-size: 13px;\"><span style=\"line-height: 150%;\"><span style=\"font-family: Verdana,Geneva,sans-serif;\"><strong>Kolm punkti<\/strong>. Tartu: Vabam\u00f5tleja, 2022, 231 lkVaade. Tallinn: S\u00f5nasilm, 2022, 152 lk<\/span><span style=\"font-family: Verdana,Geneva,sans-serif;\"><\/span><\/span><\/span><\/span><\/p>\n\n\n\n<p>\u00a0<\/p>\n","protected":false},"excerpt":{"rendered":"<p>Poems Novels Short stories Essays and articles About Jan Kaus \u00a0 Jan Kaus (b. 22. I 1971) is a poet, prose writer, translator and essayist. He was born in Aegviidu, and studied in Tallinn: teacher training at the Tallinn Pedagogical &#8230;<\/p>\n","protected":false},"author":43,"featured_media":0,"parent":498,"menu_order":0,"comment_status":"closed","ping_status":"closed","template":"","meta":{"_acf_changed":false,"inline_featured_image":false,"footnotes":""},"class_list":["post-1861","page","type-page","status-publish","hentry"],"acf":[],"_links":{"self":[{"href":"https:\/\/sisu.ut.ee\/ewod\/wp-json\/wp\/v2\/pages\/1861","targetHints":{"allow":["GET"]}}],"collection":[{"href":"https:\/\/sisu.ut.ee\/ewod\/wp-json\/wp\/v2\/pages"}],"about":[{"href":"https:\/\/sisu.ut.ee\/ewod\/wp-json\/wp\/v2\/types\/page"}],"author":[{"embeddable":true,"href":"https:\/\/sisu.ut.ee\/ewod\/wp-json\/wp\/v2\/users\/43"}],"replies":[{"embeddable":true,"href":"https:\/\/sisu.ut.ee\/ewod\/wp-json\/wp\/v2\/comments?post=1861"}],"version-history":[{"count":3,"href":"https:\/\/sisu.ut.ee\/ewod\/wp-json\/wp\/v2\/pages\/1861\/revisions"}],"predecessor-version":[{"id":7329,"href":"https:\/\/sisu.ut.ee\/ewod\/wp-json\/wp\/v2\/pages\/1861\/revisions\/7329"}],"up":[{"embeddable":true,"href":"https:\/\/sisu.ut.ee\/ewod\/wp-json\/wp\/v2\/pages\/498"}],"wp:attachment":[{"href":"https:\/\/sisu.ut.ee\/ewod\/wp-json\/wp\/v2\/media?parent=1861"}],"curies":[{"name":"wp","href":"https:\/\/api.w.org\/{rel}","templated":true}]}}