{"id":1848,"date":"2024-04-03T23:42:02","date_gmt":"2024-04-03T20:42:02","guid":{"rendered":"https:\/\/sisu.ut.ee\/ewod\/poetry-et-8\/"},"modified":"2024-04-04T00:06:06","modified_gmt":"2024-04-03T21:06:06","slug":"poetry","status":"publish","type":"page","link":"https:\/\/sisu.ut.ee\/ewod\/h\/mehisheinsaar\/poetry\/","title":{"rendered":"Mehis Heinsaar &#8211; poetry"},"content":{"rendered":"<p><span style=\"font-family: verdana, geneva;font-size: medium\"><strong>In anthologies and magazines<\/strong><\/span><\/p>\n<p><span style=\"font-family: verdana, geneva\"><strong><em>English<\/em><\/strong><\/span><br><span style=\"font-family: verdana, geneva\"><a href=\"http:\/\/www.epifanio.eu\/nr6\/eng\/liveagain.html\"><strong>Live Again in Peace<\/strong><\/a>. Translated by Jayde Will. \u2013 Epifanio, no 6, 2007, p 21. \u00a0<span>[Translation by \u2018Rahus edasi elada\u2019.]<br><span style=\"font-family: verdana, geneva\"><strong>Doomed to life ; ABC of fear ; \u2018Quietly drinking\u2026\u2019; Near and far.\u00a0<\/strong>\u2013 <\/span>Five hours away: Nordic Poetry Festival, [young Estonians poetry experience: April 20], 2001, Tallinn = Viie tunni tee: P\u00f5hjamaade luulefestival, [Eesti noorte luulekogemus: 20. aprill] 2001, Tallinn. Translated by Tiina Laats, design: Andro K\u00fc\u00fcn. Tallinn: P\u00f5hjamaade Ministrite N\u00f5ukogu Tallinna Infob\u00fcroo, 2001, 60 pp. [<span style=\"font-family: verdana, geneva\">\u2018<span style=\"line-height: 1.6em\">Ellum\u00f5istetu\u2019, \u2018<\/span><span style=\"line-height: 1.6em\">Hirmu ABC\u2019, \u201dJoovad vaikides\u2026\u201d; \u2018L\u00e4hedal \u2013 kaugel\u2019<\/span><\/span>. The anthology includes poems by: Vahur Afanasjev, Kristiina Ehin, fs, Mehis Heinsaar, Aapo Ilves, Jan Kaus, Marko Kompus, Kalju Kruusa, Asko K\u00fcnnap, Fagira D. Morti, Veiko M\u00e4rka, Aare Pilv, Juku-Kalle Raid, J\u00fcrgen Rooste, Olavi Ruitlane, Karl Martin Sinij\u00e4rv, Lauri Sommer, Elo Viiding, Wimberg.]<br><\/span><\/span><\/p>\n<p><span style=\"font-family: verdana, geneva\"><span><strong><em>Romanian<\/em><\/strong><br><span><strong>Un c\u0103r\u0103bu\u015f s\u0103rut\u0103 luna: antologie de poezie estonian\u0103 contemporan\u0103<\/strong>. Selec\u0163ia poeziilor Jaan Malin \u015fi Triin Soomets; traducere \u015fi note de Riina Jesmin confruntare Peter Sragher; cu un studiu introductiv de Mart Velsker.\u00a0Bucuresti:\u00a0Tracus Arte, 2014. 282 pp. [Poems by\u00a0Andres Ehin, Ene Mihkelson, Viivi Luik, Mari Vallisoo, Doris Kareva, Jaan Malin, Hasso Krull, Triin Soomets, Karl Martin Sinij\u00e4rv, Asko K\u00fcnnap, fs, Jan Kaus, Mehis Heinsaar, Maarja Kangro, Aare Pilv, J\u00fcrgen Rooste.]<\/span><\/span><\/span><\/p>\n","protected":false},"excerpt":{"rendered":"<p>In anthologies and magazines EnglishLive Again in Peace. Translated by Jayde Will. \u2013 Epifanio, no 6, 2007, p 21. \u00a0[Translation by \u2018Rahus edasi elada\u2019.]Doomed to life ; ABC of fear ; \u2018Quietly drinking\u2026\u2019; Near and far.\u00a0\u2013 Five hours away: Nordic &#8230;<\/p>\n","protected":false},"author":43,"featured_media":0,"parent":1803,"menu_order":0,"comment_status":"closed","ping_status":"closed","template":"","meta":{"_acf_changed":false,"inline_featured_image":false,"footnotes":""},"class_list":["post-1848","page","type-page","status-publish","hentry"],"acf":[],"_links":{"self":[{"href":"https:\/\/sisu.ut.ee\/ewod\/wp-json\/wp\/v2\/pages\/1848","targetHints":{"allow":["GET"]}}],"collection":[{"href":"https:\/\/sisu.ut.ee\/ewod\/wp-json\/wp\/v2\/pages"}],"about":[{"href":"https:\/\/sisu.ut.ee\/ewod\/wp-json\/wp\/v2\/types\/page"}],"author":[{"embeddable":true,"href":"https:\/\/sisu.ut.ee\/ewod\/wp-json\/wp\/v2\/users\/43"}],"replies":[{"embeddable":true,"href":"https:\/\/sisu.ut.ee\/ewod\/wp-json\/wp\/v2\/comments?post=1848"}],"version-history":[{"count":1,"href":"https:\/\/sisu.ut.ee\/ewod\/wp-json\/wp\/v2\/pages\/1848\/revisions"}],"predecessor-version":[{"id":3232,"href":"https:\/\/sisu.ut.ee\/ewod\/wp-json\/wp\/v2\/pages\/1848\/revisions\/3232"}],"up":[{"embeddable":true,"href":"https:\/\/sisu.ut.ee\/ewod\/wp-json\/wp\/v2\/pages\/1803"}],"wp:attachment":[{"href":"https:\/\/sisu.ut.ee\/ewod\/wp-json\/wp\/v2\/media?parent=1848"}],"curies":[{"name":"wp","href":"https:\/\/api.w.org\/{rel}","templated":true}]}}