{"id":1837,"date":"2024-04-03T23:42:01","date_gmt":"2024-04-03T20:42:01","guid":{"rendered":"https:\/\/sisu.ut.ee\/ewod\/about-et-242\/"},"modified":"2024-04-04T00:06:08","modified_gmt":"2024-04-03T21:06:08","slug":"about","status":"publish","type":"page","link":"https:\/\/sisu.ut.ee\/ewod\/s\/soomets\/about\/","title":{"rendered":"Triin Soomets &#8211; about"},"content":{"rendered":"<div class=\"field field-name-body field-type-text-with-summary field-label-hidden view-mode-full\">\n<div class=\"field-items\">\n<div class=\"field-item even\">\n<p>\n\t\t\t\t<span style=\"font-family:Verdana,Geneva,sans-serif\"><strong><span style=\"font-size:16px\">Articles<\/span><\/strong><\/span><\/p>\n<p><strong><em>German<\/em><\/strong><br>Janika Kronberg, <strong>Wahrheit als pl\u00f6tzliches Verstummen<\/strong>. \u2013 Estonia, no 2, 2001, pp 28-31.\n\t\t\t<\/p>\n<p>\n\t\t\t\t<br><span style=\"font-family: verdana, geneva;font-size: medium\"><strong>Reviews<\/strong><\/span>\n\t\t\t<\/p>\n<p>\n\t\t\t\t<span style=\"font-family: verdana, geneva;font-size: small\"><strong><em>English<\/em><\/strong><br><strong>Book reviews<\/strong>\u00a0by Erik Aru, Oliver Berg, Peeter Helme and Maarja Helena Meriste. \u2013 Estonian Literary Magazine, no 46, 2018, p 60-61<\/span><br><span style=\"font-family: verdana, geneva;font-size: small\">Janika Kronberg, <a href=\"http:\/\/elm.estinst.ee\/issue\/13\/short-outlines-books-estonian-authors\/\" style=\"font-family: verdana, geneva\"><strong>Short Outlines of Books by Estonian Authors<\/strong><\/a>. \u2013 Estonian Literary Magazine, no 13, 2001. [About the poetry collection \u2018Kaardipakk\u2019 (\u2018A Pack of Cards\u2019) by\u00a0Asko K\u00fcnnap, J\u00fcrgen Rooste, Karl Martin Sinij\u00e4rv, Triin Soomets and Elo Viiding.]<br>Aare Pilv, Berk Vaher, <a href=\"http:\/\/elm.estinst.ee\/issue\/20\/short-outlines-books-estonian-authors\/\" style=\"font-family: verdana, geneva\"><strong>Short Outlines of Books by Estonian Authors<\/strong><\/a>. \u2013 Estonian Literary Magazine, no 20, 2005. [About the poetry collection \u2018Toormaterjal\u2019 (\u2018Raw material\u2019).]<\/span>\n\t\t\t<\/p>\n<p>\n\t\t\t\t<span style=\"font-family: verdana, geneva;font-size: medium\"><strong style=\"font-family: verdana, geneva\">Interviews<\/strong><\/span>\n\t\t\t<\/p>\n<p>\n\t\t\t\t<span style=\"font-family: verdana, geneva\"><strong><em>Hungarian<\/em><\/strong><br>Cs\u00fcll\u00f6g Edina, <strong>M\u00e1sfajta cs\u00f6ndek \u2013 a k\u00e9rd\u00e9sek fesz\u00fclts\u00e9ge<\/strong>.\u00a0Pluralica, no 1-2, 2009 pp 344-353. [See\u00a0<a href=\"https:\/\/sisu.ut.ee\/ewod\/anthologies\/pluralica\"><strong>contents<\/strong><\/a>\u00a0of the special issue of contemporary Estonian literature.]<\/span><br>\u00a0\n\t\t\t<\/p>\n<\/div>\n<\/div>\n<\/div>\n","protected":false},"excerpt":{"rendered":"<p>Articles GermanJanika Kronberg, Wahrheit als pl\u00f6tzliches Verstummen. \u2013 Estonia, no 2, 2001, pp 28-31. Reviews EnglishBook reviews\u00a0by Erik Aru, Oliver Berg, Peeter Helme and Maarja Helena Meriste. \u2013 Estonian Literary Magazine, no 46, 2018, p 60-61Janika Kronberg, Short Outlines of &#8230;<\/p>\n","protected":false},"author":43,"featured_media":0,"parent":1825,"menu_order":0,"comment_status":"closed","ping_status":"closed","template":"","meta":{"_acf_changed":false,"inline_featured_image":false,"footnotes":""},"class_list":["post-1837","page","type-page","status-publish","hentry"],"acf":[],"_links":{"self":[{"href":"https:\/\/sisu.ut.ee\/ewod\/wp-json\/wp\/v2\/pages\/1837","targetHints":{"allow":["GET"]}}],"collection":[{"href":"https:\/\/sisu.ut.ee\/ewod\/wp-json\/wp\/v2\/pages"}],"about":[{"href":"https:\/\/sisu.ut.ee\/ewod\/wp-json\/wp\/v2\/types\/page"}],"author":[{"embeddable":true,"href":"https:\/\/sisu.ut.ee\/ewod\/wp-json\/wp\/v2\/users\/43"}],"replies":[{"embeddable":true,"href":"https:\/\/sisu.ut.ee\/ewod\/wp-json\/wp\/v2\/comments?post=1837"}],"version-history":[{"count":1,"href":"https:\/\/sisu.ut.ee\/ewod\/wp-json\/wp\/v2\/pages\/1837\/revisions"}],"predecessor-version":[{"id":3243,"href":"https:\/\/sisu.ut.ee\/ewod\/wp-json\/wp\/v2\/pages\/1837\/revisions\/3243"}],"up":[{"embeddable":true,"href":"https:\/\/sisu.ut.ee\/ewod\/wp-json\/wp\/v2\/pages\/1825"}],"wp:attachment":[{"href":"https:\/\/sisu.ut.ee\/ewod\/wp-json\/wp\/v2\/media?parent=1837"}],"curies":[{"name":"wp","href":"https:\/\/api.w.org\/{rel}","templated":true}]}}