{"id":1814,"date":"2024-04-03T23:41:59","date_gmt":"2024-04-03T20:41:59","guid":{"rendered":"https:\/\/sisu.ut.ee\/ewod\/about-et-239\/"},"modified":"2024-04-04T00:06:10","modified_gmt":"2024-04-03T21:06:10","slug":"about","status":"publish","type":"page","link":"https:\/\/sisu.ut.ee\/ewod\/m\/mihkelson\/about\/","title":{"rendered":"Ene Mihkelson &#8211; about"},"content":{"rendered":"<div class=\"field field-name-body field-type-text-with-summary field-label-hidden view-mode-full\">\n<div class=\"field-items\">\n<div class=\"field-item even\">\n<div>\n<div>\n<div>\n<p>\n\t\t\t\t\t\t\t<span style=\"font-family:Verdana,Geneva,sans-serif\"><strong><span style=\"font-size:16px\">Books<\/span><\/strong><\/span>\n\t\t\t\t\t\t<\/p>\n<p>\n\t\t\t\t\t\t\t<span style=\"font-family:Verdana,Geneva,sans-serif\"><span style=\"font-size:13px\"><strong><em>German<\/em><\/strong><br>Aija Sakova-Merivee, <strong>Ausgraben und Erinnern. Denkbilder des Erinnerns und der moralischen Zeugenschaft im Werk von Ene Mihkelson und Christa Wolf<\/strong>. Tartu: University of Tartu Press, 2014, 171 pp. [2nd ed: 2016.]<\/span><\/span><br>\u00a0\n\t\t\t\t\t\t<\/p>\n<p>\n\t\t\t\t\t\t\t<span style=\"font-family:Verdana,Geneva,sans-serif\"><span style=\"font-size: medium\"><strong>Articles<\/strong><\/span><\/span>\n\t\t\t\t\t\t<\/p>\n<p>\n\t\t\t\t\t\t\t<span style=\"font-family:Verdana,Geneva,sans-serif\"><em><span style=\"font-size: small\"><strong>English<\/strong><\/span><\/em><br><span style=\"font-size: small\">Maire Jaanus, <strong>The \u201cBlack Sounds\u201d of Ene Mihkelson\u2019s Katkuhaud (\u2018Plague Grave\u2019) and W. G. Sebald\u2019s Austerlitz. Part I. Foundations<\/strong>. \u2013 Interlitteraria, vol 21, no 2, 2016, pp 347-364.<br>Sirje Olesk, <strong>Two ways to write about Estonian history. Ene Mihkelson and Sofi Oksanen<\/strong>. Estonian Literary Magazine, no 32, 2011.<br>Eneken Laanes,\u00a0<strong>Unresolved Dialogues: Subjectivity and Memory in Post-Soviet Estonian Novel<\/strong>. Summary in English. \u2013\u00a0Lepitamatud dialoogid: subjekt ja m\u00e4lu n\u00f5ukogudej\u00e4rgses eesti romaanis. Tallinn: Underi ja Tuglase Kirjanduskeskus, 2009, pp 316-323. [Summary of the monograph discussing three Estonian novels: \u2018Ahasueruse uni\u2019 by Ene Mihkelson, \u2018Piiririik\u2019 (\u2018Border State\u2019) by Emil Tode and \u2018Paigallend\u2019 by Jaan Kross.]<br>M\u00e4rt V\u00e4ljataga,\u00a0<strong><a href=\"http:\/\/www.eurozine.com\/articles\/2007-06-30-valjataga-en.html\">Waiting for the Great Estonian Novel<\/a><\/strong>. \u2013 Eurozine, Jun 30, 2007.<br>Tiina Kirss, <strong>Interstitial Histories: Ene Mihkelson\u2019s Labor of Naming<\/strong>.<\/span><span style=\"font-size: small\">\u00a0\u2013\u00a0Baltic Postcolonialism. Edited by Violeta Kelertas. Series:\u00a0On the Boundary of Two Worlds: Identity, Freedom, and Moral Imagination in the Baltics, no 6.\u00a0Amsterdam; New York: Rodopi, 2006, pp 387-407. [About \u2018Nime vaev\u2019.]<br>Eva Rein,\u00a0<strong>A Comparative Study of Joy Kogawa\u2019s \u201cObasan\u201d and Ene Mihkelson\u2019s \u201cAhasveeruse uni\u201d in the Light of Trauma Theory<\/strong>. \u2013 Interlitteraria, vol 10, 2005, pp 217-229.<br>Tiina Kirss,\u00a0<strong>On Weighing the Past: Vergangenheitsbew\u00e4ltung and the Prose of Ene Mihkelson and Christa Wolf<\/strong>. \u2013 Interlitteraria, vol 10, 2005, pp 196-216.<br>J\u00fcri Talvet,\u00a0<a href=\"http:\/\/www.google.ee\/url?sa=t&amp;rct=j&amp;q=&amp;esrc=s&amp;source=web&amp;cd=1&amp;cad=rja&amp;uact=8&amp;ved=0CCEQFjAA&amp;url=http%3A%2F%2Fwww.ceeol.com%2Faspx%2Fgetdocument.aspx%3Flogid%3D5%26id%3D6f2b3f5426b64556957e365c8f12f6c7&amp;ei=e6j8VK29JNPVatmXgQg&amp;usg=AFQjCNHMwizqWV3p3eYacqC2V0kR4JsIsQ&amp;sig2=O0U_DPbWRdA-fJSvYaKcSw\"><strong>Transgressing the Borders of the \u2018Self\u2019 in Postmodern Poetry (with\u00a0Observations about Estonian Poetry)<\/strong><\/a>. \u2013 Interlitteraria, no 6, 2001, pp 159-178.<br>Tiina\u00a0Kirss, <strong>Falling into history: Postcolonialism and Fin-de-Si\u00e8cle in\u00a0Ene Mihkelson\u2019s \u2018Nime vaev\u2019<\/strong>. \u2013\u00a0Interlitteraria, no 5, 2000, pp 131\u2013151.<br>Janika\u00a0Kronberg, <a href=\"http:\/\/elm.estinst.ee\/issue\/10\/ene-mihkelson-naming-things-world\/\"><strong>Ene Mihkelson. Naming the things of the world<\/strong><\/a>. \u2013\u00a0Estonian Literary Magazine, no 10, 2000.\u00a0<\/span><\/span>\n\t\t\t\t\t\t<\/p>\n<p>\n\t\t\t\t\t\t\t<span style=\"font-family:Verdana,Geneva,sans-serif\"><span style=\"font-size: small\"><strong><em>German<\/em><\/strong><br>Aija Sakova-Merivee, <strong>Die Finsternis der Vergangenheit in Ene Mihkelsons Roman Katkuhaud (Pestgrab, 2007)<\/strong>. \u2013 Interlitteraria, vol 18, no 2, pp 517-533.<br>Beate Biehl, <strong>Zeit und Raum in Ene Mihkelsons <em>Deemonite demokraatia<\/em><\/strong>. \u2013\u00a0Acta Baltica, vol 34. K\u00f6nigstein: K\u00f6nigstein im Taunus, 1996, pp\u00a0273\u2013278.<br>Gisbert J\u00e4nicke, <strong>Schreiben ist ein Abenteuer in der Sprache<\/strong>. \u2013 Estonia, no 2, 1995, pp 36-39.<br><strong>\u201cDemokratie der D\u00e4monen\u201d. Zeitgen\u00f6ssische Lyrik aus Estland und Litauen. Ene Mihkelson aus Tartu und Kestutis Navakas aus Kaunas<\/strong>. \u2013 KursNordNordOst. Das Baltikum. 16. September \u2013 2. Oktober. Hammoniale \u201993. Festival der Frauen. Hamburg, 1993, p 39.<\/span><\/span><br>\u00a0\n\t\t\t\t\t\t<\/p>\n<p>\n\t\t\t\t\t\t\t<span style=\"font-family:Verdana,Geneva,sans-serif\"><span style=\"font-size: medium\"><strong>Reviews<\/strong><\/span><\/span>\n\t\t\t\t\t\t<\/p>\n<p>\n\t\t\t\t\t\t\t<span style=\"font-family:Verdana,Geneva,sans-serif\"><strong><em>English<\/em><\/strong><\/span><br>Arne Merilai, <strong>Chapter XVII. Ene Mihkelson. Katkuhaud<\/strong>. \u2013 Arne Merilai, Estonian pragmapoetics, from poetry and fiction to philosophy and genetics. Newcastle-upon-Tyne: Cambridge Scholars Publishing, 2023, pp 248-249. [See <strong><a href=\"https:\/\/sisu.ut.ee\/ewod\/generaltreatments\/estonianpragmapoetics\" title=\"\">contents<\/a><\/strong> of the monograph.]<br>Arne Merilai, <strong>Chapter XVIII. Ene Mihkelson. Torn<\/strong>. \u2013 Arne Merilai, Estonian pragmapoetics, from poetry and fiction to philosophy and genetics. Newcastle-upon-Tyne: Cambridge Scholars Publishing, 2023, pp 250-251.<span style=\"font-family:Verdana,Geneva,sans-serif\"> <\/span>[See <strong><a href=\"https:\/\/sisu.ut.ee\/ewod\/generaltreatments\/estonianpragmapoetics\" title=\"\">contents<\/a><\/strong> of the monograph.]<br><span style=\"font-family:Verdana,Geneva,sans-serif\">M\u00e4rt V\u00e4ljataga, <a href=\"http:\/\/www.estlit.ee\/centre\/uploads\/catalogues\/12_Estonian_Books_2013.pdf\" target=\"_blank\" rel=\"noopener\"><strong>Plague Grave \/ Katkuhaud<\/strong><\/a>. \u2013\u00a012 Estonian Books to Translate. Tallinn:\u00a0Estonian Literature Centre, 2013, p 14.\u00a0[About the novel \u2018Katkuhaud\u2019 (\u2018Plague Grave\u2019).]<br>Arne Meriai,\u00a0<strong><cite>Torn<\/cite>\u00a0by Ene Mihkelson, Mari Kaljuste<\/strong>. \u2013 World Literature Today, vol 85, no 4, 2011, pp 74-75.<br>Rutt\u00a0Hinrikus, Janika\u00a0Kronberg,\u00a0<a href=\"http:\/\/elm.estinst.ee\/issue\/26\/short-outlines-books-estonian-authors\/\"><strong>Short Outlines of Books by Estonian Authors<\/strong><\/a>. \u2013\u00a0Estonian Literary Magazine, no 26, 2008. [About the novel \u2018Katkuhaud\u2019 (\u2018Plague Grave\u2019).]<br>Arne Merilai,<strong>\u00a0<cite>Katkuhaud<\/cite>\u00a0by Ene Mihkelson<\/strong>. \u2013 World Literature Today, vol 82, no 4, 2008, p 67.<br>Aare Pilv, Berk Vaher, <a href=\"http:\/\/elm.estinst.ee\/issue\/20\/short-outlines-books-estonian-authors\/\"><strong>Short Outlines of Books by Estonian Authors<\/strong><\/a>. \u2013 Estonian Literary Magazine, no 20, 2005. [About the poetry collection \u2018Uroboros\u2019.]<br>Rutt\u00a0Hinrikus, Janika\u00a0Kronberg,\u00a0<a href=\"http:\/\/elm.estinst.ee\/issue\/14\/short-outlines-books-estonian-authors-debora-vaara\/\"><strong>Short Outlines of Books by Estonian Authors<\/strong><\/a>. \u2013\u00a0Estonian Literary Magazine, no 14, 2002, pp 42-54. [About the novel \u2018Ahasveeruse uni\u2019 (\u2018The Sleep of Ahasuerus\u2019).]<br>Kronberg, Janika. <strong>[Ene Mihkelson,\u00a0\u2018Kaalud ei k\u00f5nele. Valitud luuletusi 1967-1997\u2019]<\/strong>. \u2013\u00a0World Literature Today, vol 76, no 3\/4, 2002, pp\u00a0104\u2013105.<br>J\u00fcri\u00a0Talvet, <strong>[Ene Mihkelson, \u2018Ahasveeruse uni\u2019]<\/strong>. \u2013\u00a0World Literature Today, vol\u00a076, no 2,\u00a02002, pp 168\u2013169.<br>Janika Kronberg,\u00a0<a href=\"http:\/\/elm.estinst.ee\/issue\/13\/short-outlines-books-estonian-authors\/\"><strong>Short Outlines of Books by Estonian Authors<\/strong><\/a>. \u2013 Estonian Literary Magazine, no 13, 2001. [About the poetry collection \u2018Kaalud ei k\u00f5nele. Valitud luuletusi 1967-1997\u2019 (\u2018The Scales Do Not Speak. Selected Poems from 1967-1977\u2019).]<br>Rutt\u00a0Hinrikus, Janika\u00a0Kronberg,\u00a0<strong>Short Outlines of Books by Estonian Authors<\/strong>. \u2013\u00a0Estonian Literary Magazine, no 6, 1998, pp 16-19. [About the poetry collection \u2018Pidevus neelab \u00fcht nuga\u2019 (\u2018Continuity Is Swallowing a Knife\u2019).]<br>Rutt\u00a0Hinrikus, Janika\u00a0Kronberg,\u00a0<strong>Short Outlines of Books by Estonian Authors<\/strong>. \u2013\u00a0Estonian Literary Magazine, no 4, 1997, p 14. [About short story collection \u2018Surma s\u00fcnnip\u00e4ev\u2019 (\u2018Death\u2019s Birthday\u2019).]<br>Rutt\u00a0Hinrikus, Janika\u00a0Kronberg,\u00a0<strong>Short Outlines of Books by Estonian Authors<\/strong>. \u2013\u00a0Estonian Literary Magazine, no 3, 1996, p 15. [About the novel \u2018Nime vaev\u2019 (\u2018The Torment of a Name\u2019).]<br>Rutt\u00a0Hinrikus, Janika\u00a0Kronberg,\u00a0<strong>Short Outlines of Books by Estonian Authors<\/strong>. \u2013\u00a0Estonian Literary Magazine, no 2, 1996, p 15. [About the poetry collection \u2018V\u00f5imalus \u00f5unast loobuda\u2019 (\u2018A Chance to Refuse the Apple\u2019).]<br>Ilse Lehiste,\u00a0<strong><cite>Elujoonis<\/cite>\u00a0by Ene Mihkelson<\/strong>. \u2013 World Literature Today, vol 65, no 1, 1991, p 152.<br>Juta K\u00f5vamees Kitching,\u00a0<strong><cite>Tulek on su saatus<\/cite>\u00a0by Ene Mihkelson, Naima Neidre<\/strong>. \u2013 Word Literature Today, vol 63, no 1, 1989, p 136.<br>Ilse Lehiste,\u00a0<strong><cite>Igiliikuja<\/cite>\u00a0by Ene Mihkelson<\/strong>. \u2013 World Literature Today, vol 60, no 4, 1986, p 659.<br>George Kurman,\u00a0<strong><cite>Matsi p\u014dhi<\/cite>\u00a0by Ene Mihkelson<\/strong>. \u2013 World Literature Today, vol 59, no 1, 1985, p 130.<\/span>\n\t\t\t\t\t\t<\/p>\n<p>\n\t\t\t\t\t\t\t<span style=\"font-family:Verdana,Geneva,sans-serif\"><em><strong>German<\/strong><\/em><br>Marianne\u00a0Vogel, <strong>Eine neue Lyrikanthologie<\/strong>. \u2013\u00a0Estonia, no 2, 2000, pp 60\u201363.\u00a0[About the anthology \u2018Die Freiheit der Kartoffelkeime:\u00a0Poesie aus Estland\u2019.]<\/span>\n\t\t\t\t\t\t<\/p>\n<\/div>\n<\/div>\n<\/div>\n<\/div>\n<\/div>\n<\/div>\n","protected":false},"excerpt":{"rendered":"<p>Books GermanAija Sakova-Merivee, Ausgraben und Erinnern. Denkbilder des Erinnerns und der moralischen Zeugenschaft im Werk von Ene Mihkelson und Christa Wolf. Tartu: University of Tartu Press, 2014, 171 pp. [2nd ed: 2016.]\u00a0 Articles EnglishMaire Jaanus, The \u201cBlack Sounds\u201d of Ene &#8230;<\/p>\n","protected":false},"author":43,"featured_media":0,"parent":486,"menu_order":0,"comment_status":"closed","ping_status":"closed","template":"","meta":{"_acf_changed":false,"inline_featured_image":false,"footnotes":""},"class_list":["post-1814","page","type-page","status-publish","hentry"],"acf":[],"_links":{"self":[{"href":"https:\/\/sisu.ut.ee\/ewod\/wp-json\/wp\/v2\/pages\/1814","targetHints":{"allow":["GET"]}}],"collection":[{"href":"https:\/\/sisu.ut.ee\/ewod\/wp-json\/wp\/v2\/pages"}],"about":[{"href":"https:\/\/sisu.ut.ee\/ewod\/wp-json\/wp\/v2\/types\/page"}],"author":[{"embeddable":true,"href":"https:\/\/sisu.ut.ee\/ewod\/wp-json\/wp\/v2\/users\/43"}],"replies":[{"embeddable":true,"href":"https:\/\/sisu.ut.ee\/ewod\/wp-json\/wp\/v2\/comments?post=1814"}],"version-history":[{"count":1,"href":"https:\/\/sisu.ut.ee\/ewod\/wp-json\/wp\/v2\/pages\/1814\/revisions"}],"predecessor-version":[{"id":3257,"href":"https:\/\/sisu.ut.ee\/ewod\/wp-json\/wp\/v2\/pages\/1814\/revisions\/3257"}],"up":[{"embeddable":true,"href":"https:\/\/sisu.ut.ee\/ewod\/wp-json\/wp\/v2\/pages\/486"}],"wp:attachment":[{"href":"https:\/\/sisu.ut.ee\/ewod\/wp-json\/wp\/v2\/media?parent=1814"}],"curies":[{"name":"wp","href":"https:\/\/api.w.org\/{rel}","templated":true}]}}