{"id":1813,"date":"2024-04-03T23:41:58","date_gmt":"2024-04-03T20:41:58","guid":{"rendered":"https:\/\/sisu.ut.ee\/ewod\/about-et-238\/"},"modified":"2024-04-04T00:06:13","modified_gmt":"2024-04-03T21:06:13","slug":"about","status":"publish","type":"page","link":"https:\/\/sisu.ut.ee\/ewod\/h\/mehisheinsaar\/about\/","title":{"rendered":"Mehis Heinsaar &#8211; about"},"content":{"rendered":"<p><span style=\"font-family: verdana, geneva\"><strong><span style=\"font-size: medium\">Dissertations<\/span><\/strong><\/span><\/p>\n<p><span style=\"font-family: verdana, geneva\"><strong><em>French<\/em><\/strong><br>Martin Carayol,\u00a0<strong><a href=\"http:\/\/www.theses.fr\/2013INAL0015\/abes\">La formation du canon de la nouvelle en Finlande et en Estonie<\/a><\/strong>. Paris: Institut National des Langues et Civilisations Orientales, 2013.<\/span><\/p>\n<p><span style=\"font-family: verdana, geneva;font-size: medium\"><strong>Articles<\/strong><\/span><\/p>\n<p><span style=\"font-family: verdana, geneva\"><em><strong>English<br><\/strong><\/em>Janek Kraavi, <strong><a href=\"http:\/\/elm.estinst.ee\/issue\/15\/seond-wave-young-estonian-prose-writers-turn-mille\/\">Second wave. Young Estonian prose writers at the turn of the millennium<\/a><\/strong>. \u2013 Estonian Literary Magazine, no 15, 2002. [About Mehis Heinsaar, Urmas Vadi, Berk Vaher, Jan Kaus, Mihkel Samar\u00fc\u00fctel, Matt Barker.]<\/span><br><span style=\"font-family: verdana, geneva\">Anneli Mihkelev, <a href=\"http:\/\/www.fwls.org\/wp-content\/uploads\/downloads\/2013\/01\/FWLS%EF%BC%882012%EF%BC%89-Vol.4-No.3.pdf#page=30\"><strong>The Grotesque and Estonian Literature<\/strong><\/a>. \u2013 Forum for World Literature Studies, vol 4, no 3, 2012, pp 370-388.<\/span><br><span style=\"font-family: verdana, geneva\">Anneli Mihkelev, <strong><a href=\"https:\/\/www.etis.ee\/ShowFile.aspx?FileVID=58605\">The Grotesque and Memory in Contemporary Estonian Culture<\/a><\/strong>. \u2013 Laurynas Katkus (ed), Grotesque Revisited: Grotesque and Satyre in the Post\/Modern Literature of Central and Eastern Europe. Newcastle (UK): Cambridge Scholars Publishing, 2013, pp 174-184. [With a focus on Ilmar Laaban, Andrus Kivir\u00e4hk, Ervin \u00d5unapuu and Mehis Heinsaar.]<\/span><\/p>\n<p><span style=\"font-family: verdana, geneva\"><strong><\/strong><\/span><\/p>\n<p><span style=\"font-family: verdana, geneva;font-size: medium\"><strong>Reviews<\/strong><\/span><\/p>\n<p><span style=\"font-family: verdana, geneva\"><em><strong>English<\/strong><br><\/em>Janika Kronberg, <a href=\"http:\/\/elm.estinst.ee\/issue\/13\/short-outlines-books-estonian-authors\/\"><strong>Short Outlines of Books by Estonian Authors<\/strong><\/a>. \u2013 Estonian Literary Magazine, no 13, 2001. [About the short story collection \u2018Vanameeste n\u00e4ppaja\u2019 (\u2018Snatcher of Old Men\u2019).]<\/span><br><span style=\"font-family: verdana, geneva\">Rutt Hinrikus, <a href=\"http:\/\/elm.estinst.ee\/issue\/15\/short-outlines-books-estonian-authors\/\"><strong>Short Outlines of Books by Estonian Authors<\/strong><\/a>. \u2013 Estonian Literary Magazine, no 15, 2002. [About the story collection \u2018H\u00e4rra Pauli kroonikad\u2019 (\u2018The Chronicles of Mr. Paul\u2019).]<\/span><br><span style=\"font-family: verdana, geneva\">Janika Kronberg, <strong>Snatcher of Old Men<\/strong>. \u2013 Review of Contemporary Fiction, vol 23, no 2, 2003, pp 130-131. [About the short story collection \u2018Vanameeste n\u00e4ppaja\u2019 (\u2018Snatcher of Old Men\u2019).]<\/span><br><span style=\"font-family: verdana, geneva\">Paul Binding, <strong><a href=\"http:\/\/www.the-tls.co.uk\/tls\/reviews\/other_categories\/article833680.ece\">Do you think I\u2019d let you go?<\/a><\/strong>. \u2013 Times Literary Supplement, Dec 2, 2011. [About the the prose anthology \u2018The Dedalus Book of Estonian Literature\u2019 containing the short story \u2018Aspendal the Rainmaker\u2019.]<\/span><\/p>\n<p><span style=\"font-family: verdana, geneva\"><strong><em>Hungarian<\/em><\/strong><br>Gaborj\u00e1k \u00c1d\u00e1m, <strong>A cs\u00f6nd erej\u00e9nek megnyilv\u00e1nul\u00e1sai<\/strong>. Pluralica, no 1-2, 2009, pp 404-406.\u00a0[About the short story collection \u2018H\u00e4rra Pauli kroonikad\u2019.\u00a0See\u00a0<a href=\"https:\/\/sisu.ut.ee\/ewod\/anthologies\/pluralica\"><strong>contents<\/strong><\/a>\u00a0of the special issue of contemporary Estonian literature.]<br>Epp Ollino, <strong>K\u00e1v\u00e9scs\u00e9sze a vil\u00e1g\u0171rben<\/strong>. Pluralica, no 1-2, 2009, pp 399-401. [About the short story collection \u2018R\u00e4ndaja \u00f5nn\u2019.\u00a0See\u00a0<a href=\"https:\/\/sisu.ut.ee\/ewod\/anthologies\/pluralica\"><strong>contents<\/strong><\/a>\u00a0of the special issue of contemporary Estonian literature.]<br><\/span><\/p>\n<p><strong><em><span style=\"font-family: verdana, geneva\">Russian<\/span><\/em><\/strong><br><span style=\"font-family: verdana, geneva\">\u042e\u043b\u0438\u044f \u041f\u043e\u0434\u043b\u0443\u0431\u043d\u043e\u0432\u0430, <a href=\"https:\/\/www.oblaka.ee\/journal-new-clouds\/3-4-2013\/%D1%8E%D0%BB%D0%B8%D1%8F-%D0%BF%D0%BE%D0%B4%D0%BB%D1%83%D0%B1%D0%BD%D0%BE%D0%B2%D0%B0-%D0%B2%D0%B5%D0%BB%D0%B8%D0%BA%D0%B0%D1%8F-%D0%B2%D1%81%D0%B5%D0%BC%D0%BE%D0%B3%D1%83%D1%89%D0%B0%D1%8F-%D0%BD\/\" target=\"_blank\" rel=\"noopener\"><strong>\u0412\u0435\u043b\u0438\u043a\u0430\u044f, \u0432\u0441\u0435\u043c\u043e\u0433\u0443\u0449\u0430\u044f, \u043d\u0435\u043f\u0440\u0435\u0434\u0441\u043a\u0430\u0437\u0443\u0435\u043c\u0430\u044f, \u0430\u0431\u0441\u0443\u0440\u0434\u043d\u0430\u044f. \u0420\u0435\u0446. \u043d\u0430 \u043a\u043d\u0438\u0433\u0443: \u041c\u0435\u0445\u0438\u0441 \u0425\u0435\u0439\u043d\u0441\u0430\u0430\u0440 \u00ab\u0412\u043e\u043b\u0448\u0435\u0431\u043d\u044b\u0439 \u0438 \u0433\u0440\u043e\u0437\u043d\u044b\u0439 \u043c\u0438\u0440 \u043f\u0440\u0438\u0440\u043e\u0434\u044b\u00bb<\/strong><\/a>. \u2013 \u041d\u043e\u0432\u044b\u0435 o\u0431\u043b\u0430\u043a\u0430, no 3-4 (65-66), 2013.<\/span><\/p>\n<p><span style=\"font-family: verdana, geneva;font-size: medium\"><strong>Interviews<\/strong><\/span><\/p>\n<p><span style=\"font-family: verdana, geneva\"><strong><em>English<br><\/em><\/strong><\/span><span style=\"font-family: verdana, geneva\">Piret P\u00f5ldver, <strong>A Tightrope-walker inspired by the abyss.<\/strong> \u2013 Estonian Literary Magazine, no 46, 2018, p 33-38<\/span><br><span style=\"font-family: verdana, geneva\">Mehis Heinsaar, Sven Vabar, <a href=\"http:\/\/elm.estinst.ee\/issue\/15\/long-distance-runner-heinsaar-and-his-ninety-nine-\/\"><strong>The long-distance runner Heinsaar and his ninety nine madmen<\/strong><\/a>. \u2013 Estonian Literary Magazine, no 15, 2002.\u00a0<\/span><\/p>\n<p><span style=\"font-family: verdana, geneva\"><strong><em>French<\/em><\/strong><br><strong>Mehis Heinsaar par G.- O. Cha\u0302teaureynaud<\/strong>. \u2013 Br\u00e8ves, no 103, 2014.<br><\/span><\/p>\n","protected":false},"excerpt":{"rendered":"<p>Dissertations FrenchMartin Carayol,\u00a0La formation du canon de la nouvelle en Finlande et en Estonie. Paris: Institut National des Langues et Civilisations Orientales, 2013. Articles EnglishJanek Kraavi, Second wave. Young Estonian prose writers at the turn of the millennium. \u2013 Estonian &#8230;<\/p>\n","protected":false},"author":43,"featured_media":0,"parent":1803,"menu_order":0,"comment_status":"closed","ping_status":"closed","template":"","meta":{"_acf_changed":false,"inline_featured_image":false,"footnotes":""},"class_list":["post-1813","page","type-page","status-publish","hentry"],"acf":[],"_links":{"self":[{"href":"https:\/\/sisu.ut.ee\/ewod\/wp-json\/wp\/v2\/pages\/1813","targetHints":{"allow":["GET"]}}],"collection":[{"href":"https:\/\/sisu.ut.ee\/ewod\/wp-json\/wp\/v2\/pages"}],"about":[{"href":"https:\/\/sisu.ut.ee\/ewod\/wp-json\/wp\/v2\/types\/page"}],"author":[{"embeddable":true,"href":"https:\/\/sisu.ut.ee\/ewod\/wp-json\/wp\/v2\/users\/43"}],"replies":[{"embeddable":true,"href":"https:\/\/sisu.ut.ee\/ewod\/wp-json\/wp\/v2\/comments?post=1813"}],"version-history":[{"count":1,"href":"https:\/\/sisu.ut.ee\/ewod\/wp-json\/wp\/v2\/pages\/1813\/revisions"}],"predecessor-version":[{"id":3273,"href":"https:\/\/sisu.ut.ee\/ewod\/wp-json\/wp\/v2\/pages\/1813\/revisions\/3273"}],"up":[{"embeddable":true,"href":"https:\/\/sisu.ut.ee\/ewod\/wp-json\/wp\/v2\/pages\/1803"}],"wp:attachment":[{"href":"https:\/\/sisu.ut.ee\/ewod\/wp-json\/wp\/v2\/media?parent=1813"}],"curies":[{"name":"wp","href":"https:\/\/api.w.org\/{rel}","templated":true}]}}