{"id":1805,"date":"2024-04-03T23:41:58","date_gmt":"2024-04-03T20:41:58","guid":{"rendered":"https:\/\/sisu.ut.ee\/ewod\/kaalep\/"},"modified":"2024-04-04T00:06:12","modified_gmt":"2024-04-03T21:06:12","slug":"kaalep","status":"publish","type":"page","link":"https:\/\/sisu.ut.ee\/ewod\/k\/kaalep\/","title":{"rendered":"Ain Kaalep"},"content":{"rendered":"<p>\n\t<a href=\"https:\/\/sisu.ut.ee\/ewod\/k\/kaalep\/poems\"><strong><span style=\"font-size: medium;font-family: verdana, geneva\">Poems<\/span><\/strong><\/a><a href=\"\/wp-content\/uploads\/sites\/108\/kaalep_ei_tea.jpg\"><span style=\"font-size: medium;font-family: verdana, geneva\"><img loading=\"lazy\" decoding=\"async\" alt=\"Ain Kaalep\" src=\"\/wp-content\/uploads\/sites\/108\/kaalep_2.jpg\" style=\"float: right\" width=\"200\" height=\"268\"><\/span><\/a>\n<\/p>\n<p>\n\t<a href=\"https:\/\/sisu.ut.ee\/ewod\/k\/kaalep\/nonfiction\"><strong><span style=\"font-size: medium;font-family: verdana, geneva\">Non-fiction<\/span><\/strong><\/a>\n<\/p>\n<p>\n\t<a href=\"https:\/\/sisu.ut.ee\/ewod\/k\/kaalep\/about\"><strong><span style=\"font-size: medium;font-family: verdana, geneva\">About Ain Kaalep<\/span><\/strong><\/a>\n<\/p>\n<p><span style=\"font-size: medium;font-family: verdana, geneva\"><span style=\"font-size: small\">Ain Kaalep (4. VI 1926 \u2013 9. VI 2020) was an Estonian poet, playwright, critic, and translator, whose work strongly supports an awareness of language and form and a dialogue with world culture and literature. Whether applying a quantitative verse system or using canonical forms from different cultures, he expanded the possibilities of Estonian poetics through both his original works and translation activities. Contexts of world cultural heritage, history, and fine arts have strongly shaped the themes and motifs in Kaalep\u2019s poetry, which also, along with its spirituality, does not want for humor or playfulness.<\/span><\/span><br><span style=\"font-size: medium;font-family: verdana, geneva\"><span style=\"font-size: small\">\u00a0<\/span><br><span style=\"font-size: small\">Kaalep, with Jaan Kross and Ellen Niit, is associated with moving Estonian poetry away from the canon of Socialist realism at the end of the 1950s and throughout the 1960s. His poem <em>L\u00f5ikuskuu sonaat<\/em> (\u2018An August Sonata\u2019) published in the journal <em>Looming<\/em> in 1960 gave rise to disputes about the use of free verse and whether it was suitable for Soviet poetry.<\/span><br><span style=\"font-size: small\">\u00a0<\/span><br><span style=\"font-size: small\">Kaalep was born in Tartu, the son of a forestry scientist. He attended Hugo Treffner Gymnasium and entered the University of Tartu in 1943 to study Finno-Ugric languages. His studies were disrupted by the war, but he finally completed them in 1956. From 1943\u20131944, he was a volunteer in the Finnish Army\u2019s infantry regiment 200, and from 1945\u20131946, he was imprisoned by the KGB. He worked in different occupations until he completed his studies, but in 1956, he became a professional writer. From 1960\u20131980, Kaalep worked at Elva High School and Tartu State University; he created the university\u2019s center of translation studies that concentrated on translation of poetry and was its chairman from 1979\u20131982. From 1989\u20132001, he was editor-in-chief of <em>Akadeemia<\/em>, an interdisciplinary journal of culture and science. In 2002, Kaalep taught as a Professor of Liberal Arts at the University of Tartu. He has been a member of the Congress of Estonia and the Constitutional Assembly. Additionally, he has won several awards, such as the University of Tartu Award for Contribution to Estonian National Identity (2008) and the Ferdinand Johann Wiedemann Language Prize (2010). He has been selected as an honorary citizen of Elva (1998) and Tartu (2014). In 1996, he was awarded the Order of the National Coat of Arms, III Class.<\/span><br><span style=\"font-size: small\">\u00a0<\/span><br><span style=\"font-size: small\">Kaalep\u2019s first poetry appeared in 1944 in the publication <em>Kodutee<\/em> (\u2018The Home Road\u2019), written by the Estonian soldiers in Finland or \u201cFinnish boys\u201d. His first poetry collections, <em>Samarkandi vihik<\/em> (\u2018Notebook of Samarkand\u2019) and <em>Aomaastikud<\/em> (\u2018Dawn Landscapes\u2019), were published in 1962. In 1999, he published the V\u00f5ru-dialect collection <em>Haukamaa laulu\u2019<\/em> (\u2018Songs of Haukamaa\u2019). His poem <em>\u00d5nne piir<\/em> (\u2018The Border of Happiness\u2019) was awarded the Juhan Liiv Poetry Prize in 1984.<\/span><br><span style=\"font-size: small\">\u00a0<\/span><br><span style=\"font-size: small\">In 2008, he published the poetry collection <em>Muusad ja maastikud. Luuletusi aastaist 1945\u20132008<\/em> (\u2018Muses and Landscapes. Poems from the Years 1945\u20132008\u2019). As a translator, Kaalep has successfully and prolifically mediated older and newer classics of world literature into Estonian, including the antiquities (Sophocles, Euripides, Plautus, Horace, and others) as well as works by French (Charles Baudelaire, Jacques Pr\u00e9vert, and others), Spanish (Lope de Vega, Federico Garc\u00eda Lorca, Vicente Aleixandre, C\u00e9sar Vallejo, Octavio Paz, and others), Portuguese (Fernando Pessoa), Catalan (Salvador Espriu), German (Johann Wolfgang von Goethe, Friedrich Schiller, Heinrich Heine) and other language authors. A selection of Kaalep\u2019s translated poems was published in two-volume collection <em>Peegelmaastikud<\/em> (\u2018Mirror Landscapes\u2019, 1976, 1980). Kaalep has also written plays: <em>Iidamast ja Aadamast ehk Antimantikulaator<\/em> (\u2018Of Idam and of Adam or Antimanticulator\u2019, 1967, published in the journal <em>Mana<\/em> in 1969), <em>M\u00e4e veri (Totomauna)<\/em> (\u2018Blood of the Mountain (Totomauna)\u2019, 1970, published in <em>Looming<\/em> in 2006), and <em>Minu silmad ja sinu silmad<\/em> (\u2018My Eyes and Your Eyes\u2019, 1965). As a literary critic and essayist, Kaalep has published numerous articles in several publications. A significant part of these writings has been consolidated into the collection <em>Kolm Lydiat<\/em> (\u2018Three Lydias\u2019, 1997).<\/span><\/span><\/p>\n<p><em><span style=\"font-size: small\">M. U. (Translated by M. M.)<\/span><\/em><\/p>\n<p><strong><span style=\"font-size: medium;font-family: verdana, geneva\">Books in Estonian<\/span><\/strong>\n<\/p>\n<p>\n\t<span style=\"font-size: small;font-family: verdana, geneva\"><strong><em>Poems<\/em><\/strong><br><strong>Aomaastikud<\/strong>. Tallinn: Eesti Riiklik Kirjastus, 1962, 112 lk.<br><strong>Samarkandi vihik<\/strong>. Tallinn: Ajalehtede-Ajakirjade Kirjastus, 1962, 64 lk.<br><strong>J\u00e4rvemaastikud<\/strong>. Tallinn: Eesti Raamat, 1968, 99 lk.<br><strong>Klaasmaastikud<\/strong>. Tallinn: Eesti Raamat, 1971, 124 lk.<br><strong>Paani surm ja teisi luuletusi<\/strong>. Tallinn: Eesti Raamat, 1976, 90 lk.<br><strong>Kuldne Aphrodite ja teisi luuletusi<\/strong>. Tallinn: Eesti Raamat, 1986, 91 lk.<br><strong>Haukamaa laulu\u2019<\/strong>. V\u00f5ru: V\u00f5ro Instituut, 1999, 48 lk.<br><strong>Muusad ja maastikud: Luuletusi aastaist 1945\u20132008<\/strong>. Tallinn: T\u00e4nap\u00e4ev, 2008, 589 lk.<br><strong>Maiseid maastikke<\/strong>. Tartu: Eesti Kirjanduse Selts, 2013. [Audioraamat sarjast \u2018Kirjanike h\u00e4\u00e4led\u2019.]<br>\u00a0<br><strong><em>Short Prose<\/em> <\/strong><br><strong>Jumalatosin<\/strong>. Tallinn: Kultuurileht (Loomingu Raamatukogu), 2008, 65 lk.<br>\u00a0<br><strong><em>Non-fiction<\/em><\/strong><br><strong>Maavallast ja maailmakirjandusest: Vestlusi. Vaatlusi. Arvustusi. K\u00e4sitlusi<\/strong>. Tallinn: Eesti raamat, 1984, 327 lk.<br><strong>Kolm Lydiat<\/strong>. Tartu: Ilmamaa, 1997, 598 lk.<br><strong>Kodu k\u00f5ikjal kaasas: mitme aastak\u00fcmne kirjutisi<\/strong>. Tallinn: T\u00e4nap\u00e4ev, 2013, 247 lk.<\/span><\/p>\n","protected":false},"excerpt":{"rendered":"<p>Poems Non-fiction About Ain Kaalep Ain Kaalep (4. VI 1926 \u2013 9. VI 2020) was an Estonian poet, playwright, critic, and translator, whose work strongly supports an awareness of language and form and a dialogue with world culture and literature. &#8230;<\/p>\n","protected":false},"author":43,"featured_media":0,"parent":498,"menu_order":0,"comment_status":"closed","ping_status":"closed","template":"","meta":{"_acf_changed":false,"inline_featured_image":false,"footnotes":""},"class_list":["post-1805","page","type-page","status-publish","hentry"],"acf":[],"_links":{"self":[{"href":"https:\/\/sisu.ut.ee\/ewod\/wp-json\/wp\/v2\/pages\/1805","targetHints":{"allow":["GET"]}}],"collection":[{"href":"https:\/\/sisu.ut.ee\/ewod\/wp-json\/wp\/v2\/pages"}],"about":[{"href":"https:\/\/sisu.ut.ee\/ewod\/wp-json\/wp\/v2\/types\/page"}],"author":[{"embeddable":true,"href":"https:\/\/sisu.ut.ee\/ewod\/wp-json\/wp\/v2\/users\/43"}],"replies":[{"embeddable":true,"href":"https:\/\/sisu.ut.ee\/ewod\/wp-json\/wp\/v2\/comments?post=1805"}],"version-history":[{"count":1,"href":"https:\/\/sisu.ut.ee\/ewod\/wp-json\/wp\/v2\/pages\/1805\/revisions"}],"predecessor-version":[{"id":3265,"href":"https:\/\/sisu.ut.ee\/ewod\/wp-json\/wp\/v2\/pages\/1805\/revisions\/3265"}],"up":[{"embeddable":true,"href":"https:\/\/sisu.ut.ee\/ewod\/wp-json\/wp\/v2\/pages\/498"}],"wp:attachment":[{"href":"https:\/\/sisu.ut.ee\/ewod\/wp-json\/wp\/v2\/media?parent=1805"}],"curies":[{"name":"wp","href":"https:\/\/api.w.org\/{rel}","templated":true}]}}