{"id":1789,"date":"2024-04-03T23:41:56","date_gmt":"2024-04-03T20:41:56","guid":{"rendered":"https:\/\/sisu.ut.ee\/ewod\/poems-et-254\/"},"modified":"2024-04-04T00:06:16","modified_gmt":"2024-04-03T21:06:16","slug":"poems","status":"publish","type":"page","link":"https:\/\/sisu.ut.ee\/ewod\/p\/puu\/poems\/","title":{"rendered":"Aarne Puu &#8211; poems"},"content":{"rendered":"<p><span style=\"font-family: verdana, geneva;font-size: medium\"><strong>Books<\/strong><\/span><\/p>\n<p><span style=\"font-family: verdana, geneva\"><strong><em>Hungarian<\/em><br>Paberist maailm = Pap\u00edrvil\u00e1g<\/strong>. [T\u00f5lkijad Csire M\u00e1rta, Pusztay J\u00e1nos; sarja toimetaja Pusztay J\u00e1nos; graafika: Masszi Ferenc]. Szombathely: [Berzsenyi D\u00e1niel Tan\u00e1rk\u00e9pz\u00f6 F\u00f6iskola], 2003. 47, 47, [12] pp. [Parallel text in Hungarian and Estonian.]<\/span><\/p>\n<p><span style=\"font-family: verdana, geneva\"><strong style=\"line-height: 1.6em\"><\/strong><\/span><\/p>\n<p><span style=\"font-family: verdana, geneva;font-size: medium\"><strong style=\"line-height: 1.6em\">In anthologies and magazines<\/strong><\/span><\/p>\n<p><span style=\"font-family: verdana, geneva\"><strong><em>Hungarian<\/em><\/strong><\/span><br><span style=\"font-family: verdana, geneva\"><strong><strong>Harangok halk kondul\u00e1sa = Kellade hellus: huszadik sz\u00e1zadi \u00e9szt l\u00edra. II<\/strong><\/strong>. V\u00e1logatta, szerkesztette, az el\u0151- \u00e9s ut\u00f3sz\u00f3t \u00edrta, valamint az \u00e9letrajzi jegyzeteket k\u00e9sz\u00edtette Bereczki G\u00e1born\u00e9 Mai Kiisk.\u00a0Szombathely: [Berzsenyi Daniel Tanarkepz\u00f6 F\u00f6iskola], 2000, 303 pp. [Text in Hungarian and Estonian. Poems by\u00a0Poems by\u00a0Ellen Niit,\u00a0Jaan Kross,\u00a0Ivar Ivask,\u00a0Vladimir Beekman,\u00a0Ilona Laaman,\u00a0Arvo Valton,\u00a0Hando Runnel,\u00a0Annus R\u00e4v\u00e4l\u00e4,\u00a0Andres Ehin,\u00a0Jaan Kaplinski,\u00a0Paul-Eerik Rummo,\u00a0Ene Mihkelson,\u00a0Viivi Luik,\u00a0Aarne Puu,\u00a0Juhan Viiding \/ J\u00fcri \u00dcdi,\u00a0Indrek Hirv,\u00a0Doris Kareva,\u00a0T\u00f5nu \u00d5nnepalu \/ Emil Tode,\u00a0Hasso Krull,\u00a0Karl Martin Sinij\u00e4rv.]<\/span><\/p>\n<p><span style=\"font-family: verdana, geneva\"><strong><em>Polish<\/em><\/strong><br><strong><strong><strong>Kr\u0119gi pami\u0119ci: wiersze i przek\u0142ady<\/strong><\/strong><\/strong>.\u00a0T\u0142umaczenie\u00a0Aarne Puu.\u00a0Krak\u00f3w: Towarzystwa S\u0142owak\u00f3w w Polsce, 2007. 162 pp. [Poems by\u00a0Artur Alliksaar, fs, Johnny B. Isotamm, Mihkel Kaevats, Jaan Kaplinski, Doris Kareva, Kalev Kesk\u00fcla, Hasso Krull, Toomas Liiv, Viivi Luik, Aarne Puu, Paul-Eerik Rummo, Juhan Viiding.]<strong><br>Chleb powszedni. Poezja Estonii, Litwy i \u0141otwy<\/strong>. Materia\u0142 repertuarowy Og\u00f3lnopolskiego Konkursu Recytatorskiego \u2018Poezja i proza na wsch\u00f3d od Bugu\u2019. Wybra\u0142 Florian Nieuwa\u017cny. Warszawa: Stowarzyszenie Wsp\u00f3\u0142pracy Polska-Wsch\u00f3d, 1997, 122 pp. [Includes poems by Betti Alver, Jan Kaplinski, Jaan Kross, Toomas Liiv, Aarne Puu, Paul-Eerik Rummo, Joel Sang, Mats Traat, Arvo Valton, Enn Vetemaa.]<br><\/span><\/p>\n","protected":false},"excerpt":{"rendered":"<p>Books HungarianPaberist maailm = Pap\u00edrvil\u00e1g. [T\u00f5lkijad Csire M\u00e1rta, Pusztay J\u00e1nos; sarja toimetaja Pusztay J\u00e1nos; graafika: Masszi Ferenc]. Szombathely: [Berzsenyi D\u00e1niel Tan\u00e1rk\u00e9pz\u00f6 F\u00f6iskola], 2003. 47, 47, [12] pp. [Parallel text in Hungarian and Estonian.] In anthologies and magazines HungarianHarangok halk kondul\u00e1sa &#8230;<\/p>\n","protected":false},"author":43,"featured_media":0,"parent":1781,"menu_order":0,"comment_status":"closed","ping_status":"closed","template":"","meta":{"_acf_changed":false,"inline_featured_image":false,"footnotes":""},"class_list":["post-1789","page","type-page","status-publish","hentry"],"acf":[],"_links":{"self":[{"href":"https:\/\/sisu.ut.ee\/ewod\/wp-json\/wp\/v2\/pages\/1789","targetHints":{"allow":["GET"]}}],"collection":[{"href":"https:\/\/sisu.ut.ee\/ewod\/wp-json\/wp\/v2\/pages"}],"about":[{"href":"https:\/\/sisu.ut.ee\/ewod\/wp-json\/wp\/v2\/types\/page"}],"author":[{"embeddable":true,"href":"https:\/\/sisu.ut.ee\/ewod\/wp-json\/wp\/v2\/users\/43"}],"replies":[{"embeddable":true,"href":"https:\/\/sisu.ut.ee\/ewod\/wp-json\/wp\/v2\/comments?post=1789"}],"version-history":[{"count":1,"href":"https:\/\/sisu.ut.ee\/ewod\/wp-json\/wp\/v2\/pages\/1789\/revisions"}],"predecessor-version":[{"id":3289,"href":"https:\/\/sisu.ut.ee\/ewod\/wp-json\/wp\/v2\/pages\/1789\/revisions\/3289"}],"up":[{"embeddable":true,"href":"https:\/\/sisu.ut.ee\/ewod\/wp-json\/wp\/v2\/pages\/1781"}],"wp:attachment":[{"href":"https:\/\/sisu.ut.ee\/ewod\/wp-json\/wp\/v2\/media?parent=1789"}],"curies":[{"name":"wp","href":"https:\/\/api.w.org\/{rel}","templated":true}]}}

<p><span style="font-family: verdana, geneva;font-size: medium"><strong>Books</strong></span></p>
<p><span style="font-family: verdana, geneva"><strong><em>Hungarian</em><br>Paberist maailm = Papírvilág</strong>. [Tõlkijad Csire Márta, Pusztay János; sarja toimetaja Pusztay János; graafika: Masszi Ferenc]. Szombathely: [Berzsenyi Dániel Tanárképzö Föiskola], 2003. 47, 47, [12] pp. [Parallel text in Hungarian and Estonian.]</span></p>
<p><span style="font-family: verdana, geneva"><strong style="line-height: 1.6em"></strong></span></p>
<p><span style="font-family: verdana, geneva;font-size: medium"><strong style="line-height: 1.6em">In anthologies and magazines</strong></span></p>
<p><span style="font-family: verdana, geneva"><strong><em>Hungarian</em></strong></span><br><span style="font-family: verdana, geneva"><strong><strong>Harangok halk kondulása = Kellade hellus: huszadik századi észt líra. II</strong></strong>. Válogatta, szerkesztette, az elő- és utószót írta, valamint az életrajzi jegyzeteket készítette Bereczki Gáborné Mai Kiisk. Szombathely: [Berzsenyi Daniel Tanarkepzö Föiskola], 2000, 303 pp. [Text in Hungarian and Estonian. Poems by Poems by Ellen Niit, Jaan Kross, Ivar Ivask, Vladimir Beekman, Ilona Laaman, Arvo Valton, Hando Runnel, Annus Rävälä, Andres Ehin, Jaan Kaplinski, Paul-Eerik Rummo, Ene Mihkelson, Viivi Luik, Aarne Puu, Juhan Viiding / Jüri Üdi, Indrek Hirv, Doris Kareva, Tõnu Õnnepalu / Emil Tode, Hasso Krull, Karl Martin Sinijärv.]</span></p>
<p><span style="font-family: verdana, geneva"><strong><em>Polish</em></strong><br><strong><strong><strong>Kręgi pamięci: wiersze i przekłady</strong></strong></strong>. Tłumaczenie Aarne Puu. Kraków: Towarzystwa Słowaków w Polsce, 2007. 162 pp. [Poems by Artur Alliksaar, fs, Johnny B. Isotamm, Mihkel Kaevats, Jaan Kaplinski, Doris Kareva, Kalev Kesküla, Hasso Krull, Toomas Liiv, Viivi Luik, Aarne Puu, Paul-Eerik Rummo, Juhan Viiding.]<strong><br>Chleb powszedni. Poezja Estonii, Litwy i Łotwy</strong>. Materiał repertuarowy Ogólnopolskiego Konkursu Recytatorskiego ‘Poezja i proza na wschód od Bugu’. Wybrał Florian Nieuważny. Warszawa: Stowarzyszenie Współpracy Polska-Wschód, 1997, 122 pp. [Includes poems by Betti Alver, Jan Kaplinski, Jaan Kross, Toomas Liiv, Aarne Puu, Paul-Eerik Rummo, Joel Sang, Mats Traat, Arvo Valton, Enn Vetemaa.]<br></span></p>

<p>Books HungarianPaberist maailm = Papírvilág. [Tõlkijad Csire Márta, Pusztay János; sarja toimetaja Pusztay János; graafika: Masszi Ferenc]. Szombathely: [Berzsenyi Dániel Tanárképzö Föiskola], 2003. 47, 47, [12] pp. [Parallel text in Hungarian and Estonian.] In anthologies and magazines HungarianHarangok halk kondulása &#8230;</p>
