{"id":1787,"date":"2024-04-03T23:41:56","date_gmt":"2024-04-03T20:41:56","guid":{"rendered":"https:\/\/sisu.ut.ee\/ewod\/about-et-232\/"},"modified":"2024-04-04T00:06:15","modified_gmt":"2024-04-03T21:06:15","slug":"about","status":"publish","type":"page","link":"https:\/\/sisu.ut.ee\/ewod\/k\/krull\/about\/","title":{"rendered":"Hasso Krull &#8211; about"},"content":{"rendered":"<div class=\"field field-name-body field-type-text-with-summary field-label-hidden view-mode-full\">\n<div class=\"field-items\">\n<div class=\"field-item even\">\n<p>\n\t\t\t\t<span style=\"font-family: verdana, geneva;font-size: medium\"><strong>Articles<\/strong><\/span>\n\t\t\t<\/p>\n<p>\n\t\t\t\t<span style=\"font-family: verdana, geneva\"><strong><em>English<\/em><\/strong><br>T\u00f5nu \u00d5nnepalu,\u00a0<a href=\"http:\/\/elm.estinst.ee\/issue\/25\/hasso-krull-anarchist-winter-poet\/\"><strong>Hasso Krull, an anarchist winter poet<\/strong><\/a>. \u2013\u00a0Estonian Literary Magazine, no 25, 2007.<\/span>\n\t\t\t<\/p>\n<p>\n\t\t\t\t<span style=\"font-family: verdana, geneva\"><strong><em>German<\/em><\/strong><br>M\u00e4rt V\u00e4ljataga, <strong>Hasso Krull: Poststrukturalismus, Paragrammatismus und Programmfreiheit<\/strong>. \u2013 Estonia, no 2, 2001, pp 46-49.<\/span><br>\u00a0\n\t\t\t<\/p>\n<p>\n\t\t\t\t<span style=\"font-family: verdana, geneva;font-size: medium\"><strong>Reviews<\/strong><\/span>\n\t\t\t<\/p>\n<p>\n\t\t\t\t<span style=\"font-family: verdana, geneva\"><strong><em>English<\/em><\/strong><br><strong>Book reviews<\/strong>\u00a0by Erik Aru, Oliver Berg, Peeter Helme and Maarja Helena Meriste. \u2013 Estonian Literary Magazine, no 46, 2018, p 56-57<\/span><br><span style=\"font-family: verdana, geneva\">Janika Kronberg, <a href=\"http:\/\/elm.estinst.ee\/issue\/13\/short-outlines-books-estonian-authors\/\" style=\"font-family: verdana, geneva\"><strong>Short Outlines of Books by Estonian Authors<\/strong><\/a>. \u2013 Estonian Literary Magazine, no 13, 2001. [About the poetry collection \u2018Kornukoopia. Sada luuletust\u2019 (\u2018Cornucopia. A Hundred Poems\u2019).]<br>Aare Pilv, Berk Vaher, <a href=\"http:\/\/elm.estinst.ee\/issue\/20\/short-outlines-books-estonian-authors\/\" style=\"font-family: verdana, geneva\"><strong>Short Outlines of Books by Estonian Authors<\/strong><\/a>. \u2013 Estonian Literary Magazine, no 20, 2005. [About the epic \u2018Meeter ja Demeeter. Eepos\u2019 (\u2018Metre and Demeter. An Epic\u2019).]<br>J\u00fcri Talvet,\u00a0<strong style=\"font-family: verdana, geneva\"><cite>Katkestuse kultuur<\/cite><\/strong><strong>\u00a0by Hasso Krull<\/strong>. \u2013 World Literature Today, vol 72, no 1, 1998, p 171.<br>J\u00fcri Talvet,\u00a0<strong style=\"font-family: verdana, geneva\">The challenge of three books of essays<\/strong>. \u2013\u00a0Estonian Literary Magazine, no 5, 1997. [About the essay collections: Jaan Kaplinski, \u2018See ja teine\u2019 (\u2018This and That\u2019), 1996; Linnar Priim\u00e4gi, \u2018Kommentaarium\u2019, 1997; Hasso Krull, \u2018Katkestuse kultuur\u2019, 1996.]<\/span>\n\t\t\t<\/p>\n<p>\n\t\t\t\t<span style=\"font-family: verdana, geneva\"><strong><em>Hungarian<\/em><\/strong><br>M\u00e4rt V\u00e4ljataga, <strong>A m\u00e9rt\u00e9k \u00e9s az istenn\u0151<\/strong>. Pluralica, no 1-2, 2009, pp 384-386. [About \u2018Meeter ja Demeeter\u2019.\u00a0See\u00a0<a href=\"https:\/\/sisu.ut.ee\/ewod\/anthologies\/pluralica\"><strong>contents<\/strong><\/a>\u00a0of the special issue of contemporary Estonian literature.]<\/span><br>\u00a0\n\t\t\t<\/p>\n<\/div>\n<\/div>\n<\/div>\n","protected":false},"excerpt":{"rendered":"<p>Articles EnglishT\u00f5nu \u00d5nnepalu,\u00a0Hasso Krull, an anarchist winter poet. \u2013\u00a0Estonian Literary Magazine, no 25, 2007. GermanM\u00e4rt V\u00e4ljataga, Hasso Krull: Poststrukturalismus, Paragrammatismus und Programmfreiheit. \u2013 Estonia, no 2, 2001, pp 46-49.\u00a0 Reviews EnglishBook reviews\u00a0by Erik Aru, Oliver Berg, Peeter Helme and Maarja &#8230;<\/p>\n","protected":false},"author":43,"featured_media":0,"parent":1213,"menu_order":0,"comment_status":"closed","ping_status":"closed","template":"","meta":{"_acf_changed":false,"inline_featured_image":false,"footnotes":""},"class_list":["post-1787","page","type-page","status-publish","hentry"],"acf":[],"_links":{"self":[{"href":"https:\/\/sisu.ut.ee\/ewod\/wp-json\/wp\/v2\/pages\/1787","targetHints":{"allow":["GET"]}}],"collection":[{"href":"https:\/\/sisu.ut.ee\/ewod\/wp-json\/wp\/v2\/pages"}],"about":[{"href":"https:\/\/sisu.ut.ee\/ewod\/wp-json\/wp\/v2\/types\/page"}],"author":[{"embeddable":true,"href":"https:\/\/sisu.ut.ee\/ewod\/wp-json\/wp\/v2\/users\/43"}],"replies":[{"embeddable":true,"href":"https:\/\/sisu.ut.ee\/ewod\/wp-json\/wp\/v2\/comments?post=1787"}],"version-history":[{"count":1,"href":"https:\/\/sisu.ut.ee\/ewod\/wp-json\/wp\/v2\/pages\/1787\/revisions"}],"predecessor-version":[{"id":3287,"href":"https:\/\/sisu.ut.ee\/ewod\/wp-json\/wp\/v2\/pages\/1787\/revisions\/3287"}],"up":[{"embeddable":true,"href":"https:\/\/sisu.ut.ee\/ewod\/wp-json\/wp\/v2\/pages\/1213"}],"wp:attachment":[{"href":"https:\/\/sisu.ut.ee\/ewod\/wp-json\/wp\/v2\/media?parent=1787"}],"curies":[{"name":"wp","href":"https:\/\/api.w.org\/{rel}","templated":true}]}}