{"id":1748,"date":"2024-04-03T23:41:51","date_gmt":"2024-04-03T20:41:51","guid":{"rendered":"https:\/\/sisu.ut.ee\/ewod\/articlesinhungarian\/"},"modified":"2024-04-04T00:06:24","modified_gmt":"2024-04-03T21:06:24","slug":"articlesinhungarian","status":"publish","type":"page","link":"https:\/\/sisu.ut.ee\/ewod\/general\/articlesinhungarian\/","title":{"rendered":"General treatments &#8211; articles in Hungarian"},"content":{"rendered":"<p><span style=\"font-family: verdana, geneva\"><span style=\"font-family: verdana, geneva\">Jan Kaus, <strong>Az \u00e9szt k\u00f6lt\u00e9szet napjainkban \u2013 nyitotts\u00e1g \u00e9s \u00e9leter\u0151<\/strong>.\u00a0<span style=\"font-family: verdana, geneva\">Pluralica, no 1-2, 2009,\u00a0<\/span>pp 312-323. [Article about contemporary poetry.\u00a0<span>See\u00a0<\/span><a href=\"https:\/\/sisu.ut.ee\/ewod\/anthologies\/pluralica\"><strong>contents<\/strong><\/a><span>\u00a0of the special issue of contemporary Estonian literature.<\/span><span>]<\/span><\/span><br><span style=\"font-family: verdana, geneva\">Priit Kruus, <strong>A csoportokba szervez\u0151d\u00e9s hull\u00e1ma: az \u00e9szt irodalom \u00faj arculat\u00e1nak megalkot\u00f3i<\/strong>. <span style=\"font-family: verdana, geneva\">Pluralica, no 1-2, 2009, pp 302-311.\u00a0<\/span>[Article about literary groups in 1990s and beyond. <span style=\"font-family: verdana, geneva\">See\u00a0<\/span><a href=\"https:\/\/sisu.ut.ee\/ewod\/anthologies\/pluralica\"><strong>contents<\/strong><\/a><span style=\"font-family: verdana, geneva\">\u00a0of the special issue of contemporary Estonian literature.<\/span>]<\/span><br>Piret Viires,\u00a0<span style=\"font-family: verdana, geneva\"><strong>\u00c1ttekintes az \u00e9szt kort\u00e1rs irodalomr\u00f3l<\/strong>. <span style=\"font-family: verdana, geneva\">Pluralica, no 1-2, 2009, pp 290-301.\u00a0<\/span>[Overview of contemporary Estonian literature. <span style=\"font-family: verdana, geneva\">See\u00a0<\/span><a href=\"https:\/\/sisu.ut.ee\/ewod\/anthologies\/pluralica\"><strong>contents<\/strong><\/a><span style=\"font-family: verdana, geneva\">\u00a0of the special issue of contemporary Estonian literature.<\/span>]<\/span><br>J\u00e1vorszky B\u00e9la,\u00a0<strong>Modern \u00e9szt irodalom<\/strong>. \u2013\u00a0\u00c9jszakai \u00fcgyelet: modern \u00e9szt elbesz\u00e9l\u00e9sek. V\u00e1logatta: J\u00e1vorszky B\u00e9la; ford\u00edtotta: Feh\u00e9rv\u00e1ri Gy\u0151z\u0151, J\u00e1vorszky B\u00e9la.\u00a0[Budapest]: Nagyvil\u00e1g, 2006, 196 pp. [Translation of \u2018Nagu kivikild hamba all\u2019. Contents:\u00a0Mint fog al\u00e1 ker\u00fclt k\u00f6darab \/ Jaan Undusk. Hatty\u00fadal \/ Karl Ristikivi. A b\u00e1csi \/ Jaan Kross. Harminc \u00e9v. A sziklasziget \/ Arvo Valton. A j\u00e1t\u00e9k malom \/ Mats Traat. A hold, mint kihuny\u00f3 nap \/ Mati Unt. A rokok\u00f3 h\u00f6lgy \/ Maimu Berg. A Heszperid\u00e1k kertje. V\u00e9letlen \/ Eeva Park. Elsa Hermann \/ Mari Saat. A Hold. A kov\u00e1cs \/ Ervin \u00d5unapuu. \u00c9jszakai \u00fcgyeler. Az \u00e9v els\u00f6 \u00e9jszak\u00e1ja \/ Andrus Kivir\u00e4hk. Modern \u00e9szt irodalom \/ J\u00e1vorszky B\u00e9la.]<br><span style=\"font-family: verdana, geneva\">J\u00e1vorszky B\u00e9la,\u00a0<strong>A XX. sz\u00e1zad m\u00e1sodik fel\u00e9nek \u00e9szt irodalma<\/strong>. \u2013\u00a0<\/span><span style=\"font-family: verdana, geneva\">Nagyvil\u00e1g: vil\u00e1girodalmi foly\u00f3irat<\/span><span style=\"font-family: verdana, geneva\">,\u00a02005, no 11. [Contents: J\u00e1vorszky B\u00e9la, \u2018A XX. sz\u00e1zad m\u00e1sodik fel\u00e9nek \u00e9szt irodalma\u2019; Karl Ristikivi, \u2018Hatty\u00fadal\u2019 (\u2018Luigelaul\u2019); Jaan Kross, \u2018A b\u00e1csi\u2019 (\u2018Onu\u2019), \u2018Szabadul\u00e1s Szib\u00e9ri\u00e1ba\u2019; Arvo Valton, \u2018A sziklasziget\u2019 (\u2018Laid\u2019); Eeva Park, \u2018A Heszperid\u00e1k kertje\u2019 (\u2018Hesperiidide aed\u2019); Andrus Kivir\u00e4hk, \u2018Az \u00e9v els\u0151 \u00e9jszak\u00e1ja\u2019 (\u2018Aasta esimene \u00f6\u00f6<\/span><span style=\"font-family: verdana, geneva\">\u2018)<\/span><span style=\"font-family: verdana, geneva\">, \u2018\u00c9jszakai \u00fcgyelet\u2019 (\u2018\u00d6\u00f6valves\u2019); Mari Saat, \u2018Menek\u00fcl\u00e9seink\u2019. Poems by Kalju Lepik, Paul-Eerik Rummo, Ene Mihkelson, Andres Ehin and Fran\u00e7ois Serpent.]<br>Bereczki G\u00e1born\u00e9 Mai Kiisk,<strong> Ut\u00f3sz\u00f3. \u2013\u00a0<\/strong>Harangok halk kondul\u00e1sa = Kellade hellus: huszadik sz\u00e1zadi \u00e9szt l\u00edra. II<span>. V\u00e1logatta, szerkesztette, az el\u0151- \u00e9s ut\u00f3sz\u00f3t \u00edrta, valamint az \u00e9letrajzi jegyzeteket k\u00e9sz\u00edtette Bereczki G\u00e1born\u00e9 Mai Kiisk.\u00a0Szombathely: [Berzsenyi Daniel Tanarkepz\u00f6 F\u00f6iskola], 2000, pp 1-8. [Text in Hungarian and Estonian. Poems by\u00a0Ellen Niit,\u00a0Jaan Kross,\u00a0Ivar Ivask,\u00a0Vladimir Beekman,\u00a0Ilona Laaman,\u00a0Arvo Valton,\u00a0Hando Runnel,\u00a0Andrus R\u00e4v\u00e4l\u00e4,\u00a0Andres Ehin,\u00a0Jaan Kaplinski,\u00a0Paul-Eerik Rummo,\u00a0Ene Mihkelson,\u00a0Viivi Luik,\u00a0Aarne Puu,\u00a0Juhan Viiding \/ J\u00fcri \u00dcdi,\u00a0Indrek Hirv,\u00a0Doris Kareva,\u00a0T\u00f5nu \u00d5nnepalu \/ Emil Tode,\u00a0Hasso Krull,\u00a0Karl Martin Sinij\u00e4rv.]<\/span><br><span style=\"font-family: verdana, geneva\">Rab Zsuzsa, <strong>Kincseskamra<\/strong>. \u2013\u00a0\u00c9szt antol\u00f3gia<span style=\"font-family: verdana, geneva\">. Szovjet irodalom, no 1, 1988. [See\u00a0<\/span><strong><a href=\"https:\/\/sisu.ut.ee\/ewod\/anthologies\/szovietcontents\">contents<\/a>\u00a0<\/strong>of the special issue<span style=\"font-family: verdana, geneva\">.]<\/span><\/span><br><span style=\"font-family: verdana, geneva\">Bereczki G\u00e1bor, <strong>Hogyan \u00e9s mi\u00e9rt lettem az \u00e9szt irodalom ford\u00edt\u00f3ja?<\/strong>. \u2013\u00a0<span style=\"font-family: verdana, geneva\">\u00c9szt antol\u00f3gia<\/span><span style=\"font-family: verdana, geneva\">. Szovjet irodalom, no 1, 1988. [See\u00a0<\/span><strong><a href=\"https:\/\/sisu.ut.ee\/ewod\/anthologies\/szovietcontents\">contents<\/a>\u00a0<\/strong><span style=\"font-family: verdana, geneva\">of the special issue<\/span><span style=\"font-family: verdana, geneva\">.]<\/span><\/span><br><span style=\"font-family: verdana, geneva\">K\u00e9pes G\u00e9za, <strong>Az \u00f6r\u00f6k fiatals\u00e1g orsz\u00e1ga<\/strong>. \u2013\u00a0<span style=\"font-family: verdana, geneva\">\u00c9szt antol\u00f3gia<\/span><span style=\"font-family: verdana, geneva\">. Szovjet irodalom, no 1, 1988. [See\u00a0<\/span><strong><a href=\"https:\/\/sisu.ut.ee\/ewod\/anthologies\/szovietcontents\">contents<\/a>\u00a0<\/strong><span style=\"font-family: verdana, geneva\">of the special issue<\/span><span style=\"font-family: verdana, geneva\">.]<br><span style=\"font-family: verdana, geneva\">P\u00e4rt Lias, <strong>A mai \u00e9szt reg\u00e9ny<\/strong>. \u2013\u00a0<span style=\"font-family: verdana, geneva\">\u00c9szt antol\u00f3gia<\/span><span style=\"font-family: verdana, geneva\">. Szovjet irodalom, no 1, 1988. [See\u00a0<\/span><strong><a href=\"https:\/\/sisu.ut.ee\/ewod\/anthologies\/szovietcontents\">contents<\/a>\u00a0<\/strong><span style=\"font-family: verdana, geneva\">of the special issue<\/span><span style=\"font-family: verdana, geneva\">.]<\/span><br><span style=\"font-family: verdana, geneva\">Domokos P\u00e9ter, <strong>Naftoli Bassel: A szovjet-\u00e9szt irodalom nemzetek k\u00f6z\u00f6tti k\u00f6z\u00f6s von\u00e1sainak probl\u00e9m\u00e1i<\/strong>. \u2013\u00a0<span style=\"font-family: verdana, geneva\">\u00c9szt antol\u00f3gia<\/span><span style=\"font-family: verdana, geneva\">. Szovjet irodalom, no 1, 1988. [See\u00a0<\/span><strong><a href=\"https:\/\/sisu.ut.ee\/ewod\/anthologies\/szovietcontents\">contents<\/a>\u00a0<\/strong><span style=\"font-family: verdana, geneva\">of the special issue<\/span><span style=\"font-family: verdana, geneva\">.]<\/span><\/span><\/span><\/span><\/span><\/span><br><\/span><\/p>\n","protected":false},"excerpt":{"rendered":"<p>Jan Kaus, Az \u00e9szt k\u00f6lt\u00e9szet napjainkban \u2013 nyitotts\u00e1g \u00e9s \u00e9leter\u0151.\u00a0Pluralica, no 1-2, 2009,\u00a0pp 312-323. [Article about contemporary poetry.\u00a0See\u00a0contents\u00a0of the special issue of contemporary Estonian literature.]Priit Kruus, A csoportokba szervez\u0151d\u00e9s hull\u00e1ma: az \u00e9szt irodalom \u00faj arculat\u00e1nak megalkot\u00f3i. Pluralica, no 1-2, 2009, &#8230;<\/p>\n","protected":false},"author":43,"featured_media":0,"parent":1485,"menu_order":0,"comment_status":"closed","ping_status":"closed","template":"","meta":{"_acf_changed":false,"inline_featured_image":false,"footnotes":""},"class_list":["post-1748","page","type-page","status-publish","hentry"],"acf":[],"_links":{"self":[{"href":"https:\/\/sisu.ut.ee\/ewod\/wp-json\/wp\/v2\/pages\/1748","targetHints":{"allow":["GET"]}}],"collection":[{"href":"https:\/\/sisu.ut.ee\/ewod\/wp-json\/wp\/v2\/pages"}],"about":[{"href":"https:\/\/sisu.ut.ee\/ewod\/wp-json\/wp\/v2\/types\/page"}],"author":[{"embeddable":true,"href":"https:\/\/sisu.ut.ee\/ewod\/wp-json\/wp\/v2\/users\/43"}],"replies":[{"embeddable":true,"href":"https:\/\/sisu.ut.ee\/ewod\/wp-json\/wp\/v2\/comments?post=1748"}],"version-history":[{"count":1,"href":"https:\/\/sisu.ut.ee\/ewod\/wp-json\/wp\/v2\/pages\/1748\/revisions"}],"predecessor-version":[{"id":3338,"href":"https:\/\/sisu.ut.ee\/ewod\/wp-json\/wp\/v2\/pages\/1748\/revisions\/3338"}],"up":[{"embeddable":true,"href":"https:\/\/sisu.ut.ee\/ewod\/wp-json\/wp\/v2\/pages\/1485"}],"wp:attachment":[{"href":"https:\/\/sisu.ut.ee\/ewod\/wp-json\/wp\/v2\/media?parent=1748"}],"curies":[{"name":"wp","href":"https:\/\/api.w.org\/{rel}","templated":true}]}}