{"id":1726,"date":"2024-04-03T23:41:49","date_gmt":"2024-04-03T20:41:49","guid":{"rendered":"https:\/\/sisu.ut.ee\/ewod\/nonfiction-et-81\/"},"modified":"2024-04-04T00:06:27","modified_gmt":"2024-04-03T21:06:27","slug":"nonfiction","status":"publish","type":"page","link":"https:\/\/sisu.ut.ee\/ewod\/k\/maarjakangro\/nonfiction\/","title":{"rendered":"Maarja Kangro &#8211; non-fiction"},"content":{"rendered":"<p><strong><span style=\"font-family: verdana, geneva;font-size: medium\">Books<\/span><\/strong><\/p>\n<p><strong><em><span style=\"font-family: verdana, geneva\">German<br><\/span><\/em><\/strong><span style=\"font-family: verdana, geneva\"><strong>Kind aus Glas<\/strong>. Translated by Cornelius Hasselblatt. Z\u00fcrich: Kommode Verlag, 2018, 208 pp. [\u2018Klaaslaps\u2019.]<\/span><span style=\"font-family: verdana, geneva\"><\/span><\/p>\n<p><strong><em><span style=\"font-family: verdana, geneva\">Latvian<\/span><\/em><\/strong><br><span style=\"font-family: verdana, geneva\">M\u0101rja Kangro, <strong>Stikla b\u0113rns<\/strong>. No igau\u0146u valodas tulkojusi Maima Gr\u012bnberga. R\u012bga: J\u0101\u0146a Rozes apg\u0101ds, 2018, 208 pp. [\u2018Klaaslaps\u2019.]<\/span><\/p>\n","protected":false},"excerpt":{"rendered":"<p>Books GermanKind aus Glas. Translated by Cornelius Hasselblatt. Z\u00fcrich: Kommode Verlag, 2018, 208 pp. [\u2018Klaaslaps\u2019.] LatvianM\u0101rja Kangro, Stikla b\u0113rns. No igau\u0146u valodas tulkojusi Maima Gr\u012bnberga. R\u012bga: J\u0101\u0146a Rozes apg\u0101ds, 2018, 208 pp. [\u2018Klaaslaps\u2019.]<\/p>\n","protected":false},"author":43,"featured_media":0,"parent":881,"menu_order":0,"comment_status":"closed","ping_status":"closed","template":"","meta":{"_acf_changed":false,"inline_featured_image":false,"footnotes":""},"class_list":["post-1726","page","type-page","status-publish","hentry"],"acf":[],"_links":{"self":[{"href":"https:\/\/sisu.ut.ee\/ewod\/wp-json\/wp\/v2\/pages\/1726","targetHints":{"allow":["GET"]}}],"collection":[{"href":"https:\/\/sisu.ut.ee\/ewod\/wp-json\/wp\/v2\/pages"}],"about":[{"href":"https:\/\/sisu.ut.ee\/ewod\/wp-json\/wp\/v2\/types\/page"}],"author":[{"embeddable":true,"href":"https:\/\/sisu.ut.ee\/ewod\/wp-json\/wp\/v2\/users\/43"}],"replies":[{"embeddable":true,"href":"https:\/\/sisu.ut.ee\/ewod\/wp-json\/wp\/v2\/comments?post=1726"}],"version-history":[{"count":1,"href":"https:\/\/sisu.ut.ee\/ewod\/wp-json\/wp\/v2\/pages\/1726\/revisions"}],"predecessor-version":[{"id":3356,"href":"https:\/\/sisu.ut.ee\/ewod\/wp-json\/wp\/v2\/pages\/1726\/revisions\/3356"}],"up":[{"embeddable":true,"href":"https:\/\/sisu.ut.ee\/ewod\/wp-json\/wp\/v2\/pages\/881"}],"wp:attachment":[{"href":"https:\/\/sisu.ut.ee\/ewod\/wp-json\/wp\/v2\/media?parent=1726"}],"curies":[{"name":"wp","href":"https:\/\/api.w.org\/{rel}","templated":true}]}}