{"id":1723,"date":"2024-04-03T23:41:49","date_gmt":"2024-04-03T20:41:49","guid":{"rendered":"https:\/\/sisu.ut.ee\/ewod\/mannis\/"},"modified":"2025-03-17T00:40:23","modified_gmt":"2025-03-16T22:40:23","slug":"mannis","status":"publish","type":"page","link":"https:\/\/sisu.ut.ee\/ewod\/m\/mannis\/","title":{"rendered":"Raimo M\u00e4nnis"},"content":{"rendered":"<p><a href=\"https:\/\/sisu.ut.ee\/ewod\/m\/mannis\/stories\"><span style=\"font-family: verdana, geneva; font-size: medium;\"><strong>Short stories<\/strong><\/span><\/a><span style=\"font-family: verdana, geneva; font-size: medium;\"> <a href=\"https:\/\/sisu.ut.ee\/wp-content\/uploads\/sites\/108\/r._mannis_kalju_suur.jpg\" target=\"_self\" rel=\"noopener\"><img decoding=\"async\" class=\"\" style=\"float: right; width: 200px; height: 284px;\" title=\"Photo: Kalju Suur\" src=\"https:\/\/sisu.ut.ee\/wp-content\/uploads\/sites\/108\/r._mannis_kalju_suur.jpg\" alt=\"Raimo M\u00e4nnis\"><\/a><\/span><\/p>\n\n\n\n<p>\u00a0<\/p>\n\n\n\n<p><span style=\"color: #000000;\"><span style=\"font-size: 13px;\"><span style=\"font-family: Verdana,Geneva,sans-serif;\"><span style=\"line-height: 150%;\">Raimo M\u00e4nnis (16 XII 1931 \u2013 1 III 2025) was a prose and children\u2019s writer.<\/span><\/span><\/span><\/span><\/p>\n\n\n\n<p class=\"western\"><span style=\"color: #000000;\"><span style=\"font-size: 13px;\"><span style=\"font-family: Verdana,Geneva,sans-serif;\"><span style=\"line-height: 150%;\">He was born in Viljandi County, went to school at Kildu, V\u00e4inj\u00e4rve, Kirivere and V\u00e4ndra and, from 1952\u20131957, studied at the Estonian Agricultural Academy, graduating from it as a mechanical engineer. He held several jobs in agriculture and technology. He was a member of the Communist Party of the Soviet Union from 1965\u20131990 and the Estonian Writers\u2019 Union from 1991 until his death.<\/span><\/span><\/span><\/span><\/p>\n\n\n\n<p class=\"western\"><span style=\"color: #000000;\"><span style=\"font-size: 13px;\"><span style=\"font-family: Verdana,Geneva,sans-serif;\"><span style=\"line-height: 150%;\">He entered literature with children\u2019s stories in 1954, after which he published the collections <i>S\u00fcnnip\u00e4evakink<\/i> (\u2018Birthday Present\u2019, 1965) and <i>Poiss ja kuu<\/i> (\u2018Boy and Moon\u2019, 1969). The youths of a post-war country school are depicted in the story <i>Kivik\u00fcla kooli poisid<\/i> (\u2018Boys of Kivik\u00fcla School\u2019, 1974) and its sequel <i>Talv ja kevad Kivik\u00fclas<\/i> (\u2018Winter and Spring at Kivik\u00fcla\u2019, 2018).<\/span><\/span><\/span><\/span><\/p>\n\n\n\n<p class=\"western\"><span style=\"color: #000000;\"><span style=\"font-size: 13px;\"><span style=\"font-family: Verdana,Geneva,sans-serif;\"><span style=\"line-height: 150%;\">M\u00e4nnis\u2019 novels <i>Vale\u00fchendused<\/i> (1983), <i>Heinatants<\/i> (\u2018Hay Dance\u2019, 1985, 3<sup>rd<\/sup> place in the novel competition of 1985), <i>Tagasi\u00e4rastaja<\/i> (\u2018Reverse Privatiser\u2019, 1997) and <i>\u00c4rap\u00f6\u00f6ramiste aasta<\/i> (\u2018Year of Turnings Away\u2019, 2006) are also centred on the problems of country life in different periods. They show his good story-telling skills and competence in the theme.<\/span><\/span><\/span><\/span><\/p>\n\n\n\n<p class=\"western\"><em><span style=\"color: #000000;\"><span style=\"font-size: 13px;\"><span style=\"font-family: Verdana,Geneva,sans-serif;\"><span style=\"line-height: 150%;\">A. K. (Translated by I. A.)<\/span><\/span><\/span><\/span><\/em><br>\u00a0<\/p>\n\n\n\n<p class=\"western\">\u00a0<\/p>\n\n\n\n<p class=\"western\"><span style=\"font-size: 16px;\"><span style=\"color: #000000;\"><span style=\"font-family: Verdana,Geneva,sans-serif;\"><span style=\"line-height: 150%;\"><b>Books in Estonian<\/b><\/span><\/span><\/span><\/span><\/p>\n\n\n\n<p class=\"western\"><span style=\"color: #000000;\"><span style=\"font-size: 13px;\"><span style=\"font-family: Verdana,Geneva,sans-serif;\"><span style=\"line-height: 150%;\"><em><b>Novels<\/b><\/em><br><strong>Vale\u00fchendused<\/strong>. Tallinn: Eesti Raamat, 1983, 142 lk.<br><strong>Heinatants<\/strong>. Tallinn: Eesti Raamat, 1985, 175 lk.<br><strong>Tagasi\u00e4rastaja<\/strong>. Tallinn: Eesti Raamat, 1997, 189 lk.<br><strong>\u00c4rap\u00f6\u00f6ramiste aasta<\/strong>. Tallinn: Maalehe Raamat, 2006, 263 lk.<\/span><\/span><\/span><\/span><\/p>\n\n\n\n<p class=\"western\"><span style=\"color: #000000;\"><span style=\"font-size: 13px;\"><span style=\"font-family: Verdana,Geneva,sans-serif;\"><span style=\"line-height: 150%;\"><em><b>Children\u2019s literature<\/b><\/em><br><strong>S\u00fcnnip\u00e4evakink<\/strong>. Tallinn: Eesti Raamat, 1965, 87 lk.<br><strong>Poiss ja kuu<\/strong>: jutustused. Tallinn: Eesti Raamat, 1969, 31 lk.<br><strong>Kivik\u00fcla kooli poisid<\/strong>: jutustused. Tallinn: Eesti Raamat, 1974, 160 lk. [2. tr\u00fckk: 1986.]<br><strong>Talv ja kevad Kivik\u00fclas<\/strong>. Tallinn: Post Factum, 2018, 163 lk.<\/span><\/span><\/span><\/span><\/p>\n\n\n\n<p>\u00a0<\/p>\n","protected":false},"excerpt":{"rendered":"<p>Short stories \u00a0 Raimo M\u00e4nnis (16 XII 1931 \u2013 1 III 2025) was a prose and children\u2019s writer. He was born in Viljandi County, went to school at Kildu, V\u00e4inj\u00e4rve, Kirivere and V\u00e4ndra and, from 1952\u20131957, studied at the Estonian &#8230;<\/p>\n","protected":false},"author":43,"featured_media":0,"parent":642,"menu_order":0,"comment_status":"closed","ping_status":"closed","template":"","meta":{"_acf_changed":false,"inline_featured_image":false,"footnotes":""},"class_list":["post-1723","page","type-page","status-publish","hentry"],"acf":[],"_links":{"self":[{"href":"https:\/\/sisu.ut.ee\/ewod\/wp-json\/wp\/v2\/pages\/1723","targetHints":{"allow":["GET"]}}],"collection":[{"href":"https:\/\/sisu.ut.ee\/ewod\/wp-json\/wp\/v2\/pages"}],"about":[{"href":"https:\/\/sisu.ut.ee\/ewod\/wp-json\/wp\/v2\/types\/page"}],"author":[{"embeddable":true,"href":"https:\/\/sisu.ut.ee\/ewod\/wp-json\/wp\/v2\/users\/43"}],"replies":[{"embeddable":true,"href":"https:\/\/sisu.ut.ee\/ewod\/wp-json\/wp\/v2\/comments?post=1723"}],"version-history":[{"count":2,"href":"https:\/\/sisu.ut.ee\/ewod\/wp-json\/wp\/v2\/pages\/1723\/revisions"}],"predecessor-version":[{"id":6767,"href":"https:\/\/sisu.ut.ee\/ewod\/wp-json\/wp\/v2\/pages\/1723\/revisions\/6767"}],"up":[{"embeddable":true,"href":"https:\/\/sisu.ut.ee\/ewod\/wp-json\/wp\/v2\/pages\/642"}],"wp:attachment":[{"href":"https:\/\/sisu.ut.ee\/ewod\/wp-json\/wp\/v2\/media?parent=1723"}],"curies":[{"name":"wp","href":"https:\/\/api.w.org\/{rel}","templated":true}]}}

Raimo Männis

<p><a href="https://sisu.ut.ee/ewod/m/mannis/stories"><span style="font-family: verdana, geneva; font-size: medium;"><strong>Short stories</strong></span></a><span style="font-family: verdana, geneva; font-size: medium;"> <a href="https://sisu.ut.ee/wp-content/uploads/sites/108/r._mannis_kalju_suur.jpg" target="_self" rel="noopener"><img decoding="async" class="" style="float: right; width: 200px; height: 284px;" title="Photo: Kalju Suur" src="https://sisu.ut.ee/wp-content/uploads/sites/108/r._mannis_kalju_suur.jpg" alt="Raimo Männis"></a></span></p>



<p> </p>



<p><span style="color: #000000;"><span style="font-size: 13px;"><span style="font-family: Verdana,Geneva,sans-serif;"><span style="line-height: 150%;">Raimo Männis (16 XII 1931 – 1 III 2025) was a prose and children’s writer.</span></span></span></span></p>



<p class="western"><span style="color: #000000;"><span style="font-size: 13px;"><span style="font-family: Verdana,Geneva,sans-serif;"><span style="line-height: 150%;">He was born in Viljandi County, went to school at Kildu, Väinjärve, Kirivere and Vändra and, from 1952–1957, studied at the Estonian Agricultural Academy, graduating from it as a mechanical engineer. He held several jobs in agriculture and technology. He was a member of the Communist Party of the Soviet Union from 1965–1990 and the Estonian Writers’ Union from 1991 until his death.</span></span></span></span></p>



<p class="western"><span style="color: #000000;"><span style="font-size: 13px;"><span style="font-family: Verdana,Geneva,sans-serif;"><span style="line-height: 150%;">He entered literature with children’s stories in 1954, after which he published the collections <i>Sünnipäevakink</i> (‘Birthday Present’, 1965) and <i>Poiss ja kuu</i> (‘Boy and Moon’, 1969). The youths of a post-war country school are depicted in the story <i>Kiviküla kooli poisid</i> (‘Boys of Kiviküla School’, 1974) and its sequel <i>Talv ja kevad Kivikülas</i> (‘Winter and Spring at Kiviküla’, 2018).</span></span></span></span></p>



<p class="western"><span style="color: #000000;"><span style="font-size: 13px;"><span style="font-family: Verdana,Geneva,sans-serif;"><span style="line-height: 150%;">Männis’ novels <i>Valeühendused</i> (1983), <i>Heinatants</i> (‘Hay Dance’, 1985, 3<sup>rd</sup> place in the novel competition of 1985), <i>Tagasiärastaja</i> (‘Reverse Privatiser’, 1997) and <i>Ärapööramiste aasta</i> (‘Year of Turnings Away’, 2006) are also centred on the problems of country life in different periods. They show his good story-telling skills and competence in the theme.</span></span></span></span></p>



<p class="western"><em><span style="color: #000000;"><span style="font-size: 13px;"><span style="font-family: Verdana,Geneva,sans-serif;"><span style="line-height: 150%;">A. K. (Translated by I. A.)</span></span></span></span></em><br> </p>



<p class="western"> </p>



<p class="western"><span style="font-size: 16px;"><span style="color: #000000;"><span style="font-family: Verdana,Geneva,sans-serif;"><span style="line-height: 150%;"><b>Books in Estonian</b></span></span></span></span></p>



<p class="western"><span style="color: #000000;"><span style="font-size: 13px;"><span style="font-family: Verdana,Geneva,sans-serif;"><span style="line-height: 150%;"><em><b>Novels</b></em><br><strong>Valeühendused</strong>. Tallinn: Eesti Raamat, 1983, 142 lk.<br><strong>Heinatants</strong>. Tallinn: Eesti Raamat, 1985, 175 lk.<br><strong>Tagasiärastaja</strong>. Tallinn: Eesti Raamat, 1997, 189 lk.<br><strong>Ärapööramiste aasta</strong>. Tallinn: Maalehe Raamat, 2006, 263 lk.</span></span></span></span></p>



<p class="western"><span style="color: #000000;"><span style="font-size: 13px;"><span style="font-family: Verdana,Geneva,sans-serif;"><span style="line-height: 150%;"><em><b>Children’s literature</b></em><br><strong>Sünnipäevakink</strong>. Tallinn: Eesti Raamat, 1965, 87 lk.<br><strong>Poiss ja kuu</strong>: jutustused. Tallinn: Eesti Raamat, 1969, 31 lk.<br><strong>Kiviküla kooli poisid</strong>: jutustused. Tallinn: Eesti Raamat, 1974, 160 lk. [2. trükk: 1986.]<br><strong>Talv ja kevad Kivikülas</strong>. Tallinn: Post Factum, 2018, 163 lk.</span></span></span></span></p>



<p> </p>

<p>Short stories   Raimo Männis (16 XII 1931 – 1 III 2025) was a prose and children’s writer. He was born in Viljandi County, went to school at Kildu, Väinjärve, Kirivere and Vändra and, from 1952–1957, studied at the Estonian &#8230;</p>
