{"id":1698,"date":"2024-04-03T23:41:46","date_gmt":"2024-04-03T20:41:46","guid":{"rendered":"https:\/\/sisu.ut.ee\/ewod\/about-et-212\/"},"modified":"2024-04-04T00:06:31","modified_gmt":"2024-04-03T21:06:31","slug":"about","status":"publish","type":"page","link":"https:\/\/sisu.ut.ee\/ewod\/t\/tarand\/about\/","title":{"rendered":"Helmut Tarand &#8211; about"},"content":{"rendered":"<p>\n\t<span style=\"font-family:Verdana,Geneva,sans-serif\"><strong><span style=\"font-size: medium\">Reviews<\/span><\/strong><\/span>\n<\/p>\n<p>\n\t<span style=\"font-family:Verdana,Geneva,sans-serif\"><em><strong>English<\/strong><\/em><br>Ilmar Mikiver,\u00a0<strong><cite>Epitaaf<\/cite>\u00a0by Helmut Tarand<\/strong>. \u2013 World Literature Today, vol 65, no 2, 1991, p 332.<br>Juta k\u00f5vamees Kitching,\u00a0<strong><cite>Vorkuta v\u00e4rsse<\/cite>\u00a0by Annus R\u00e4v\u00e4l\u00e4<\/strong>. \u2013 World Literature Today, vol 57, no 1, 1983, p 138.<\/span>\n<\/p>\n<p>\n\t<span style=\"font-family:Verdana,Geneva,sans-serif\"><strong><em>German<\/em><\/strong><br>Cornelius Hasselblatt, <strong>Dichtung in der Not<\/strong>. \u2013 Estonia, vol 6, no 3-4, 1990, pp 157-159. [About the poetry collection \u2018Epitaaf\u2019, Tallinn, 1990.]<\/span><\/p>\n","protected":false},"excerpt":{"rendered":"<p>Reviews EnglishIlmar Mikiver,\u00a0Epitaaf\u00a0by Helmut Tarand. \u2013 World Literature Today, vol 65, no 2, 1991, p 332.Juta k\u00f5vamees Kitching,\u00a0Vorkuta v\u00e4rsse\u00a0by Annus R\u00e4v\u00e4l\u00e4. \u2013 World Literature Today, vol 57, no 1, 1983, p 138. GermanCornelius Hasselblatt, Dichtung in der Not. \u2013 Estonia, &#8230;<\/p>\n","protected":false},"author":43,"featured_media":0,"parent":1689,"menu_order":0,"comment_status":"closed","ping_status":"closed","template":"","meta":{"_acf_changed":false,"inline_featured_image":false,"footnotes":""},"class_list":["post-1698","page","type-page","status-publish","hentry"],"acf":[],"_links":{"self":[{"href":"https:\/\/sisu.ut.ee\/ewod\/wp-json\/wp\/v2\/pages\/1698","targetHints":{"allow":["GET"]}}],"collection":[{"href":"https:\/\/sisu.ut.ee\/ewod\/wp-json\/wp\/v2\/pages"}],"about":[{"href":"https:\/\/sisu.ut.ee\/ewod\/wp-json\/wp\/v2\/types\/page"}],"author":[{"embeddable":true,"href":"https:\/\/sisu.ut.ee\/ewod\/wp-json\/wp\/v2\/users\/43"}],"replies":[{"embeddable":true,"href":"https:\/\/sisu.ut.ee\/ewod\/wp-json\/wp\/v2\/comments?post=1698"}],"version-history":[{"count":1,"href":"https:\/\/sisu.ut.ee\/ewod\/wp-json\/wp\/v2\/pages\/1698\/revisions"}],"predecessor-version":[{"id":3382,"href":"https:\/\/sisu.ut.ee\/ewod\/wp-json\/wp\/v2\/pages\/1698\/revisions\/3382"}],"up":[{"embeddable":true,"href":"https:\/\/sisu.ut.ee\/ewod\/wp-json\/wp\/v2\/pages\/1689"}],"wp:attachment":[{"href":"https:\/\/sisu.ut.ee\/ewod\/wp-json\/wp\/v2\/media?parent=1698"}],"curies":[{"name":"wp","href":"https:\/\/api.w.org\/{rel}","templated":true}]}}